000
CXUS51 KALY 011658
CLSDDH

CLIMATE REPORT
NATIONAL WEATHER SERVICE ALBANY NY
1137 AM EST FRI MAR 1 2013

...................................

...THE BENNINGTON VT CLIMATE SUMMARY FOR THE SEASON, FROM
12/1/2012 TO 2/28/2013...

CLIMATE NORMAL PERIOD 1981 TO 2010
CLIMATE RECORD PERIOD 9999 TO 9999

WEATHER         OBSERVED          NORMAL  DEPART
                 VALUE   DATE(S)  VALUE   FROM
                                          NORMAL
................................................
TEMPERATURE (F)
HIGHEST            62   01/30
LOWEST            -14   01/03
AVG. MAXIMUM     36.2              33.7     2.5
AVG. MINIMUM     19.1              15.5     3.6
MEAN             27.6              24.6     3.0
DAYS MAX >= 90      0               0.0     0.0
DAYS MAX <= 32     31              40.1    -9.1
DAYS MIN <= 32     79              83.0    -4.0
DAYS MIN <= 0       7              10.2    -3.2

PRECIPITATION (INCHES)
TOTALS           5.51              7.78   -2.27
DAILY AVG.       0.06              0.09   -0.03
DAYS >= .01        40
DAYS >= .10        22
DAYS >= .50         1
DAYS >= 1.00        0

DEGREE_DAYS
HEATING TOTAL    3332              3638    -306
 SINCE 7/1       4784              5251    -467
COOLING TOTAL       0                 0       0
 SINCE 1/1          0                 0       0
.................................................

WIND (MPH)
AVERAGE WIND SPEED              5.4
HIGHEST WIND SPEED/DIRECTION    36/190    DATE  01/30
HIGHEST GUST SPEED/DIRECTION    99/210    DATE  01/01


WEATHER CONDITIONS. NUMBER OF DAYS WITH
THUNDERSTORM              0     MIXED PRECIP               0
HEAVY RAIN                0     RAIN                       6
LIGHT RAIN               23     FREEZING RAIN              0
LT FREEZING RAIN          2     HAIL                       0
HEAVY SNOW                1     SNOW                       8
LIGHT SNOW               43     SLEET                      0
FOG                      48     FOG W/VIS <= 1/4 MILE      9
HAZE                     35

-  INDICATES NEGATIVE NUMBERS.
R  INDICATES RECORD WAS SET OR TIED.
MM INDICATES DATA IS MISSING.
T  INDICATES TRACE AMOUNT.

$$
