000
CXUS51 KALY 051642
CLSDDH
CLIMATE REPORT
NATIONAL WEATHER SERVICE ALBANY NY
1142 AM EST SUN MAR 05 2023
...................................
...THE BENNINGTON VT CLIMATE SUMMARY FOR THE SEASON, FROM
12/1/2022 TO 2/28/2023...
CLIMATE NORMAL PERIOD: 1991 TO 2020
CLIMATE RECORD PERIOD: 9999 TO 9999
WEATHER OBSERVED NORMAL DEPART LAST YEAR`S
VALUE DATE(S) VALUE FROM VALUE DATE(S)
NORMAL
................................................................
TEMPERATURE (F)
HIGHEST 62 02/15 63 12/11
12/16
12/17
LOWEST -19 02/04 -12 01/30
AVG. MAXIMUM 39.5 34.9 4.6 36.3
AVG. MINIMUM 21.5 16.0 5.5 16.5
MEAN 30.5 25.5 5.0 26.4
DAYS MAX >= 90 0 0.0 0.0 0
DAYS MAX <= 32 18 39.4 -21.4 38
DAYS MIN <= 32 78 81.5 -3.5 81
DAYS MIN <= 0 2 10.3 -8.3 13
PRECIPITATION (INCHES)
TOTALS MM 7.21 MM 7.65
DAILY AVG. MM 0.09
DAYS >= .01 MM 37
DAYS >= .10 MM 18
DAYS >= .50 MM 5
DAYS >= 1.00 MM 1
GREATEST
24 HR. TOTAL MM
DEGREE DAYS
HEATING TOTAL 3081 3554 -473 3414
SINCE 7/1 4385 5079 -694 4738
COOLING TOTAL 0 0 0 0
SINCE 1/1 0 0 0 0
................................................................
WIND (MPH)
AVERAGE WIND SPEED 5.4
HIGHEST WIND SPEED/DIRECTION 37/150 DATE 01/25
HIGHEST GUST SPEED/DIRECTION 47/280 DATE 02/03
WEATHER CONDITIONS. NUMBER OF DAYS WITH
THUNDERSTORM 1 MIXED PRECIP 0
HEAVY RAIN 0 RAIN 7
LIGHT RAIN 29 FREEZING RAIN 0
LT FREEZING RAIN 1 HAIL 0
HEAVY SNOW 4 SNOW 8
LIGHT SNOW 31 SLEET 0
FOG 0 FOG W/VIS <= 1/4 MILE 0
HAZE 30
- INDICATES NEGATIVE NUMBERS.
R INDICATES RECORD WAS SET OR TIED.
MM INDICATES DATA IS MISSING.
T INDICATES TRACE AMOUNT.
$$