000
CXUS53 KARX 080948
CF6DEH
PRELIMINARY LOCAL CLIMATOLOGICAL DATA (WS FORM: F-6)
STATION: DECORAH IA
MONTH: NOVEMBER
YEAR: 2020
LATITUDE: 43 16 N
LONGITUDE: 91 44 W
TEMPERATURE IN F: :PCPN: SNOW: WIND :SUNSHINE: SKY :PK WND
================================================================================
1 2 3 4 5 6A 6B 7 8 9 10 11 12 13 14 15 16 17 18
12Z AVG MX 2MIN
DY MAX MIN AVG DEP HDD CDD WTR SNW DPTH SPD SPD DIR MIN PSBL S-S WX SPD DR
================================================================================
1 37 25 31 M 34 0 0.00 0.0 0 12.5 23 310 M M 3 39 320
2 54 23 39 M 26 0 0.00 0.0 0 6.1 13 220 M M 0 20 220
3 73 39 56 M 9 0 0.00 0.0 0 6.7 13 220 M M 0 20 220
4 68 48 58 M 7 0 0.00 0.0 0 6.6 12 220 M M 0 8 18 220
5 72 46 59 M 6 0 0.00 0.0 0 3.2 6 310 M M 0 12 99
6 72 46 59 M 6 0 0.00 0.0 0 8.2 15 200 M M 0 23 200
7 70 55 63 M 2 0 0.00 0.0 0 11.9 17 200 M M 0 28 200
8 72 55 64 M 1 0 0.00 0.0 0 12.7 17 180 M M 2 29 170
9 72 41 57 M 8 0 0.19 0.0 0 12.8 22 190 M M 8 33 200
10 41 28 35 M 30 0 0.77 M 0 9.5 17 250 M M 10 1 32 250
11 43 25 34 M 31 0 0.00 0.0 0 7.1 12 220 M M 2 21 250
12 48 23 36 M 29 0 M M 0 7.2 15 320 M M 3 23 320
13 36 16 26 M 39 0 0.00 0.0 0 6.9 13 170 M M 0 22 320
14 48 27 38 M 27 0 0.03 0.0 0 11.6 16 150 M M 7 1 24 150
15 48 27 38 M 27 0 T T 0 12.2 18 300 M M 7 1 37 300
16 46 23 35 M 30 0 0.00 0.0 0 8.7 27 330 M M 3 36 330
17 37 23 30 M 35 0 0.00 0.0 0 5.9 8 170 M M 3 12 220
18 52 30 41 M 24 0 0.00 0.0 0 14.4 18 180 M M 1 31 170
19 64 46 55 M 10 0 0.00 0.0 0 9.4 18 220 M M 1 31 210
20 46 30 38 M 27 0 0.00 0.0 0 6.9 12 320 M M 0 18 300
21 41 21 31 M 34 0 0.00 0.0 0 1.8 8 330 M M 0 1 M M
22 45 23 34 M 31 0 0.00 0.0 0 4.7 10 210 M M 7 18 310
23 37 25 31 M 34 0 0.00 0.0 0 3.8 13 310 M M 4 16 320
24 36 32 34 M 31 0 M M M 7.0 15 140 M M 10 12 23 140
25 36 34 35 M 30 0 0.00 0.0 0 6.0 10 10 M M 10 12 15 350
26 37 32 35 M 30 0 0.00 0.0 0 5.7 12 210 M M 10 1 18 210
27 37 27 32 M 33 0 0.00 0.0 0 5.4 10 310 M M 2 1 21 310
28 52 28 40 M 25 0 0.00 0.0 0 5.4 9 200 M M 0 15 210
29 39 27 33 M 32 0 0.00 0.0 0 13.3 24 340 M M 4 36 340
30 30 18 24 M 41 0 0.00 0.0 0 11.2 20 340 M M 3 27 340
================================================================================
SM 1489 943 729 0 0.99 T 244.8 M 100
================================================================================
AV 49.6 31.4 8.2 FASTST M M 3 MAX(MPH)
MISC ----> 27 330 39 320
================================================================================
NOTES:
# LAST OF SEVERAL OCCURRENCES
COLUMN 17 PEAK WIND IN M.P.H.
PRELIMINARY LOCAL CLIMATOLOGICAL DATA (WS FORM: F-6) , PAGE 2
STATION: DECORAH IA
MONTH: NOVEMBER
YEAR: 2020
LATITUDE: 43 16 N
LONGITUDE: 91 44 W
[TEMPERATURE DATA] [PRECIPITATION DATA] SYMBOLS USED IN COLUMN 16
AVERAGE MONTHLY: 40.5 TOTAL FOR MONTH: 0.99 1 = FOG OR MIST
DPTR FM NORMAL: 0.0 DPTR FM NORMAL: M 2 = FOG REDUCING VISIBILITY
HIGHEST: 73 ON 3 GRTST 24HR 0.77 ON 10-10 TO 1/4 MILE OR LESS
LOWEST: 16 ON 13 3 = THUNDER
SNOW, ICE PELLETS, HAIL 4 = ICE PELLETS
TOTAL MONTH: T 5 = HAIL
GRTST 24HR T ON 15-15 6 = FREEZING RAIN OR DRIZZLE
GRTST DEPTH: 0 7 = DUSTSTORM OR SANDSTORM:
VSBY 1/2 MILE OR LESS
8 = SMOKE OR HAZE
[NO. OF DAYS WITH] [WEATHER - DAYS WITH] 9 = BLOWING SNOW
X = TORNADO
MAX 32 OR BELOW: 1 0.01 INCH OR MORE: 3
MAX 90 OR ABOVE: 0 0.10 INCH OR MORE: 2
MIN 32 OR BELOW: 21 0.50 INCH OR MORE: 1
MIN 0 OR BELOW: 0 1.00 INCH OR MORE: 0
[HDD (BASE 65) ]
TOTAL THIS MO. 729 CLEAR (SCALE 0-3) 19
DPTR FM NORMAL M PTCLDY (SCALE 4-7) 6
TOTAL FM JUL 1 1560 CLOUDY (SCALE 8-10) 5
DPTR FM NORMAL M
[CDD (BASE 65) ]
TOTAL THIS MO. 0
DPTR FM NORMAL M [PRESSURE DATA]
TOTAL FM JAN 1 676 HIGHEST SLP M ON M
DPTR FM NORMAL M LOWEST SLP M ON M
[REMARKS]
#FINAL-11-20#