516
CXUS53 KARX 010930
CF6DEH
PRELIMINARY LOCAL CLIMATOLOGICAL DATA (WS FORM: F-6)
STATION: DECORAH IA
MONTH: APRIL
YEAR: 2020
LATITUDE: 43 16 N
LONGITUDE: 91 44 W
TEMPERATURE IN F: :PCPN: SNOW: WIND :SUNSHINE: SKY :PK WND
================================================================================
1 2 3 4 5 6A 6B 7 8 9 10 11 12 13 14 15 16 17 18
12Z AVG MX 2MIN
DY MAX MIN AVG DEP HDD CDD WTR SNW DPTH SPD SPD DIR MIN PSBL S-S WX SPD DR
================================================================================
1 52 30 41 M 24 0 0.00 0.0 0 7.5 14 180 M M 4 21 140
2 63 41 52 M 13 0 0.00 0.0 0 11.6 14 150 M M 5 31 140
3 52 28 40 M 25 0 0.22 M M 10.1 18 330 M M 9 27 340
4 45 25 35 M 30 0 0.00 M M 8.4 18 350 M M 4 20 350
5 57 27 42 M 23 0 0.00 0.0 0 4.8 10 150 M M 1 15 99
6 50 41 46 M 19 0 0.00 0.0 0 7.5 12 130 M M 9 1 15 140
7 70 48 59 M 6 0 0.00 0.0 0 6.9 12 330 M M 5 12 22 300
8 54 39 47 M 18 0 M M 0 5.5 16 300 M M 4 12 29 300
9 41 30 36 M 29 0 M M 0 14.5 28 320 M M 3 38 320
10 46 27 37 M 28 0 0.00 0.0 0 6.0 13 330 M M 2 21 310
11 59 37 48 M 17 0 0.22 0.0 0 7.2 12 150 M M 6 1 18 150
12 46 30 38 M 27 0 M M M 12.1 25 340 M M 9 1 40 340
13 36 25 31 M 34 0 M M M 13.8 25 330 M M 3 33 330
14 30 23 27 M 38 0 M M M 7.1 15 250 M M 3 30 250
15 32 18 25 M 40 0 0.00 0.0 M 5.8 15 320 M M 2 23 310
16 41 21 31 M 34 0 0.00 0.0 0 4.1 12 340 M M 2 17 99
17 46 30 38 M 27 0 0.00 0.0 0 5.1 13 310 M M 5 24 310
18 66 34 50 M 15 0 0.00 0.0 0 10.5 18 200 M M 2 33 200
19 52 36 44 M 21 0 0.00 0.0 0 8.9 17 330 M M 1 24 340
20 63 32 48 M 17 0 M 0.0 0 10.1 21 320 M M 2 35 320
21 50 30 40 M 25 0 0.00 0.0 0 9.4 16 310 M M 3 25 330
22 75 41 58 M 7 0 0.09 0.0 0 9.4 17 210 M M 4 22 250
23 59 41 50 M 15 0 0.00 0.0 0 6.2 9 80 M M 6 12 14 40
24 57 41 49 M 16 0 0.01 0.0 0 6.0 10 90 M M 5 1 13 80
25 64 39 52 M 13 0 0.00 0.0 0 4.7 12 80 M M 1 1 16 40
26 68 37 53 M 12 0 0.00 0.0 0 4.6 12 210 M M 3 16 210
27 73 52 63 M 2 0 0.00 0.0 0 8.3 17 190 M M 4 27 190
28 68 48 58 M 7 0 0.06 M 0 10.4 21 330 M M 6 30 320
29 59 45 52 M 13 0 0.00 0.0 0 17.1 22 10 M M 7 1 38 360
30 66 41 54 M 11 0 0.00 0.0 0 9.8 18 340 M M 0 29 340
================================================================================
SM 1640 1037 606 0 0.60 0.0 253.4 M 120
================================================================================
AV 54.7 34.6 8.4 FASTST M M 4 MAX(MPH)
MISC ----> # 28 320 # 40 340
================================================================================
NOTES:
# LAST OF SEVERAL OCCURRENCES
COLUMN 17 PEAK WIND IN M.P.H.
PRELIMINARY LOCAL CLIMATOLOGICAL DATA (WS FORM: F-6) , PAGE 2
STATION: DECORAH IA
MONTH: APRIL
YEAR: 2020
LATITUDE: 43 16 N
LONGITUDE: 91 44 W
[TEMPERATURE DATA] [PRECIPITATION DATA] SYMBOLS USED IN COLUMN 16
AVERAGE MONTHLY: 44.6 TOTAL FOR MONTH: 0.60 1 = FOG OR MIST
DPTR FM NORMAL: M DPTR FM NORMAL: M 2 = FOG REDUCING VISIBILITY
HIGHEST: 75 ON 22 GRTST 24HR 0.22 ON 11-11 TO 1/4 MILE OR LESS
LOWEST: 18 ON 15 3 = THUNDER
SNOW, ICE PELLETS, HAIL 4 = ICE PELLETS
TOTAL MONTH: 0.0 INCH 5 = HAIL
GRTST 24HR 0.0 6 = FREEZING RAIN OR DRIZZLE
GRTST DEPTH: 0 7 = DUSTSTORM OR SANDSTORM:
VSBY 1/2 MILE OR LESS
8 = SMOKE OR HAZE
[NO. OF DAYS WITH] [WEATHER - DAYS WITH] 9 = BLOWING SNOW
X = TORNADO
MAX 32 OR BELOW: 2 0.01 INCH OR MORE: 5
MAX 90 OR ABOVE: 0 0.10 INCH OR MORE: 2
MIN 32 OR BELOW: 14 0.50 INCH OR MORE: 0
MIN 0 OR BELOW: 0 1.00 INCH OR MORE: 0
[HDD (BASE 65) ]
TOTAL THIS MO. 606 CLEAR (SCALE 0-3) 12
DPTR FM NORMAL M PTCLDY (SCALE 4-7) 15
TOTAL FM JUL 1 6919 CLOUDY (SCALE 8-10) 3
DPTR FM NORMAL M
[CDD (BASE 65) ]
TOTAL THIS MO. 0
DPTR FM NORMAL M [PRESSURE DATA]
TOTAL FM JAN 1 0 HIGHEST SLP M ON M
DPTR FM NORMAL M LOWEST SLP M ON M
[REMARKS]
#FINAL-04-20#