000
CDUS45 KBOU 010757
CLIDEN


CLIMATE REPORT
NATIONAL WEATHER SERVICE DENVER/BOULDER CO
156 AM MDT FRI JUL 1 2016


...................................

...THE DENVER CO CLIMATE SUMMARY FOR JUNE 30 2016...

CLIMATE NORMAL PERIOD 1981 TO 2010
CLIMATE RECORD PERIOD 1872 TO 2016


WEATHER ITEM   OBSERVED TIME   RECORD YEAR NORMAL DEPARTURE LAST
                VALUE   (LST)  VALUE       VALUE  FROM      YEAR
                                                  NORMAL
..................................................................
TEMPERATURE (F)
 YESTERDAY
  MAXIMUM         82    245 PM 102    1990  87     -5       94
  MINIMUM         57    451 AM  40    1968  56      1       63
  AVERAGE         70                        72     -2       79

PRECIPITATION (IN)
  YESTERDAY        T             0.55 1945   0.06  -0.06      T
  MONTH TO DATE    1.62                      1.98  -0.36     2.53
  SINCE JUN 1      1.62                      1.98  -0.36     2.53
  SINCE JAN 1      8.72                      7.51   1.21    11.36

SNOWFALL (IN)
  YESTERDAY        0.0
  MONTH TO DATE      0
  SINCE JUN 1        0
  SINCE JUL 1     72.8
  SNOW DEPTH       0


DEGREE DAYS
 HEATING
  YESTERDAY        0                         1     -1        0
  MONTH TO DATE    4                        63    -59       11
  SINCE JUN 1      4                        62    -58       11
  SINCE JUL 1   5560                      6058   -498     5583

 COOLING
  YESTERDAY        5                         7     -2       14
  MONTH TO DATE  185                       133     52      154
  SINCE JUN 1    185                       133     52      154
  SINCE JAN 1    188                       155     33      158
..................................................................


WIND (MPH)
  HIGHEST WIND SPEED    26   HIGHEST WIND DIRECTION     N (20)
  HIGHEST GUST SPEED    33   HIGHEST GUST DIRECTION     N (350)
  AVERAGE WIND SPEED     8.1


SKY COVER **
  POSSIBLE SUNSHINE  MM
  AVERAGE SKY COVER 0.8


WEATHER CONDITIONS
 THE FOLLOWING WEATHER WAS RECORDED YESTERDAY.
  LIGHT RAIN


RELATIVE HUMIDITY (PERCENT)
 HIGHEST    87           900 PM
 LOWEST     36           300 PM
 AVERAGE    62

..........................................................


THE DENVER CO CLIMATE NORMALS FOR TODAY
                         NORMAL    RECORD    YEAR
 MAXIMUM TEMPERATURE (F)   87       102      1990
 MINIMUM TEMPERATURE (F)   57        46      1995
                                             1908


SUNRISE AND SUNSET
JULY  1 2016..........SUNRISE   534 AM MDT   SUNSET   831 PM MDT
JULY  2 2016..........SUNRISE   534 AM MDT   SUNSET   831 PM MDT


-  INDICATES NEGATIVE NUMBERS.
R  INDICATES RECORD WAS SET OR TIED.
MM INDICATES DATA IS MISSING.
T  INDICATES TRACE AMOUNT.

&&

** SUNSHINE DATA WILL NO LONGER BE AVAILABLE EFFECTIVE OCTOBER 1ST 2009.




$$
