901
CDUS45 KBOU 181227
CLIDEN


CLIMATE REPORT
NATIONAL WEATHER SERVICE DENVER/BOULDER CO
627 AM MDT WED OCT 18 2017


...................................

...THE DENVER CO CLIMATE SUMMARY FOR OCTOBER 18 2017...
VALID AS OF 0600 AM LOCAL TIME.

CLIMATE NORMAL PERIOD 1981 TO 2010
CLIMATE RECORD PERIOD 1872 TO 2017


WEATHER ITEM   OBSERVED TIME   RECORD YEAR NORMAL DEPARTURE LAST
                VALUE   (LST)  VALUE       VALUE  FROM      YEAR
                                                  NORMAL
..................................................................
TEMPERATURE (F)
 TODAY
  MAXIMUM         58    459 AM  84    2009  64     -6       65
                                      2003
                                      1958
  MINIMUM         48   1223 AM  19    1916  36     12       33
  AVERAGE         53                        50      3       49

PRECIPITATION (IN)
  TODAY            0.00          1.58 1960   0.03  -0.03     0.00
  MONTH TO DATE    0.94                      0.64   0.30     0.26
  SINCE SEP 1      2.20                      1.60   0.60     0.54
  SINCE JAN 1     11.17                     12.96  -1.79    10.55

..................................................................


WIND (MPH)
  HIGHEST WIND SPEED    17   HIGHEST WIND DIRECTION    SW (210)
  HIGHEST GUST SPEED    20   HIGHEST GUST DIRECTION    SW (220)
  AVERAGE WIND SPEED    13.0




RELATIVE HUMIDITY (PERCENT)
 HIGHEST    24          1200 AM
 LOWEST     20           100 AM
 AVERAGE    22

..........................................................


THE DENVER CO CLIMATE NORMALS FOR TOMORROW
                         NORMAL    RECORD    YEAR
 MAXIMUM TEMPERATURE (F)   64        86      2003
 MINIMUM TEMPERATURE (F)   36        18      1916


SUNRISE AND SUNSET
OCTOBER 18 2017.......SUNRISE   713 AM MDT   SUNSET   615 PM MDT
OCTOBER 19 2017.......SUNRISE   714 AM MDT   SUNSET   613 PM MDT


-  INDICATES NEGATIVE NUMBERS.
R  INDICATES RECORD WAS SET OR TIED.
MM INDICATES DATA IS MISSING.
T  INDICATES TRACE AMOUNT.




$$
