000
CDUS45 KBOU 250756
CLIDEN


CLIMATE REPORT
NATIONAL WEATHER SERVICE DENVER/BOULDER CO
156 AM MDT SUN JUN 25 2017


...................................

...THE DENVER CO CLIMATE SUMMARY FOR JUNE 24 2017...

CLIMATE NORMAL PERIOD 1981 TO 2010
CLIMATE RECORD PERIOD 1872 TO 2017


WEATHER ITEM   OBSERVED TIME   RECORD YEAR NORMAL DEPARTURE LAST
                VALUE   (LST)  VALUE       VALUE  FROM      YEAR
                                                  NORMAL
..................................................................
TEMPERATURE (F)
 YESTERDAY
  MAXIMUM         79    321 PM 102    2012  85     -6       92
  MINIMUM         45    227 AM  42    1906  55    -10       58
  AVERAGE         62                        70     -8       75

PRECIPITATION (IN)
  YESTERDAY        0.00          0.26 1968   0.06  -0.06      T
  MONTH TO DATE    0.12                      1.62  -1.50     1.61
  SINCE JUN 1      0.12                      1.62  -1.50     1.61
  SINCE JAN 1      6.43                      7.15  -0.72     8.71

SNOWFALL (IN)
  YESTERDAY        0.0
  MONTH TO DATE      0
  SINCE JUN 1        0
  SINCE JUL 1     21.8
  SNOW DEPTH       0


DEGREE DAYS
 HEATING
  YESTERDAY        3                         1      2        0
  MONTH TO DATE   20                        57    -37        4
  SINCE JUN 1     20                        57    -37        4
  SINCE JUL 1   5104                      6053   -949     5560

 COOLING
  YESTERDAY        0                         6     -6       10
  MONTH TO DATE  135                        91     44      135
  SINCE JUN 1    135                        91     44      135
  SINCE JAN 1    141                       113     28      138
..................................................................


WIND (MPH)
  HIGHEST WIND SPEED    23   HIGHEST WIND DIRECTION     E (80)
  HIGHEST GUST SPEED    26   HIGHEST GUST DIRECTION     E (80)
  AVERAGE WIND SPEED    11.0


SKY COVER **
  POSSIBLE SUNSHINE  MM
  AVERAGE SKY COVER 0.7


WEATHER CONDITIONS
 THE FOLLOWING WEATHER WAS RECORDED YESTERDAY.
  NO SIGNIFICANT WEATHER WAS OBSERVED.


RELATIVE HUMIDITY (PERCENT)
 HIGHEST    89           400 AM
 LOWEST     33           300 PM
 AVERAGE    61

..........................................................


THE DENVER CO CLIMATE NORMALS FOR TODAY
                         NORMAL    RECORD    YEAR
 MAXIMUM TEMPERATURE (F)   86       105      2012
 MINIMUM TEMPERATURE (F)   55        42      1958


SUNRISE AND SUNSET
JUNE 25 2017..........SUNRISE   532 AM MDT   SUNSET   831 PM MDT
JUNE 26 2017..........SUNRISE   532 AM MDT   SUNSET   831 PM MDT


-  INDICATES NEGATIVE NUMBERS.
R  INDICATES RECORD WAS SET OR TIED.
MM INDICATES DATA IS MISSING.
T  INDICATES TRACE AMOUNT.

&&

** SUNSHINE DATA WILL NO LONGER BE AVAILABLE EFFECTIVE OCTOBER 1ST 2009.




$$
