000
CDUS45 KBOU 312232
CLIDEN


CLIMATE REPORT
NATIONAL WEATHER SERVICE DENVER CO
431 PM MDT FRI JUL 31 2015


...................................

...THE DENVER CO CLIMATE SUMMARY FOR JULY 31 2015...
VALID TODAY AS OF 0400 PM LOCAL TIME.

CLIMATE NORMAL PERIOD 1981 TO 2010
CLIMATE RECORD PERIOD 1872 TO 2015


WEATHER ITEM   OBSERVED TIME   RECORD YEAR NORMAL DEPARTURE LAST
                VALUE   (LST)  VALUE       VALUE  FROM      YEAR
                                                  NORMAL
..................................................................
TEMPERATURE (F)
 TODAY
  MAXIMUM         91    233 PM 100    1889  90      1       78
  MINIMUM         61    513 AM  42    1873  60      1       58
  AVERAGE         76                        75      1       68

PRECIPITATION (IN)
  TODAY            0.00          2.59 1919   0.08  -0.08      T
  MONTH TO DATE    1.06                      2.16  -1.10     3.85
  SINCE JUN 1      3.59                      4.14  -0.55     5.67
  SINCE JAN 1     12.42                      9.67   2.75    12.38

DEGREE DAYS
 HEATING
  TODAY            0                         0      0        0
  MONTH TO DATE    5                         1      4        5
  SINCE JUN 1     16                        68    -52       35
  SINCE JUL 1      5                         6     -1        5

 COOLING
  TODAY           11                        10      1        3
  MONTH TO DATE  251                       289    -38      304
  SINCE JUN 1    405                       422    -17      410
  SINCE JAN 1    409                       444    -35      431
..................................................................


WIND (MPH)
  HIGHEST WIND SPEED    17   HIGHEST WIND DIRECTION    SE (130)
  HIGHEST GUST SPEED    23   HIGHEST GUST DIRECTION     E (110)
  AVERAGE WIND SPEED     9.4


SKY COVER **
  POSSIBLE SUNSHINE  MM
  AVERAGE SKY COVER 0.5


WEATHER CONDITIONS
 THE FOLLOWING WEATHER WAS RECORDED TODAY.
  NO SIGNIFICANT WEATHER WAS OBSERVED.


RELATIVE HUMIDITY (PERCENT)
 HIGHEST    84           500 AM
 LOWEST     19          1200 PM
 AVERAGE    52

..........................................................


THE DENVER CO CLIMATE NORMALS FOR TOMORROW
                         NORMAL    RECORD    YEAR
 MAXIMUM TEMPERATURE (F)   90       104      2008
 MINIMUM TEMPERATURE (F)   60        42      1995


SUNRISE AND SUNSET
JULY 31 2015..........SUNRISE   556 AM MST   SUNSET   814 PM MST
AUGUST  1 2015........SUNRISE   557 AM MST   SUNSET   813 PM MST


-  INDICATES NEGATIVE NUMBERS.
R  INDICATES RECORD WAS SET OR TIED.
MM INDICATES DATA IS MISSING.
T  INDICATES TRACE AMOUNT.




$$
