000
CDUS45 KBOU 280805
CLIDEN


CLIMATE REPORT
NATIONAL WEATHER SERVICE DENVER CO
204 AM MDT SAT MAR 28 2015


...................................

...THE DENVER CO CLIMATE SUMMARY FOR MARCH 27 2015...

CLIMATE NORMAL PERIOD 1981 TO 2010
CLIMATE RECORD PERIOD 1872 TO 2015


WEATHER ITEM   OBSERVED TIME   RECORD YEAR NORMAL DEPARTURE LAST
                VALUE   (LST)  VALUE       VALUE  FROM      YEAR
                                                  NORMAL
..................................................................
TEMPERATURE (F)
 YESTERDAY
  MAXIMUM         69    408 PM  78    1988  57     12       58
  MINIMUM         39    458 AM  -5    1899  29     10       35
  AVERAGE         54                        43     11       47

PRECIPITATION (IN)
  YESTERDAY        0.00          0.61 1886   0.04  -0.04     0.07
  MONTH TO DATE    0.79                      0.76   0.03     0.75
  SINCE MAR 1      0.79                      0.76   0.03     0.75
  SINCE JAN 1      2.42                      1.54   0.88     1.88

SNOWFALL (IN)
  YESTERDAY        0.0
  MONTH TO DATE    2.9
  SINCE MAR 1      2.9
  SINCE JUL 1     48.5
  SNOW DEPTH       0


DEGREE DAYS
 HEATING
  YESTERDAY       11                        22    -11       18
  MONTH TO DATE  575                       677   -102      670
  SINCE MAR 1    575                       677   -102      670
  SINCE JUL 1   4688                      5116   -428     5189

 COOLING
  YESTERDAY        0                         0      0        0
  MONTH TO DATE    0                         0      0        0
  SINCE MAR 1      0                         0      0        0
  SINCE JAN 1      0                         0      0        0
..................................................................


WIND (MPH)
  HIGHEST WIND SPEED    18   HIGHEST WIND DIRECTION     N (350)
  HIGHEST GUST SPEED    25   HIGHEST GUST DIRECTION     N (350)
  AVERAGE WIND SPEED     7.6


SKY COVER **
  POSSIBLE SUNSHINE  MM
  AVERAGE SKY COVER 0.6


WEATHER CONDITIONS
 THE FOLLOWING WEATHER WAS RECORDED YESTERDAY.
  NO SIGNIFICANT WEATHER WAS OBSERVED.


RELATIVE HUMIDITY (PERCENT)
 HIGHEST    70           500 AM
 LOWEST     22           300 PM
 AVERAGE    46

..........................................................


THE DENVER CO CLIMATE NORMALS FOR TODAY
                         NORMAL    RECORD    YEAR
 MAXIMUM TEMPERATURE (F)   58        83      1963
 MINIMUM TEMPERATURE (F)   29       -11      1886


SUNRISE AND SUNSET
MARCH 28 2015.........SUNRISE   649 AM MST   SUNSET   718 PM MST
MARCH 29 2015.........SUNRISE   648 AM MST   SUNSET   719 PM MST


-  INDICATES NEGATIVE NUMBERS.
R  INDICATES RECORD WAS SET OR TIED.
MM INDICATES DATA IS MISSING.
T  INDICATES TRACE AMOUNT.

&&

** SUNSHINE DATA WILL NO LONGER BE AVAILABLE EFFECTIVE OCTOBER 1ST 2009.




$$
