000
CDUS45 KBOU 280808
CLIDEN


CLIMATE REPORT
NATIONAL WEATHER SERVICE DENVER/BOULDER CO
207 AM MDT FRI APR 28 2017


...................................

...THE DENVER CO CLIMATE SUMMARY FOR APRIL 27 2017...

CLIMATE NORMAL PERIOD 1981 TO 2010
CLIMATE RECORD PERIOD 1872 TO 2017


WEATHER ITEM   OBSERVED TIME   RECORD YEAR NORMAL DEPARTURE LAST
                VALUE   (LST)  VALUE       VALUE  FROM      YEAR
                                                  NORMAL
..................................................................
TEMPERATURE (F)
 YESTERDAY
  MAXIMUM         54    324 PM  84    1992  65    -11       54
  MINIMUM         32   1148 PM  23    1994  36     -4       27
  AVERAGE         43                        50     -7       41

PRECIPITATION (IN)
  YESTERDAY        0.01          1.60 1919   0.07  -0.06      T
  MONTH TO DATE    0.64                      1.50  -0.86     1.66
  SINCE MAR 1      1.54                      2.42  -0.88     2.84
  SINCE JAN 1      2.31                      3.20  -0.89     3.82

SNOWFALL (IN)
  YESTERDAY        0.0
  MONTH TO DATE    0.1
  SINCE MAR 1      0.1
  SINCE JUL 1     19.4
  SNOW DEPTH       0


DEGREE DAYS
 HEATING
  YESTERDAY       22                        15      7       24
  MONTH TO DATE  399                       487    -88      436
  SINCE MAR 1    922                      1250   -328     1152
  SINCE JUL 1   4724                      5689   -965     5140

 COOLING
  YESTERDAY        0                         0      0        0
  MONTH TO DATE    0                         0      0        0
  SINCE MAR 1      0                         0      0        0
  SINCE JAN 1      0                         0      0        0
..................................................................


WIND (MPH)
  HIGHEST WIND SPEED    24   HIGHEST WIND DIRECTION    NW (300)
  HIGHEST GUST SPEED    29   HIGHEST GUST DIRECTION    NW (310)
  AVERAGE WIND SPEED    10.0


SKY COVER **
  POSSIBLE SUNSHINE  MM
  AVERAGE SKY COVER 0.8


WEATHER CONDITIONS
 THE FOLLOWING WEATHER WAS RECORDED YESTERDAY.
  LIGHT RAIN


RELATIVE HUMIDITY (PERCENT)
 HIGHEST    89           300 AM
 LOWEST     46           400 PM
 AVERAGE    68

..........................................................


THE DENVER CO CLIMATE NORMALS FOR TODAY
                         NORMAL    RECORD    YEAR
 MAXIMUM TEMPERATURE (F)   65        86      1910
 MINIMUM TEMPERATURE (F)   37        24      1917


SUNRISE AND SUNSET
APRIL 28 2017.........SUNRISE   602 AM MDT   SUNSET   750 PM MDT
APRIL 29 2017.........SUNRISE   601 AM MDT   SUNSET   751 PM MDT


-  INDICATES NEGATIVE NUMBERS.
R  INDICATES RECORD WAS SET OR TIED.
MM INDICATES DATA IS MISSING.
T  INDICATES TRACE AMOUNT.

&&

** SUNSHINE DATA WILL NO LONGER BE AVAILABLE EFFECTIVE OCTOBER 1ST 2009.




$$
