000
CDUS45 KBOU 302330
CLIDEN


CLIMATE REPORT
NATIONAL WEATHER SERVICE DENVER/BOULDER CO
529 PM MDT SAT JUL 30 2016


...................................

...THE DENVER CO CLIMATE SUMMARY FOR JULY 30 2016...
VALID TODAY AS OF 0500 PM LOCAL TIME.

CLIMATE NORMAL PERIOD 1981 TO 2010
CLIMATE RECORD PERIOD 1872 TO 2016


WEATHER ITEM   OBSERVED TIME   RECORD YEAR NORMAL DEPARTURE LAST
                VALUE   (LST)  VALUE       VALUE  FROM      YEAR
                                                  NORMAL
..................................................................
TEMPERATURE (F)
 TODAY
  MAXIMUM         94    242 PM 101    2005  90      4       91
  MINIMUM         64    540 AM  43    1971  60      4       58
  AVERAGE         79                        75      4       75

PRECIPITATION (IN)
  TODAY            0.00          2.71 1997   0.08  -0.08     0.00
  MONTH TO DATE    1.06                      2.08  -1.02     1.06
  SINCE JUN 1      2.68                      4.06  -1.38     3.59
  SINCE JAN 1      9.78                      9.59   0.19    12.42

DEGREE DAYS
 HEATING
  TODAY            0                         0      0        0
  MONTH TO DATE    0                         1     -1        5
  SINCE JUN 1      4                        63    -59       16
  SINCE JUL 1      0                         1     -1        5

 COOLING
  TODAY           14                        10      4       10
  MONTH TO DATE  341                       279     62      240
  SINCE JUN 1    526                       412    114      394
  SINCE JAN 1    529                       434     95      398
..................................................................


WIND (MPH)
  HIGHEST WIND SPEED    29   HIGHEST WIND DIRECTION     S (180)
  HIGHEST GUST SPEED    35   HIGHEST GUST DIRECTION     S (180)
  AVERAGE WIND SPEED    12.7


SKY COVER **
  POSSIBLE SUNSHINE  MM
  AVERAGE SKY COVER 0.3


WEATHER CONDITIONS
 THE FOLLOWING WEATHER WAS RECORDED TODAY.
  NO SIGNIFICANT WEATHER WAS OBSERVED.


RELATIVE HUMIDITY (PERCENT)
 HIGHEST    78           200 AM
 LOWEST     17           400 PM
 AVERAGE    48

..........................................................


THE DENVER CO CLIMATE NORMALS FOR TOMORROW
                         NORMAL    RECORD    YEAR
 MAXIMUM TEMPERATURE (F)   90       100      1889
 MINIMUM TEMPERATURE (F)   60        42      1873


SUNRISE AND SUNSET
JULY 30 2016..........SUNRISE   556 AM MDT   SUNSET   814 PM MDT
JULY 31 2016..........SUNRISE   557 AM MDT   SUNSET   813 PM MDT


-  INDICATES NEGATIVE NUMBERS.
R  INDICATES RECORD WAS SET OR TIED.
MM INDICATES DATA IS MISSING.
T  INDICATES TRACE AMOUNT.




$$
