000
CDUS45 KBOU 210810
CLIDEN


CLIMATE REPORT
NATIONAL WEATHER SERVICE DENVER CO
210 AM MDT TUE OCT 21 2014


...................................

...THE DENVER CO CLIMATE SUMMARY FOR OCTOBER 20 2014...

CLIMATE NORMAL PERIOD 1981 TO 2010
CLIMATE RECORD PERIOD 1872 TO 2014


WEATHER ITEM   OBSERVED TIME   RECORD YEAR NORMAL DEPARTURE LAST
                VALUE   (LST)  VALUE       VALUE  FROM      YEAR
                                                  NORMAL
..................................................................
TEMPERATURE (F)
 YESTERDAY
  MAXIMUM         77    251 PM  83    1950  64     13       48
  MINIMUM         47    615 AM  21    1995  35     12       34
  AVERAGE         62                        49     13       41

PRECIPITATION (IN)
  YESTERDAY        0.00          0.97 1965   0.03  -0.03     0.07
  MONTH TO DATE    0.50                      0.71  -0.21     0.70
  SINCE SEP 1      2.29                      1.67   0.62     6.31
  SINCE JAN 1     17.40                     13.03   4.37    17.06

SNOWFALL (IN)
  YESTERDAY        0.0
  MONTH TO DATE      0
  SINCE SEP 1        T
  SINCE JUL 1        T
  SNOW DEPTH       0


DEGREE DAYS
 HEATING
  YESTERDAY        3                        16    -13       24
  MONTH TO DATE  186                       244    -58      319
  SINCE SEP 1    277                       369    -92      402
  SINCE JUL 1    284                       385   -101      402

 COOLING
  YESTERDAY        0                         0      0        0
  MONTH TO DATE    0                         1     -1        0
  SINCE SEP 1     88                        77     11      133
  SINCE JAN 1    701                       765    -64      999
..................................................................


WIND (MPH)
  HIGHEST WIND SPEED    26   HIGHEST WIND DIRECTION     S (190)
  HIGHEST GUST SPEED    34   HIGHEST GUST DIRECTION     S (190)
  AVERAGE WIND SPEED    14.2


SKY COVER **
  POSSIBLE SUNSHINE  MM
  AVERAGE SKY COVER 0.2


WEATHER CONDITIONS
 THE FOLLOWING WEATHER WAS RECORDED YESTERDAY.
  NO SIGNIFICANT WEATHER WAS OBSERVED.


RELATIVE HUMIDITY (PERCENT)
 HIGHEST    65           500 AM
 LOWEST     20           100 PM
 AVERAGE    43

..........................................................


THE DENVER CO CLIMATE NORMALS FOR TODAY
                         NORMAL    RECORD    YEAR
 MAXIMUM TEMPERATURE (F)   63        83      2003
 MINIMUM TEMPERATURE (F)   35        17      1911


SUNRISE AND SUNSET
OCTOBER 21 2014.......SUNRISE   715 AM MDT   SUNSET   612 PM MDT
OCTOBER 22 2014.......SUNRISE   717 AM MDT   SUNSET   611 PM MDT


-  INDICATES NEGATIVE NUMBERS.
R  INDICATES RECORD WAS SET OR TIED.
MM INDICATES DATA IS MISSING.
T  INDICATES TRACE AMOUNT.

&&

** SUNSHINE DATA WILL NO LONGER BE AVAILABLE EFFECTIVE OCTOBER 1ST 2009.




$$
