369
CDUS45 KBOU 190810
CLIDEN


CLIMATE REPORT
NATIONAL WEATHER SERVICE DENVER/BOULDER CO
205 AM MDT SAT AUG 19 2017


...................................

...THE DENVER CO CLIMATE SUMMARY FOR AUGUST 18 2017...

CLIMATE NORMAL PERIOD 1981 TO 2010
CLIMATE RECORD PERIOD 1872 TO 2017


WEATHER ITEM   OBSERVED TIME   RECORD YEAR NORMAL DEPARTURE LAST
                VALUE   (LST)  VALUE       VALUE  FROM      YEAR
                                                  NORMAL
..................................................................
TEMPERATURE (F)
 YESTERDAY
  MAXIMUM         89    257 PM  98    2013  87      2       90
                                      2011
                                      1986
  MINIMUM         56    520 AM  47    2015  58     -2       59
                                      1960
  AVERAGE         73                        72      1       75

PRECIPITATION (IN)
  YESTERDAY        0.00          1.62 2004   0.06  -0.06      T
  MONTH TO DATE    1.86                      1.16   0.70     0.03
  SINCE JUN 1      2.66                      5.30  -2.64     2.72
  SINCE JAN 1      8.97                     10.83  -1.86     9.82

SNOWFALL (IN)
  YESTERDAY        0.0
  MONTH TO DATE      0
  SINCE JUN 1        0
  SINCE JUL 1        0
  SNOW DEPTH       0


DEGREE DAYS
 HEATING
  YESTERDAY        0                         0      0        0
  MONTH TO DATE    8                         0      8        0
  SINCE JUN 1     33                        68    -35        4
  SINCE JUL 1      8                         6      2        0

 COOLING
  YESTERDAY        8                         8      0       10
  MONTH TO DATE   89                       162    -73      169
  SINCE JUN 1    616                       584     32      710
  SINCE JAN 1    622                       606     16      713
..................................................................


WIND (MPH)
  HIGHEST WIND SPEED    15   HIGHEST WIND DIRECTION     S (200)
  HIGHEST GUST SPEED    19   HIGHEST GUST DIRECTION     S (190)
  AVERAGE WIND SPEED     6.6


SKY COVER **
  POSSIBLE SUNSHINE  MM
  AVERAGE SKY COVER 0.2


WEATHER CONDITIONS
 THE FOLLOWING WEATHER WAS RECORDED YESTERDAY.
  NO SIGNIFICANT WEATHER WAS OBSERVED.


RELATIVE HUMIDITY (PERCENT)
 HIGHEST    72           500 AM
 LOWEST     17           300 PM
 AVERAGE    45

..........................................................


THE DENVER CO CLIMATE NORMALS FOR TODAY
                         NORMAL    RECORD    YEAR
 MAXIMUM TEMPERATURE (F)   87        97      1986
 MINIMUM TEMPERATURE (F)   58        47      2015


SUNRISE AND SUNSET
AUGUST 19 2017........SUNRISE   615 AM MDT   SUNSET   749 PM MDT
AUGUST 20 2017........SUNRISE   616 AM MDT   SUNSET   748 PM MDT


-  INDICATES NEGATIVE NUMBERS.
R  INDICATES RECORD WAS SET OR TIED.
MM INDICATES DATA IS MISSING.
T  INDICATES TRACE AMOUNT.

&&

** SUNSHINE DATA WILL NO LONGER BE AVAILABLE EFFECTIVE OCTOBER 1ST 2009.




$$
