000
CDUS45 KBOU 300758
CLIDEN


CLIMATE REPORT
NATIONAL WEATHER SERVICE DENVER/BOULDER CO
157 AM MDT FRI SEP 30 2016


...................................

...THE DENVER CO CLIMATE SUMMARY FOR SEPTEMBER 29 2016...

CLIMATE NORMAL PERIOD 1981 TO 2010
CLIMATE RECORD PERIOD 1872 TO 2016


WEATHER ITEM   OBSERVED TIME   RECORD YEAR NORMAL DEPARTURE LAST
                VALUE   (LST)  VALUE       VALUE  FROM      YEAR
                                                  NORMAL
..................................................................
TEMPERATURE (F)
 YESTERDAY
  MAXIMUM         87    256 PM  92    1892  73     14       78
  MINIMUM         47    519 AM  17    1985  43      4       54
  AVERAGE         67                        58      9       66

PRECIPITATION (IN)
  YESTERDAY        0.00          1.01 2014   0.03  -0.03     0.07
  MONTH TO DATE    0.28                      0.92  -0.64     0.11
  SINCE SEP 1      0.28                      0.92  -0.64     0.11
  SINCE JAN 1     10.29                     12.28  -1.99    13.71

SNOWFALL (IN)
  YESTERDAY        0.0
  MONTH TO DATE      0
  SINCE SEP 1        0
  SINCE JUL 1        0
  SNOW DEPTH       0


DEGREE DAYS
 HEATING
  YESTERDAY        0                         8     -8        0
  MONTH TO DATE   62                       115    -53        9
  SINCE SEP 1     62                       115    -53        9
  SINCE JUL 1     77                       131    -54       27

 COOLING
  YESTERDAY        2                         1      1        1
  MONTH TO DATE   99                        76     23      146
  SINCE SEP 1     99                        76     23      146
  SINCE JAN 1    861                       764     97      859
..................................................................


WIND (MPH)
  HIGHEST WIND SPEED    23   HIGHEST WIND DIRECTION    SE (130)
  HIGHEST GUST SPEED    29   HIGHEST GUST DIRECTION     E (110)
  AVERAGE WIND SPEED     9.4


SKY COVER **
  POSSIBLE SUNSHINE  MM
  AVERAGE SKY COVER 0.2


WEATHER CONDITIONS
 THE FOLLOWING WEATHER WAS RECORDED YESTERDAY.
  NO SIGNIFICANT WEATHER WAS OBSERVED.


RELATIVE HUMIDITY (PERCENT)
 HIGHEST    56           400 AM
 LOWEST     13           300 PM
 AVERAGE    35

..........................................................


THE DENVER CO CLIMATE NORMALS FOR TODAY
                         NORMAL    RECORD    YEAR
 MAXIMUM TEMPERATURE (F)   72        90      1980
 MINIMUM TEMPERATURE (F)   42        25      1985


SUNRISE AND SUNSET
SEPTEMBER 30 2016.....SUNRISE   655 AM MDT   SUNSET   642 PM MDT
OCTOBER  1 2016.......SUNRISE   656 AM MDT   SUNSET   640 PM MDT


-  INDICATES NEGATIVE NUMBERS.
R  INDICATES RECORD WAS SET OR TIED.
MM INDICATES DATA IS MISSING.
T  INDICATES TRACE AMOUNT.

&&

** SUNSHINE DATA WILL NO LONGER BE AVAILABLE EFFECTIVE OCTOBER 1ST 2009.




$$
