000
CDUS45 KBOU 231328
CLIDEN


CLIMATE REPORT
NATIONAL WEATHER SERVICE DENVER CO
628 AM MST SUN NOV 23 2014


...................................

...THE DENVER CO CLIMATE SUMMARY FOR NOVEMBER 23 2014...
VALID AS OF 0600 AM LOCAL TIME.

CLIMATE NORMAL PERIOD 1981 TO 2010
CLIMATE RECORD PERIOD 1872 TO 2014


WEATHER ITEM   OBSERVED TIME   RECORD YEAR NORMAL DEPARTURE LAST
                VALUE   (LST)  VALUE       VALUE  FROM      YEAR
                                                  NORMAL
..................................................................
TEMPERATURE (F)
 TODAY
  MAXIMUM         46   1214 AM  73    1915  49     -3       35
  MINIMUM         34    559 AM  -4    1880  21     13       21
  AVERAGE         40                        35      5       28

PRECIPITATION (IN)
  TODAY            T             0.42 1992   0.02  -0.02      T
  MONTH TO DATE    0.76                      0.50   0.26     0.26
  SINCE SEP 1      3.07                      2.48   0.59     6.59
  SINCE JAN 1     18.18                     13.84   4.34    17.34

..................................................................


WIND (MPH)
  HIGHEST WIND SPEED    32   HIGHEST WIND DIRECTION     N (10)
  HIGHEST GUST SPEED    41   HIGHEST GUST DIRECTION     N (10)
  AVERAGE WIND SPEED    15.4




RELATIVE HUMIDITY (PERCENT)
 HIGHEST    55           200 AM
 LOWEST     52           400 AM
 AVERAGE    54

..........................................................


THE DENVER CO CLIMATE NORMALS FOR TOMORROW
                         NORMAL    RECORD    YEAR
 MAXIMUM TEMPERATURE (F)   48        74      1990
 MINIMUM TEMPERATURE (F)   21        -8      1993


SUNRISE AND SUNSET
NOVEMBER 23 2014......SUNRISE   653 AM MST   SUNSET   438 PM MST
NOVEMBER 24 2014......SUNRISE   654 AM MST   SUNSET   437 PM MST


-  INDICATES NEGATIVE NUMBERS.
R  INDICATES RECORD WAS SET OR TIED.
MM INDICATES DATA IS MISSING.
T  INDICATES TRACE AMOUNT.




$$
