000
CDUS45 KBOU 020757
CLIDEN


CLIMATE REPORT
NATIONAL WEATHER SERVICE DENVER CO
1257 AM MST MON MAR 2 2015


...................................

...THE DENVER CO CLIMATE SUMMARY FOR MARCH 1 2015...

CLIMATE NORMAL PERIOD 1981 TO 2010
CLIMATE RECORD PERIOD 1872 TO 2015


WEATHER ITEM   OBSERVED TIME   RECORD YEAR NORMAL DEPARTURE LAST
                VALUE   (LST)  VALUE       VALUE  FROM      YEAR
                                                  NORMAL
..................................................................
TEMPERATURE (F)
 YESTERDAY
  MAXIMUM         26    229 PM  74    2008  50    -24       28
  MINIMUM          6    251 AM  -7    1922  22    -16        7
  AVERAGE         16                        36    -20       18

PRECIPITATION (IN)
  YESTERDAY        0.00          0.76 1940   0.02  -0.02     0.03
  MONTH TO DATE    0.00                      0.02  -0.02     0.03
  SINCE MAR 1      0.00                      0.02  -0.02     0.03
  SINCE JAN 1      1.63                      0.80   0.83     1.16

SNOWFALL (IN)
  YESTERDAY        0.0
  MONTH TO DATE      0
  SINCE MAR 1        0
  SINCE JUL 1     45.6
  SNOW DEPTH       2


DEGREE DAYS
 HEATING
  YESTERDAY       49                        29     20       47
  MONTH TO DATE   49                        29     20       47
  SINCE MAR 1     49                        29     20       47
  SINCE JUL 1   4162                      4468   -306     4566

 COOLING
  YESTERDAY        0                         0      0        0
  MONTH TO DATE    0                         0      0        0
  SINCE MAR 1      0                         0      0        0
  SINCE JAN 1      0                         0      0        0
..................................................................


WIND (MPH)
  HIGHEST WIND SPEED    17   HIGHEST WIND DIRECTION    SE (140)
  HIGHEST GUST SPEED    20   HIGHEST GUST DIRECTION    SE (140)
  AVERAGE WIND SPEED     5.2


SKY COVER **
  POSSIBLE SUNSHINE  MM
  AVERAGE SKY COVER 0.8


WEATHER CONDITIONS
 THE FOLLOWING WEATHER WAS RECORDED YESTERDAY.
  FOG
  FOG W/VISIBILITY <= 1/4 MILE
  HAZE


RELATIVE HUMIDITY (PERCENT)
 HIGHEST   100           800 AM
 LOWEST     68           100 PM
 AVERAGE    84

..........................................................


THE DENVER CO CLIMATE NORMALS FOR TODAY
                         NORMAL    RECORD    YEAR
 MAXIMUM TEMPERATURE (F)   50        74      2009
 MINIMUM TEMPERATURE (F)   23        -7      1960


SUNRISE AND SUNSET
MARCH  2 2015.........SUNRISE   630 AM MST   SUNSET   550 PM MST
MARCH  3 2015.........SUNRISE   629 AM MST   SUNSET   551 PM MST


-  INDICATES NEGATIVE NUMBERS.
R  INDICATES RECORD WAS SET OR TIED.
MM INDICATES DATA IS MISSING.
T  INDICATES TRACE AMOUNT.

&&

** SUNSHINE DATA WILL NO LONGER BE AVAILABLE EFFECTIVE OCTOBER 1ST 2009.




$$
