000
CXUS54 KSHV 011400
CF6DEQ
PRELIMINARY LOCAL CLIMATOLOGICAL DATA (WS FORM: F-6)
STATION: DE QUEEN
MONTH: FEBRUARY
YEAR: 2022
LATITUDE: 34 2 N
LONGITUDE: 94 24 W
TEMPERATURE IN F: :PCPN: SNOW: WIND :SUNSHINE: SKY :PK WND
================================================================================
1 2 3 4 5 6A 6B 7 8 9 10 11 12 13 14 15 16 17 18
12Z AVG MX 2MIN
DY MAX MIN AVG DEP HDD CDD WTR SNW DPTH SPD SPD DIR MIN PSBL S-S WX SPD DR
================================================================================
1 66 44 55 11 10 0 0.12 0.0 0 4.6 13 110 M M 10 12 17 110
2 60 38 49 5 16 0 0.75 0.0 0 6.2 14 20 M M 10 1 19 30
3 38 28 33 -11 32 0 0.90 T 0 6.2 17 30 M M 10 1 22 30
4 40 23 32 -13 33 0 T T 0 5.1 15 330 M M 6 18 20 310
5 50 19 35 -10 30 0 0.00 0.0 0 1.9 9 190 M M 0 17 180
6 55 20 38 -7 27 0 0.00 0.0 0 1.5 9 250 M M 0 12 250
7 58 24 41 -4 24 0 0.00 0.0 0 2.3 15 320 M M 0 20 340
8 66 24 45 0 20 0 0.00 0.0 0 4.0 20 260 M M 0 26 230
9 70 26 48 2 17 0 0.00 0.0 0 2.3 15 290 M M 0 19 290
10 71 30 51 5 14 0 0.00 0.0 0 2.4 15 240 M M 0 19 240
11 75 29 52 6 13 0 0.00 0.0 0 5.9 20 230 M M 1 24 20
12 58 23 41 -5 24 0 0.06 0.0 0 7.3 21 360 M M 6 31 350
13 60 19 40 -6 25 0 0.00 0.0 0 4.0 17 270 M M 0 22 260
14 72 24 48 1 17 0 0.00 0.0 0 2.3 15 270 M M 0 21 260
15 70 29 50 3 15 0 T 0.0 0 6.6 21 210 M M 2 31 170
16 73 59 66 19 0 1 T 0.0 0 7.4 20 180 M M 10 27 170
17 68 33 51 4 14 0 0.39 0.0 0 9.5 24 310 M M 10 13 38 280
18 53 26 40 -8 25 0 0.00 0.0 0 2.2 12 360 M M 2 17 350
19 65 25 45 -3 20 0 0.00 0.0 0 2.4 10 220 M M 0 13 190
20 68 29 49 1 16 0 0.00 0.0 0 5.3 20 190 M M 0 27 190
21 71 48 60 12 5 0 0.05 0.0 0 4.0 8 160 M M 8 12 11 150
22 70 36 53 4 12 0 1.76 0.0 0 8.0 38 280 M M 7 13 48 290
23 36 32 34 -15 31 0 0.10 T 0 5.8 17 80 M M 10 16 22 80
24 38 31 35 -14 30 0 0.11 0.0 0 5.6 17 330 M M 10 1 26 320
25 47 26 37 -13 28 0 T T 0 8.1 14 70 M M 5 20 40
26 42 33 38 -12 27 0 0.17 0.0 0 5.1 13 80 M M 10 13 17 80
27 58 30 44 -6 21 0 0.00 0.0 0 3.1 13 30 M M 3 12 18 10
28 64 25 45 -5 20 0 0.00 0.0 0 2.2 10 240 M M 0 14 220
================================================================================
SM 1662 833 566 1 4.41 T 131.3 M 120
================================================================================
AV 59.4 29.8 4.7 FASTST M M 4 MAX(MPH)
MISC ----> 38 280 48 290
================================================================================
NOTES:
# LAST OF SEVERAL OCCURRENCES
COLUMN 17 PEAK WIND IN M.P.H.
PRELIMINARY LOCAL CLIMATOLOGICAL DATA (WS FORM: F-6) , PAGE 2
STATION: DE QUEEN
MONTH: FEBRUARY
YEAR: 2022
LATITUDE: 34 2 N
LONGITUDE: 94 24 W
[TEMPERATURE DATA] [PRECIPITATION DATA] SYMBOLS USED IN COLUMN 16
AVERAGE MONTHLY: 44.6 TOTAL FOR MONTH: 4.41 1 = FOG OR MIST
DPTR FM NORMAL: -2.4 DPTR FM NORMAL: 1.14 2 = FOG REDUCING VISIBILITY
HIGHEST: 75 ON 11 GRTST 24HR 1.81 ON 21-22 TO 1/4 MILE OR LESS
LOWEST: 19 ON 13, 5 3 = THUNDER
SNOW, ICE PELLETS, HAIL 4 = ICE PELLETS
TOTAL MONTH: T 5 = HAIL
GRTST 24HR T ON 3- 3 6 = FREEZING RAIN OR DRIZZLE
GRTST DEPTH: 0 7 = DUSTSTORM OR SANDSTORM:
VSBY 1/2 MILE OR LESS
8 = SMOKE OR HAZE
[NO. OF DAYS WITH] [WEATHER - DAYS WITH] 9 = BLOWING SNOW
X = TORNADO
MAX 32 OR BELOW: 0 0.01 INCH OR MORE: 10
MAX 90 OR ABOVE: 0 0.10 INCH OR MORE: 8
MIN 32 OR BELOW: 21 0.50 INCH OR MORE: 3
MIN 0 OR BELOW: 0 1.00 INCH OR MORE: 1
[HDD (BASE 65) ]
TOTAL THIS MO. 566 CLEAR (SCALE 0-3) 14
DPTR FM NORMAL 60 PTCLDY (SCALE 4-7) 5
TOTAL FM JUL 1 2026 CLOUDY (SCALE 8-10) 9
DPTR FM NORMAL -295
[CDD (BASE 65) ]
TOTAL THIS MO. 1
DPTR FM NORMAL -1 [PRESSURE DATA]
TOTAL FM JAN 1 1 HIGHEST SLP 30.61 ON 4
DPTR FM NORMAL 0 LOWEST SLP 29.64 ON 17
[REMARKS]
#FINAL-02-22#