000
CXUS53 KIWX 010810
CF6DFI
PRELIMINARY LOCAL CLIMATOLOGICAL DATA (WS FORM: F-6)
STATION: DEFIANCE MEMORIAL
MONTH: MARCH
YEAR: 2022
LATITUDE: 41 20 N
LONGITUDE: 84 26 W
TEMPERATURE IN F: :PCPN: SNOW: WIND :SUNSHINE: SKY :PK WND
================================================================================
1 2 3 4 5 6A 6B 7 8 9 10 11 12 13 14 15 16 17 18
12Z AVG MX 2MIN
DY MAX MIN AVG DEP HDD CDD WTR SNW DPTH SPD SPD DIR MIN PSBL S-S WX SPD DR
================================================================================
1 52 34 43 11 22 0 T M M 7.1 15 230 M M 4 21 230
2 55 28 42 10 23 0 0.02 M M 6.1 21 350 M M 4 18 28 360
3 36 26 31 -2 34 0 T M M 7.3 17 360 M M 2 18 26 10
4 43 21 32 -1 33 0 0.00 M M 4.5 10 100 M M 1 14 100
5 72 34 53 20 12 0 0.00 M M 10.6 22 210 M M 2 33 200
6 66 38 52 18 13 0 0.16 M M 13.1 24 210 M M 2 3 44 230
7 41 34 38 4 27 0 0.34 M M 10.9 22 310 M M 10 1 32 300
8 39 31 35 1 30 0 0.00 M M 4.8 13 220 M M 8 19 240
9 49 28 39 4 26 0 0.00 M M 3.7 15 300 M M 3 18 21 300
10 44 25 35 0 30 0 0.00 M M 2.1 8 310 M M 2 18 13 310
11 33 27 30 -6 35 0 T M M 8.1 20 300 M M 8 18 27 290
12 27 15 21 -15 44 0 T M M 14.8 24 300 M M 6 8 37 260
13 51 16 34 -2 31 0 T M M 10.0 21 230 M M 4 38 220
14 63 31 47 10 18 0 0.00 M M 7.9 25 220 M M 1 39 220
15 65 38 52 15 13 0 0.00 M M 5.5 15 230 M M 5 21 240
16 71 33 52 15 13 0 0.00 M M 5.3 18 210 M M 1 18 28 200
17 74 37 56 18 9 0 0.00 M M 4.1 13 190 M M 2 19 290
18 62 43 53 15 12 0 0.86 M M 7.0 17 50 M M 6 13 24 60
19 53 39 46 8 19 0 0.38 M M 9.7 23 220 M M 10 1 33 210
20 59 39 49 10 16 0 T M M 5.6 14 300 M M 4 18 20 260
21 71 35 53 14 12 0 0.00 M M 4.7 18 210 M M 0 1 26 220
22 48 42 45 5 20 0 0.17 M M 11.5 22 80 M M 7 1 32 80
23 70 44 57 17 8 0 0.36 M M 11.9 22 250 M M 8 138 35 260
24 50 43 47 7 18 0 T M M 12.4 22 230 M M 9 31 210
25 49 37 43 2 22 0 0.03 M M 9.2 28 290 M M 10 1 46 290
26 38 30 34 -7 31 0 0.01 M M 13.9 25 310 M M 10 1 37 290
27 34 21 28 -14 37 0 T M M 13.4 24 310 M M 8 32 310
28 35 20 28 -14 37 0 0.00 M M 6.4 20 320 M M 2 32 340
29 43 22 33 -9 32 0 0.01 M M 8.2 17 100 M M 4 24 100
30 75 35 55 12 10 0 0.03 M M 11.5 36 200 M M 7 53 210
31 70 43 57 14 8 0 0.02 M M 20.9 32 200 M M 10 53 200
================================================================================
SM 1638 989 695 0 2.39 M 272.2 M 160
================================================================================
AV 52.8 31.9 8.8 FASTST M M 5 MAX(MPH)
MISC ----> 36 200 53 210
================================================================================
NOTES:
# LAST OF SEVERAL OCCURRENCES
COLUMN 17 PEAK WIND IN M.P.H.
PRELIMINARY LOCAL CLIMATOLOGICAL DATA (WS FORM: F-6) , PAGE 2
STATION: DEFIANCE MEMORIAL
MONTH: MARCH
YEAR: 2022
LATITUDE: 41 20 N
LONGITUDE: 84 26 W
[TEMPERATURE DATA] [PRECIPITATION DATA] SYMBOLS USED IN COLUMN 16
AVERAGE MONTHLY: 42.4 TOTAL FOR MONTH: 2.39 1 = FOG OR MIST
DPTR FM NORMAL: 5.0 DPTR FM NORMAL: 0.13 2 = FOG REDUCING VISIBILITY
HIGHEST: 75 ON 30 GRTST 24HR 1.23 ON 18-19 TO 1/4 MILE OR LESS
LOWEST: 15 ON 12 3 = THUNDER
SNOW, ICE PELLETS, HAIL 4 = ICE PELLETS
TOTAL MONTH: M 5 = HAIL
GRTST 24HR M ON M 6 = FREEZING RAIN OR DRIZZLE
GRTST DEPTH: M ON M 7 = DUSTSTORM OR SANDSTORM:
VSBY 1/2 MILE OR LESS
8 = SMOKE OR HAZE
[NO. OF DAYS WITH] [WEATHER - DAYS WITH] 9 = BLOWING SNOW
X = TORNADO
MAX 32 OR BELOW: 1 0.01 INCH OR MORE: 12
MAX 90 OR ABOVE: 0 0.10 INCH OR MORE: 6
MIN 32 OR BELOW: 14 0.50 INCH OR MORE: 1
MIN 0 OR BELOW: 0 1.00 INCH OR MORE: 0
[HDD (BASE 65) ]
TOTAL THIS MO. 695 CLEAR (SCALE 0-3) 11
DPTR FM NORMAL -160 PTCLDY (SCALE 4-7) 12
TOTAL FM JUL 1 4794 CLOUDY (SCALE 8-10) 8
DPTR FM NORMAL -672
[CDD (BASE 65) ]
TOTAL THIS MO. 0
DPTR FM NORMAL -1 [PRESSURE DATA]
TOTAL FM JAN 1 0 HIGHEST SLP M ON M
DPTR FM NORMAL -1 LOWEST SLP 29.23 ON 30
[REMARKS]
#FINAL-03-22#