000
CXUS54 KAMA 010710
CF6DHT
PRELIMINARY LOCAL CLIMATOLOGICAL DATA (WS FORM: F-6)
STATION: DALHART
MONTH: SEPTEMBER
YEAR: 2021
LATITUDE: 36 1 N
LONGITUDE: 102 33 W
TEMPERATURE IN F: :PCPN: SNOW: WIND :SUNSHINE: SKY :PK WND
================================================================================
1 2 3 4 5 6A 6B 7 8 9 10 11 12 13 14 15 16 17 18
12Z AVG MX 2MIN
DY MAX MIN AVG DEP HDD CDD WTR SNW DPTH SPD SPD DIR MIN PSBL S-S WX SPD DR
================================================================================
1 95 63 79 5 0 14 0.01 0.0 0 10.4 28 180 M M 3 38 37 180
2 93 68 81 7 0 16 0.07 0.0 0 11.6 21 170 M M 3 1 28 160
3 92 63 78 4 0 13 0.00 0.0 0 6.5 35 200 M M 2 8 50 190
4 80 64 72 -2 0 7 0.07 0.0 0 10.0 25 360 M M 2 138 34 360
5 87 63 75 2 0 10 0.06 0.0 0 6.6 21 20 M M 2 138 32 50
6 93 63 78 5 0 13 0.24 0.0 0 10.6 36 200 M M 0 13 50 250
7 97 61 79 6 0 14 0.00 0.0 0 M M M M M 0 3 M M
8 98 57 78 6 0 13 0.00 0.0 0 M M M M M M M M
9 97 57 77 5 0 12 0.00 0.0 0 M 17 200 M M M 22 220
10 100 56 78 6 0 13 0.00 0.0 0 7.7 17 200 M M 0 8 22 190
11 100 58 79 8 0 14 0.00 0.0 0 15.7 31 210 M M 0 8 39 220
12 96 55 76 5 0 11 0.00 0.0 0 11.4 22 200 M M 0 31 190
13 93 52 73 2 0 8 0.00 0.0 0 14.1 25 210 M M 0 33 220
14 90 55 73 3 0 8 M 0.0 0 8.0 31 330 M M 1 138 45 290
15 84 58 71 1 0 6 M 0.0 0 8.4 17 190 M M 0 1 23 160
16 90 61 76 6 0 11 0.00 0.0 0 15.6 26 210 M M 0 37 200
17 75 57 66 -3 0 1 0.00 0.0 0 17.3 37 10 M M 0 50 350
18 87 55 71 2 0 6 0.00 0.0 0 10.1 20 150 M M 0 1 26 160
19 95 60 78 10 0 13 0.00 0.0 0 14.5 29 210 M M 0 38 210
20 80 57 69 1 0 4 0.00 0.0 0 16.1 30 20 M M 0 39 30
21 73 49 61 -7 4 0 0.00 0.0 0 13.5 28 10 M M 4 36 10
22 81 42 62 -5 3 0 0.00 0.0 0 9.6 23 200 M M 0 8 33 190
23 88 46 67 0 0 2 0.00 0.0 0 11.0 18 160 M M 0 25 150
24 89 51 70 4 0 5 0.00 0.0 0 9.5 22 50 M M 0 8 31 40
25 88 49 69 3 0 4 0.00 0.0 0 11.3 22 220 M M 0 30 210
26 90 48 69 3 0 4 0.00 0.0 0 14.5 28 200 M M 0 36 200
27 83 55 69 4 0 4 0.00 0.0 0 11.5 23 220 M M 1 30 210
28 84 51 68 3 0 3 T 0.0 0 11.6 30 180 M M 0 1 41 170
29 88 55 72 8 0 7 0.00 0.0 0 6.7 16 150 M M 1 12 23 150
30 70 53 62 -2 3 0 0.00 0.0 0 17.8 37 10 M M 5 8 49 10
================================================================================
SM 2656 1682 10 236 0.45 0.0 311.6 M 24
================================================================================
AV 88.5 56.1 11.5 FASTST M M 1 MAX(MPH)
MISC ----> # 37 10 # 50 190
================================================================================
NOTES:
# LAST OF SEVERAL OCCURRENCES
COLUMN 17 PEAK WIND IN M.P.H.
PRELIMINARY LOCAL CLIMATOLOGICAL DATA (WS FORM: F-6) , PAGE 2
STATION: DALHART
MONTH: SEPTEMBER
YEAR: 2021
LATITUDE: 36 1 N
LONGITUDE: 102 33 W
[TEMPERATURE DATA] [PRECIPITATION DATA] SYMBOLS USED IN COLUMN 16
AVERAGE MONTHLY: 72.3 TOTAL FOR MONTH: 0.45 1 = FOG OR MIST
DPTR FM NORMAL: 2.8 DPTR FM NORMAL: -0.84 2 = FOG REDUCING VISIBILITY
HIGHEST: 100 ON 11,10 GRTST 24HR 0.64 ON 3- 4 TO 1/4 MILE OR LESS
LOWEST: 42 ON 22 3 = THUNDER
SNOW, ICE PELLETS, HAIL 4 = ICE PELLETS
TOTAL MONTH: 0.0 INCH 5 = HAIL
GRTST 24HR 0.0 6 = FREEZING RAIN OR DRIZZLE
GRTST DEPTH: 0 7 = DUSTSTORM OR SANDSTORM:
VSBY 1/2 MILE OR LESS
8 = SMOKE OR HAZE
[NO. OF DAYS WITH] [WEATHER - DAYS WITH] 9 = BLOWING SNOW
X = TORNADO
MAX 32 OR BELOW: 0 0.01 INCH OR MORE: 5
MAX 90 OR ABOVE: 15 0.10 INCH OR MORE: 1
MIN 32 OR BELOW: 0 0.50 INCH OR MORE: 0
MIN 0 OR BELOW: 0 1.00 INCH OR MORE: 0
[HDD (BASE 65) ]
TOTAL THIS MO. 10 CLEAR (SCALE 0-3) 26
DPTR FM NORMAL -29 PTCLDY (SCALE 4-7) 2
TOTAL FM JUL 1 10 CLOUDY (SCALE 8-10) 2
DPTR FM NORMAL -27
[CDD (BASE 65) ]
TOTAL THIS MO. 236
DPTR FM NORMAL 60 [PRESSURE DATA]
TOTAL FM JAN 1 1373 HIGHEST SLP M ON M
DPTR FM NORMAL -10 LOWEST SLP 29.61 ON 20
[REMARKS]
#FINAL-09-21#