492
CXUS54 KAMA 011122
CF6DHT
PRELIMINARY LOCAL CLIMATOLOGICAL DATA (WS FORM: F-6)
STATION: DALHART
MONTH: DECEMBER
YEAR: 2020
LATITUDE: 36 1 N
LONGITUDE: 102 33 W
TEMPERATURE IN F: :PCPN: SNOW: WIND :SUNSHINE: SKY :PK WND
================================================================================
1 2 3 4 5 6A 6B 7 8 9 10 11 12 13 14 15 16 17 18
12Z AVG MX 2MIN
DY MAX MIN AVG DEP HDD CDD WTR SNW DPTH SPD SPD DIR MIN PSBL S-S WX SPD DR
================================================================================
1 57 18 38 1 27 0 0.00 0.0 0 16.7 38 10 M M 0 46 10
2 36 27 32 -5 33 0 T T 0 28.0 40 360 M M 9 8 49 10
3 42 22 32 -4 33 0 T T 0 14.4 25 360 M M 2 32 360
4 58 20 39 3 26 0 0.00 0.0 0 10.0 20 360 M M 0 23 10
5 57 29 43 7 22 0 0.00 0.0 0 14.0 25 20 M M 0 32 10
6 63 25 44 8 21 0 0.00 0.0 0 7.2 14 320 M M 0 16 320
7 65 26 46 11 19 0 0.00 0.0 0 10.5 20 360 M M 0 26 360
8 70 23 47 12 18 0 0.00 0.0 0 8.1 16 230 M M 0 19 220
9 67 28 48 13 17 0 0.00 0.0 0 7.5 15 280 M M 0 17 280
10 57 23 40 5 25 0 T 0.0 0 8.8 20 20 M M 3 24 10
11 40 28 34 0 31 0 T T 0 10.0 20 10 M M 10 1 23 10
12 41 20 31 -3 34 0 0.00 0.0 0 8.2 18 100 M M 3 24 110
13 34 11 23 -11 42 0 0.27 3.2 2 14.6 29 20 M M 6 18 36 30
14 45 8 27 -7 38 0 0.00 0.0 1 13.6 28 200 M M 0 34 190
15 29 17 23 -11 42 0 T 0.2 0 16.1 33 350 M M 5 8 42 350
16 50 17 34 0 31 0 0.00 0.0 0 8.6 18 30 M M 0 22 10
17 54 18 36 2 29 0 0.00 0.0 0 12.3 28 200 M M 0 33 220
18 58 25 42 8 23 0 0.00 0.0 0 13.9 25 10 M M 1 31 10
19 51 23 37 3 28 0 0.00 0.0 0 8.7 18 200 M M 0 26 220
20 55 25 40 6 25 0 0.00 0.0 0 9.8 25 220 M M 0 30 210
21 62 30 46 12 19 0 0.00 0.0 0 7.0 21 110 M M 0 24 110
22 67 23 45 11 20 0 0.00 0.0 0 14.5 29 210 M M 0 35 210
23 47 15 31 -3 34 0 0.00 0.0 0 16.4 43 360 M M 3 8 51 360
24 52 16 34 0 31 0 0.00 0.0 0 12.4 26 330 M M 0 35 330
25 64 17 41 7 24 0 0.00 0.0 0 10.5 26 220 M M 0 33 220
26 67 14 41 7 24 0 0.00 0.0 0 7.8 18 260 M M 0 22 260
27 56 27 42 8 23 0 0.00 0.0 0 10.4 23 270 M M 0 29 270
28 44 29 37 3 28 0 0.00 0.0 0 11.3 24 150 M M 5 29 150
29 58 32 45 11 20 0 0.00 0.0 0 13.7 25 10 M M 7 128 32 350
30 42 17 30 -4 35 0 0.00 0.0 0 10.3 22 360 M M 0 28 360
31 43 8 26 -8 39 0 0.00 0.0 0 8.2 14 170 M M 0 17 160
================================================================================
SM 1631 661 861 0 0.27 3.4 363.5 M 54
================================================================================
AV 52.6 21.3 11.7 FASTST M M 2 MAX(MPH)
MISC ----> 43 360 51 360
================================================================================
NOTES:
# LAST OF SEVERAL OCCURRENCES
COLUMN 17 PEAK WIND IN M.P.H.
PRELIMINARY LOCAL CLIMATOLOGICAL DATA (WS FORM: F-6) , PAGE 2
STATION: DALHART
MONTH: DECEMBER
YEAR: 2020
LATITUDE: 36 1 N
LONGITUDE: 102 33 W
[TEMPERATURE DATA] [PRECIPITATION DATA] SYMBOLS USED IN COLUMN 16
AVERAGE MONTHLY: 37.0 TOTAL FOR MONTH: 0.27 1 = FOG OR MIST
DPTR FM NORMAL: 2.6 DPTR FM NORMAL: -0.27 2 = FOG REDUCING VISIBILITY
HIGHEST: 70 ON 8 GRTST 24HR 0.27 ON 13-13 TO 1/4 MILE OR LESS
LOWEST: 8 ON 31,14 3 = THUNDER
SNOW, ICE PELLETS, HAIL 4 = ICE PELLETS
TOTAL MONTH: 3.4 INCHES 5 = HAIL
GRTST 24HR 3.2 ON 13-13 6 = FREEZING RAIN OR DRIZZLE
GRTST DEPTH: 2 ON 13 7 = DUSTSTORM OR SANDSTORM:
VSBY 1/2 MILE OR LESS
8 = SMOKE OR HAZE
[NO. OF DAYS WITH] [WEATHER - DAYS WITH] 9 = BLOWING SNOW
X = TORNADO
MAX 32 OR BELOW: 1 0.01 INCH OR MORE: 1
MAX 90 OR ABOVE: 0 0.10 INCH OR MORE: 1
MIN 32 OR BELOW: 31 0.50 INCH OR MORE: 0
MIN 0 OR BELOW: 0 1.00 INCH OR MORE: 0
[HDD (BASE 65) ]
TOTAL THIS MO. 861 CLEAR (SCALE 0-3) 25
DPTR FM NORMAL -87 PTCLDY (SCALE 4-7) 4
TOTAL FM JUL 1 1760 CLOUDY (SCALE 8-10) 2
DPTR FM NORMAL -178
[CDD (BASE 65) ]
TOTAL THIS MO. 0
DPTR FM NORMAL 0 [PRESSURE DATA]
TOTAL FM JAN 1 1631 HIGHEST SLP 30.41 ON 13
DPTR FM NORMAL 493 LOWEST SLP 29.58 ON 23
[REMARKS]
#FINAL-12-20#