000
CXUS54 KAMA 011543
CLMDHT
CLIMATE REPORT
NATIONAL WEATHER SERVICE AMARILLO
1043 AM CDT SAT APR 01 2023
...................................
...THE DALHART CLIMATE SUMMARY FOR THE MONTH OF MARCH 2023...
CLIMATE NORMAL PERIOD: 1991 TO 2020
CLIMATE RECORD PERIOD: 1948 TO 2023
WEATHER OBSERVED NORMAL DEPART LAST YEAR`S
VALUE DATE(S) VALUE FROM VALUE DATE(S)
NORMAL
................................................................
TEMPERATURE (F)
RECORD
HIGH 92 03/19/2017
LOW 0 03/03/1960
HIGHEST 80 03/15 83 03/26
03/30
03/28
LOWEST 16 03/28 12 03/12
AVG. MAXIMUM 61.8 63.5 -1.7 62.4
AVG. MINIMUM 31.5 30.9 0.6 26.7
MEAN 46.6 47.2 -0.6 44.6
DAYS MAX >= 90 0 0.1 -0.1 0
DAYS MAX <= 32 0 0.6 -0.6 1
DAYS MIN <= 32 19 18.1 0.9 25
DAYS MIN <= 0 0 0.0 0.0 0
PRECIPITATION (INCHES)
TOTALS 0.38 0.93 -0.55 0.08
DAILY AVG. 0.01 0.03 -0.02 0.00
DAYS >= .01 3 4.2 -1.2 2
DAYS >= .10 2 2.1 -0.1 0
DAYS >= .50 0 0.5 -0.5 0
DAYS >= 1.00 0 0.2 -0.2 0
GREATEST
24 HR. TOTAL 0.23 03/23 TO 03/23
SNOWFALL (INCHES)
TOTALS MM 3.0 MM MM
SINCE 7/1 MM 18.8 MM MM
DAYS >= TRACE 0 1.6 -1.6
DAYS >= 1.0 0 0.8 -0.8 MM
GREATEST
SNOW DEPTH MM
24 HR TOTAL MM
DEGREE DAYS
HEATING TOTAL 561 553 8 625
SINCE 7/1 3955 3953 2 MM
COOLING TOTAL 0 1 -1 0
SINCE 1/1 0 1 -1 MM
................................................................
WIND (MPH)
AVERAGE WIND SPEED 14.1
HIGHEST WIND SPEED/DIRECTION 47/210 DATE 03/30
HIGHEST GUST SPEED/DIRECTION 62/220 DATE 03/22
62/220 03/30
SKY COVER
POSSIBLE SUNSHINE (PERCENT) MM
NUMBER OF DAYS FAIR 24
NUMBER OF DAYS PC 7
NUMBER OF DAYS CLOUDY 0
AVERAGE RH (PERCENT) 49
WEATHER CONDITIONS. NUMBER OF DAYS WITH
THUNDERSTORM 0 MIXED PRECIP 0
HEAVY RAIN 0 RAIN 2
LIGHT RAIN 2 FREEZING RAIN 0
LT FREEZING RAIN 0 HEAVY SNOW 0
SNOW 1 LIGHT SNOW 1
SLEET 0 FOG 7
FOG W/VIS <= 1/4 MILE 0 HAZE 9
- INDICATES NEGATIVE NUMBERS.
R INDICATES RECORD WAS SET OR TIED.
MM INDICATES DATA IS MISSING.
T INDICATES TRACE AMOUNT.
$$