000
CXUS53 KBIS 010830
CF6DIK
PRELIMINARY LOCAL CLIMATOLOGICAL DATA (WS FORM: F-6)
STATION: DICKINSON ND
MONTH: OCTOBER
YEAR: 2023
LATITUDE: 46 47 N
LONGITUDE: 102 48 W
TEMPERATURE IN F: :PCPN: SNOW: WIND :SUNSHINE: SKY :PK WND
================================================================================
1 2 3 4 5 6A 6B 7 8 9 10 11 12 13 14 15 16 17 18
12Z AVG MX 2MIN
DY MAX MIN AVG DEP HDD CDD WTR SNW DPTH SPD SPD DIR MIN PSBL S-S WX SPD DR
================================================================================
1 76 57 67 15 0 2 0.00 M M 9.7 17 270 M M 8 12 25 290
2 61 54 58 7 7 0 0.04 M M 7.9 21 280 M M 10 123 27 270
3 66 45 56 6 9 0 0.09 M M 13.5 24 320 M M 9 1 36 320
4 62 41 52 2 13 0 0.01 M M 15.2 38 290 M M 3 1 49 280
5 56 34 45 -5 20 0 0.00 M M 23.2 35 300 M M 4 46 340
6 50 26 38 -11 27 0 0.00 M M 13.4 29 310 M M 3 38 300
7 71 26 49 1 16 0 0.00 M M 9.5 22 300 M M 0 28 290
8 70 37 54 6 11 0 0.00 M M 5.2 12 60 M M 0 17 70
9 67 35 51 4 14 0 0.00 M M 9.7 16 100 M M 0 24 130
10 67 34 51 4 14 0 0.00 M M 14.8 24 150 M M 0 30 140
11 61 33 47 1 18 0 0.02 M M 16.1 28 110 M M 2 36 80
12 50 41 46 0 19 0 T M M 16.7 23 70 M M 9 1 31 70
13 46 39 43 -2 22 0 0.03 M M 10.3 22 50 M M 9 1 27 30
14 49 33 41 -4 24 0 0.00 M M 5.8 10 110 M M 9 14 120
15 59 26 43 -1 22 0 0.00 M M 8.5 16 180 M M 0 1 22 180
16 74 34 54 10 11 0 0.00 M M 6.3 15 290 M M 0 21 270
17 76 41 59 16 6 0 0.13 M M 12.4 51 300 M M 2 18 69 290
18 53 44 49 6 16 0 0.01 M M 14.9 29 310 M M 7 46 320
19 73 42 58 16 7 0 0.00 M M 10.4 21 300 M M 0 27 310
20 74 43 59 17 6 0 0.00 M M 12.8 25 310 M M 1 33 300
21 61 38 50 9 15 0 0.00 M M 7.7 13 140 M M 3 16 150
22 69 37 53 12 12 0 0.00 M M 7.6 15 180 M M 0 20 160
23 47 37 42 2 23 0 0.82 M M 8.1 14 360 M M 7 1 19 10
24 47 36 42 2 23 0 T M M 7.4 15 340 M M 10 12 20 360
25 37 23 30 -9 35 0 0.28 M M 13.3 21 350 M M 10 16 29 350
26 23 8 16 -23 49 0 M M M 13.7 20 290 M M 10 12 26 340
27 19 7 13 -25 52 0 M M M 14.8 22 290 M M 5 18 27 280
28 22 8 15 -23 50 0 0.00 M M 13.4 22 270 M M 3 25 260
29 24 16 20 -17 45 0 T M M 16.6 26 300 M M 9 18 34 310
30 29 2 16 -21 49 0 M M M 18.0 37 320 M M 3 8 48 310
31 30 -4 13 -23 52 0 0.00 M M 11.5 25 190 M M 3 30 190
================================================================================
SM 1669 973 687 2 1.43 M 368.4 M 139
================================================================================
AV 53.8 31.4 11.9 FASTST M M 4 MAX(MPH)
MISC ----> 51 300 69 290
================================================================================
NOTES:
# LAST OF SEVERAL OCCURRENCES
COLUMN 17 PEAK WIND IN M.P.H.
PRELIMINARY LOCAL CLIMATOLOGICAL DATA (WS FORM: F-6) , PAGE 2
STATION: DICKINSON ND
MONTH: OCTOBER
YEAR: 2023
LATITUDE: 46 47 N
LONGITUDE: 102 48 W
[TEMPERATURE DATA] [PRECIPITATION DATA] SYMBOLS USED IN COLUMN 16
AVERAGE MONTHLY: 42.6 TOTAL FOR MONTH: 1.43 1 = FOG OR MIST
DPTR FM NORMAL: -1.2 DPTR FM NORMAL: 0.26 2 = FOG REDUCING VISIBILITY
HIGHEST: 76 ON 17, 1 GRTST 24HR 0.82 ON 23-23 TO 1/4 MILE OR LESS
LOWEST: -4 ON 31 3 = THUNDER
SNOW, ICE PELLETS, HAIL 4 = ICE PELLETS
TOTAL MONTH: M 5 = HAIL
GRTST 24HR M ON M 6 = FREEZING RAIN OR DRIZZLE
GRTST DEPTH: M ON M 7 = DUSTSTORM OR SANDSTORM:
VSBY 1/2 MILE OR LESS
8 = SMOKE OR HAZE
[NO. OF DAYS WITH] [WEATHER - DAYS WITH] 9 = BLOWING SNOW
X = TORNADO
MAX 32 OR BELOW: 6 0.01 INCH OR MORE: 9
MAX 90 OR ABOVE: 0 0.10 INCH OR MORE: 3
MIN 32 OR BELOW: 10 0.50 INCH OR MORE: 1
MIN 0 OR BELOW: 1 1.00 INCH OR MORE: 0
[HDD (BASE 65) ]
TOTAL THIS MO. 687 CLEAR (SCALE 0-3) 16
DPTR FM NORMAL 28 PTCLDY (SCALE 4-7) 6
TOTAL FM JUL 1 909 CLOUDY (SCALE 8-10) 9
DPTR FM NORMAL -60
[CDD (BASE 65) ]
TOTAL THIS MO. 2
DPTR FM NORMAL 0 [PRESSURE DATA]
TOTAL FM JAN 1 427 HIGHEST SLP M ON M
DPTR FM NORMAL 9 LOWEST SLP 29.57 ON 3
[REMARKS]
#FINAL-10-23#