000
CXUS53 KDLH 090338
CLSDLH
CLIMATE REPORT
NATIONAL WEATHER SERVICE DULUTH MN
1038 PM CDT THU JUN 08 2023
...................................
...THE DULUTH CLIMATE SUMMARY FOR THE SEASON, FROM
3/1/2023 TO 5/31/2023...
CLIMATE NORMAL PERIOD: 1991 TO 2020
CLIMATE RECORD PERIOD: 1870 TO 2023
WEATHER OBSERVED NORMAL DEPART LAST YEAR`S
VALUE DATE(S) VALUE FROM VALUE DATE(S)
NORMAL
................................................................
TEMPERATURE (F)
RECORD
HIGH 95 05/30/1939
LOW -29 03/02/1989
HIGHEST 86 05/31 MM MM 79
LOWEST -8 03/02 MM MM -13
AVG. MAXIMUM 46.9 49.4 -2.5 45.1
AVG. MINIMUM 28.4 29.6 -1.2 28.6
MEAN 37.6 39.5 -1.9 36.8
PRECIPITATION (INCHES)
RECORD
MAXIMUM 15.77 1894
MINIMUM 1.95 1900
TOTALS 6.13 7.36 -1.23 9.96
SNOWFALL (INCHES)
RECORDS
TOTAL 76.6 2013
SNOW DEPTH 34 04/04/2014
TOTALS 46.8 22.7 24.1 26.1
SINCE 7/1 140.1 90.2 49.9 MM
SNOWDEPTH AVG. 14 6
DAYS >= 1.0 11 6.0 5.0 12
GREATEST
SNOW DEPTH 37R 03/12 18 03/02
03/13
03/03
03/04
DEGREE DAYS
HEATING TOTAL 2500 2351 149 2566
COOLING TOTAL 7 7 0 1
................................................................
WIND (MPH)
AVERAGE WIND SPEED 11.6
HIGHEST WIND SPEED/DIRECTION 46/090
HIGHEST GUST SPEED/DIRECTION 70/090
SKY COVER
POSSIBLE SUNSHINE (PERCENT) MM
- INDICATES NEGATIVE NUMBERS.
R INDICATES RECORD WAS SET OR TIED.
MM INDICATES DATA IS MISSING.
T INDICATES TRACE AMOUNT.
$$