000
CXUS56 KTFX 220800
CF6DLN
PRELIMINARY LOCAL CLIMATOLOGICAL DATA (WS FORM: F-6)
STATION: DILLON AIRPORT MT
MONTH: OCTOBER
YEAR: 2022
LATITUDE: 45 15 N
LONGITUDE: 112 33 W
TEMPERATURE IN F: :PCPN: SNOW: WIND :SUNSHINE: SKY :PK WND
================================================================================
1 2 3 4 5 6A 6B 7 8 9 10 11 12 13 14 15 16 17 18
12Z AVG MX 2MIN
DY MAX MIN AVG DEP HDD CDD WTR SNW DPTH SPD SPD DIR MIN PSBL S-S WX SPD DR
================================================================================
1 54 45 50 1 15 0 T M 0 5.8 16 40 M M 10 1 20 30
2 59 42 51 3 14 0 0.04 M 0 4.5 16 360 M M 10 1 23 360
3 64 40 52 4 13 0 0.00 M 0 4.6 12 220 M M 5 14 220
4 70 37 54 7 11 0 0.00 M 0 6.2 13 190 M M 0 16 210
5 73 37 55 8 10 0 0.00 M 0 6.9 13 210 M M 0 17 220
6 65 38 52 6 13 0 0.00 M 0 8.2 15 60 M M 0 21 50
7 60 34 47 1 18 0 0.00 M 0 4.7 12 30 M M 2 1 14 40
8 63 34 49 3 16 0 0.00 M 0 5.1 13 190 M M 0 16 190
9 70 34 52 7 13 0 0.00 M 0 6.0 13 210 M M 0 16 210
10 72 32 52 7 13 0 0.00 M 0 11.4 23 280 M M 0 30 280
11 67 48 58 14 7 0 0.00 M 0 12.2 23 240 M M 2 30 240
12 67 41 54 10 11 0 0.00 M 0 6.9 17 270 M M 0 26 270
13 69 38 54 11 11 0 0.00 M 0 5.2 9 140 M M 0 M M
14 71 30 51 8 14 0 0.00 M 0 5.1 14 230 M M 0 8 16 220
15 59 30 45 3 20 0 0.00 M 0 6.9 14 20 M M 1 22 50
16 61 25 43 1 22 0 0.00 M 0 5.2 13 210 M M 0 16 230
17 68 31 50 8 15 0 0.00 M 0 5.9 15 190 M M 0 8 18 190
18 73 32 53 12 12 0 0.00 M 0 7.5 15 220 M M 0 8 17 210
19 72 32 52 11 13 0 0.00 M 0 7.5 18 210 M M 0 22 210
20 72 34 53 13 12 0 0.00 M 0 12.8 24 250 M M 2 31 250
21 64 41 53 13 12 0 0.00 M 0 13.1 35 280 M M 5 45 280
22 47 30 39 -1 26 0 0.26 M 0 8.1 18 140 M M 10 1 22 140
23 33 23 28 -11 37 0 0.07 M 2 6.2 12 120 M M 10 1 14 110
24 41 21 31 -8 34 0 0.00 M T 13.7 22 220 M M 5 33 210
25 44 26 35 -3 30 0 0.00 M M 13.0 29 260 M M 1 37 260
26 40 26 33 -5 32 0 T M 0 5.2 15 220 M M 6 18 230
27 43 24 34 -4 31 0 0.00 M 0 11.8 20 210 M M 1 26 190
28 47 21 34 -3 31 0 0.00 M 0 7.5 18 220 M M 1 23 220
29 52 25 39 2 26 0 0.00 M 0 9.8 17 220 M M 0 23 180
30 51 26 39 2 26 0 0.00 M 0 12.1 22 230 M M 4 29 240
31 60 36 48 12 17 0 0.00 M 0 12.0 23 240 M M 3 31 240
================================================================================
SM 1851 1013 575 0 0.37 M 251.1 M 78
================================================================================
AV 59.7 32.7 8.1 FASTST M M 3 MAX(MPH)
MISC ----> 35 280 45 280
================================================================================
NOTES:
# LAST OF SEVERAL OCCURRENCES
COLUMN 17 PEAK WIND IN M.P.H.
PRELIMINARY LOCAL CLIMATOLOGICAL DATA (WS FORM: F-6) , PAGE 2
STATION: DILLON AIRPORT MT
MONTH: OCTOBER
YEAR: 2022
LATITUDE: 45 15 N
LONGITUDE: 112 33 W
[TEMPERATURE DATA] [PRECIPITATION DATA] SYMBOLS USED IN COLUMN 16
AVERAGE MONTHLY: 46.2 TOTAL FOR MONTH: 0.37 1 = FOG OR MIST
DPTR FM NORMAL: 4.0 DPTR FM NORMAL: -0.35 2 = FOG REDUCING VISIBILITY
HIGHEST: 73 ON 18, 5 GRTST 24HR 0.33 ON 22-23 TO 1/4 MILE OR LESS
LOWEST: 21 ON 28,24 3 = THUNDER
SNOW, ICE PELLETS, HAIL 4 = ICE PELLETS
TOTAL MONTH: M 5 = HAIL
GRTST 24HR M ON M 6 = FREEZING RAIN OR DRIZZLE
GRTST DEPTH: 2 ON 23 7 = DUSTSTORM OR SANDSTORM:
VSBY 1/2 MILE OR LESS
8 = SMOKE OR HAZE
[NO. OF DAYS WITH] [WEATHER - DAYS WITH] 9 = BLOWING SNOW
X = TORNADO
MAX 32 OR BELOW: 0 0.01 INCH OR MORE: 3
MAX 90 OR ABOVE: 0 0.10 INCH OR MORE: 1
MIN 32 OR BELOW: 16 0.50 INCH OR MORE: 0
MIN 0 OR BELOW: 0 1.00 INCH OR MORE: 0
[HDD (BASE 65) ]
TOTAL THIS MO. 575 CLEAR (SCALE 0-3) 21
DPTR FM NORMAL -132 PTCLDY (SCALE 4-7) 6
TOTAL FM JUL 1 800 CLOUDY (SCALE 8-10) 4
DPTR FM NORMAL -376
[CDD (BASE 65) ]
TOTAL THIS MO. 0
DPTR FM NORMAL 0 [PRESSURE DATA]
TOTAL FM JAN 1 256 HIGHEST SLP 30.43 ON 19
DPTR FM NORMAL 139 LOWEST SLP 29.24 ON 22
[REMARKS]
#FINAL-10-22#