000
CXUS56 KTFX 011110
CF6DLN
PRELIMINARY LOCAL CLIMATOLOGICAL DATA (WS FORM: F-6)
STATION: DILLON AIRPORT MT
MONTH: JUNE
YEAR: 2021
LATITUDE: 45 15 N
LONGITUDE: 112 33 W
TEMPERATURE IN F: :PCPN: SNOW: WIND :SUNSHINE: SKY :PK WND
================================================================================
1 2 3 4 5 6A 6B 7 8 9 10 11 12 13 14 15 16 17 18
12Z AVG MX 2MIN
DY MAX MIN AVG DEP HDD CDD WTR SNW DPTH SPD SPD DIR MIN PSBL S-S WX SPD DR
================================================================================
1 80 41 61 8 4 0 0.00 M 0 5.5 13 210 M M 0 15 30
2 85 46 66 13 0 1 0.00 M 0 5.0 13 210 M M 0 15 210
3 89 50 70 16 0 5 0.00 M 0 7.6 36 230 M M 0 8 47 240
4 88 57 73 19 0 8 0.01 M 0 9.2 24 280 M M 1 3 32 300
5 83 51 67 13 0 2 0.00 M 0 16.8 40 260 M M 0 53 260
6 75 43 59 5 6 0 0.00 M 0 11.5 35 140 M M 0 47 130
7 78 39 59 5 6 0 0.00 M 0 8.7 26 160 M M 1 38 160
8 83 50 67 13 0 2 0.00 M 0 10.4 31 200 M M 1 40 200
9 81 41 61 6 4 0 0.00 M 0 13.5 33 190 M M 0 54 150
10 64 36 50 -5 15 0 T M 0 15.0 46 160 M M 4 8 62 150
11 68 30 49 -6 16 0 0.00 M 0 9.8 18 210 M M 1 28 200
12 80 45 63 8 2 0 0.00 M 0 6.5 21 240 M M 2 33 270
13 89 44 67 11 0 2 0.00 M 0 8.5 23 170 M M 0 32 180
14 95 49 72 16 0 7 0.00 M 0 11.5 29 150 M M 0 42 150
15 92 56 74 18 0 9 0.00 M 0 13.9 36 210 M M 0 52 190
16 84 49 67 11 0 2 0.00 M 0 6.1 18 30 M M 0 26 30
17 79 42 61 4 4 0 0.00 M 0 7.2 23 270 M M 0 30 280
18 86 46 66 9 0 1 0.00 M 0 4.6 13 340 M M 0 14 350
19 80 46 63 6 2 0 0.00 M 0 9.4 26 290 M M 0 36 310
20 67 48 58 0 7 0 0.14 M 0 13.0 26 30 M M 5 1 34 30
21 84 39 62 4 3 0 0.00 M 0 4.6 21 280 M M 0 29 270
22 89 49 69 11 0 4 0.01 M 0 11.0 37 210 M M 1 138 60 210
23 79 52 66 8 0 1 0.01 M 0 10.1 22 260 M M 1 31 270
24 82 49 66 7 0 1 0.03 M 0 8.3 30 220 M M 3 40 220
25 78 48 63 4 2 0 0.00 M 0 6.9 17 10 M M 3 23 360
26 81 53 67 7 0 2 0.00 M 0 9.7 24 40 M M 3 33 40
27 84 51 68 8 0 3 0.00 M 0 11.6 23 40 M M 0 29 60
28 88 51 70 10 0 5 0.00 M 0 7.0 16 40 M M 0 20 30
29 91 50 71 11 0 6 0.00 M 0 8.6 20 30 M M 0 8 26 30
30 91 54 73 12 0 8 0.00 M 0 5.9 13 350 M M 0 8 17 340
================================================================================
SM 2473 1405 71 69 0.20 M 277.4 M 26
================================================================================
AV 82.4 46.8 9.2 FASTST M M 1 MAX(MPH)
MISC ----> 46 160 62 150
================================================================================
NOTES:
# LAST OF SEVERAL OCCURRENCES
COLUMN 17 PEAK WIND IN M.P.H.
PRELIMINARY LOCAL CLIMATOLOGICAL DATA (WS FORM: F-6) , PAGE 2
STATION: DILLON AIRPORT MT
MONTH: JUNE
YEAR: 2021
LATITUDE: 45 15 N
LONGITUDE: 112 33 W
[TEMPERATURE DATA] [PRECIPITATION DATA] SYMBOLS USED IN COLUMN 16
AVERAGE MONTHLY: 64.6 TOTAL FOR MONTH: 0.20 1 = FOG OR MIST
DPTR FM NORMAL: 8.0 DPTR FM NORMAL: -1.71 2 = FOG REDUCING VISIBILITY
HIGHEST: 95 ON 14 GRTST 24HR 0.14 ON 20-20 TO 1/4 MILE OR LESS
LOWEST: 30 ON 11 3 = THUNDER
SNOW, ICE PELLETS, HAIL 4 = ICE PELLETS
TOTAL MONTH: M 5 = HAIL
GRTST 24HR M ON M 6 = FREEZING RAIN OR DRIZZLE
GRTST DEPTH: 0 7 = DUSTSTORM OR SANDSTORM:
VSBY 1/2 MILE OR LESS
8 = SMOKE OR HAZE
[NO. OF DAYS WITH] [WEATHER - DAYS WITH] 9 = BLOWING SNOW
X = TORNADO
MAX 32 OR BELOW: 0 0.01 INCH OR MORE: 5
MAX 90 OR ABOVE: 4 0.10 INCH OR MORE: 1
MIN 32 OR BELOW: 1 0.50 INCH OR MORE: 0
MIN 0 OR BELOW: 0 1.00 INCH OR MORE: 0
[HDD (BASE 65) ]
TOTAL THIS MO. 71 CLEAR (SCALE 0-3) 26
DPTR FM NORMAL -191 PTCLDY (SCALE 4-7) 4
TOTAL FM JUL 1 8137 CLOUDY (SCALE 8-10) 0
DPTR FM NORMAL -406
[CDD (BASE 65) ]
TOTAL THIS MO. 69
DPTR FM NORMAL 61 [PRESSURE DATA]
TOTAL FM JAN 1 69 HIGHEST SLP 30.22 ON 11
DPTR FM NORMAL 61 LOWEST SLP 29.45 ON 5
[REMARKS]
#FINAL-06-21#