000
CXUS53 KEAX 010736
CF6DMO
PRELIMINARY LOCAL CLIMATOLOGICAL DATA (WS FORM: F-6)
STATION: SEDALIA MO
MONTH: APRIL
YEAR: 2023
LATITUDE: 38 42 N
LONGITUDE: 93 6 W
TEMPERATURE IN F: :PCPN: SNOW: WIND :SUNSHINE: SKY :PK WND
================================================================================
1 2 3 4 5 6A 6B 7 8 9 10 11 12 13 14 15 16 17 18
12Z AVG MX 2MIN
DY MAX MIN AVG DEP HDD CDD WTR SNW DPTH SPD SPD DIR MIN PSBL S-S WX SPD DR
================================================================================
1 59 36 48 -2 17 0 0.00 M M 14.8 38 280 M M 2 52 270
2 78 36 57 6 8 0 T M M 12.5 29 190 M M 1 3 39 180
3 80 51 66 15 0 1 0.00 M M 7.3 21 220 M M 2 27 200
4 85 57 71 20 0 6 0.00 M M 19.4 32 180 M M 2 3 47 190
5 76 39 58 6 7 0 0.46 M M 10.9 35 290 M M 3 13 50 280
6 57 33 45 -7 20 0 0.00 M M 4.9 14 20 M M 0 19 40
7 64 34 49 -3 16 0 0.00 M M 8.4 16 130 M M 0 22 120
8 69 36 53 1 12 0 0.00 M M 8.6 16 130 M M 0 21 110
9 71 42 57 4 8 0 0.00 M M 8.1 17 140 M M 0 24 110
10 71 47 59 6 6 0 0.00 M M 4.9 14 150 M M 2 20 210
11 78 48 63 10 2 0 0.00 M M 8.4 17 190 M M 1 25 220
12 78 52 65 11 0 0 0.00 M M 10.7 24 220 M M 0 33 220
13 80 50 65 11 0 0 0.00 M M 8.0 18 160 M M 0 24 150
14 83 53 68 14 0 3 0.00 M M 10.0 21 170 M M 0 30 220
15 73 43 58 3 7 0 0.58 M M 12.8 32 320 M M 7 13 47 320
16 54 42 48 -7 17 0 0.00 M M 14.5 26 290 M M 7 37 290
17 68 40 54 -1 11 0 0.00 M M 10.4 20 280 M M 0 28 300
18 77 47 62 7 3 0 0.03 M M 9.6 20 120 M M 1 3 27 110
19 78 62 70 14 0 5 0.00 M M 18.3 29 200 M M 3 43 200
20 79 45 62 6 3 0 0.00 M M 15.3 31 230 M M 3 52 240
21 66 40 53 -3 12 0 0.00 M M 11.1 26 290 M M 0 41 250
22 46 36 41 -16 24 0 0.00 M M 11.0 22 310 M M 6 31 300
23 58 31 45 -12 20 0 0.00 M M 8.7 18 340 M M 1 27 290
24 67 34 51 -6 14 0 0.00 M M 8.1 16 220 M M 1 25 210
25 69 45 57 -1 8 0 0.00 M M 7.1 14 210 M M 2 21 230
26 68 46 57 -1 8 0 0.00 M M 8.9 16 100 M M 0 23 70
27 69 50 60 2 5 0 0.00 M M 7.9 18 130 M M 5 24 100
28 71 44 58 0 7 0 0.00 M M 5.3 17 290 M M 5 24 280
29 70 43 57 -2 8 0 0.00 M M 11.9 37 10 M M 5 18 52 330
30 61 43 52 -7 13 0 0.00 M M 16.0 29 320 M M 4 44 320
================================================================================
SM 2103 1305 256 15 1.07 M 313.8 M 63
================================================================================
AV 70.1 43.5 10.5 FASTST M M 2 MAX(MPH)
MISC ----> 38 280 # 52 270
================================================================================
NOTES:
# LAST OF SEVERAL OCCURRENCES
COLUMN 17 PEAK WIND IN M.P.H.
PRELIMINARY LOCAL CLIMATOLOGICAL DATA (WS FORM: F-6) , PAGE 2
STATION: SEDALIA MO
MONTH: APRIL
YEAR: 2023
LATITUDE: 38 42 N
LONGITUDE: 93 6 W
[TEMPERATURE DATA] [PRECIPITATION DATA] SYMBOLS USED IN COLUMN 16
AVERAGE MONTHLY: 56.8 TOTAL FOR MONTH: 1.07 1 = FOG OR MIST
DPTR FM NORMAL: 2.1 DPTR FM NORMAL: -2.71 2 = FOG REDUCING VISIBILITY
HIGHEST: 85 ON 4 GRTST 24HR 0.58 ON 15-15 TO 1/4 MILE OR LESS
LOWEST: 31 ON 23 3 = THUNDER
SNOW, ICE PELLETS, HAIL 4 = ICE PELLETS
TOTAL MONTH: M 5 = HAIL
GRTST 24HR M ON M 6 = FREEZING RAIN OR DRIZZLE
GRTST DEPTH: M ON M 7 = DUSTSTORM OR SANDSTORM:
VSBY 1/2 MILE OR LESS
8 = SMOKE OR HAZE
[NO. OF DAYS WITH] [WEATHER - DAYS WITH] 9 = BLOWING SNOW
X = TORNADO
MAX 32 OR BELOW: 0 0.01 INCH OR MORE: 3
MAX 90 OR ABOVE: 0 0.10 INCH OR MORE: 2
MIN 32 OR BELOW: 1 0.50 INCH OR MORE: 1
MIN 0 OR BELOW: 0 1.00 INCH OR MORE: 0
[HDD (BASE 65) ]
TOTAL THIS MO. 256 CLEAR (SCALE 0-3) 22
DPTR FM NORMAL -72 PTCLDY (SCALE 4-7) 8
TOTAL FM JUL 1 4231 CLOUDY (SCALE 8-10) 0
DPTR FM NORMAL -594
[CDD (BASE 65) ]
TOTAL THIS MO. 15
DPTR FM NORMAL -4 [PRESSURE DATA]
TOTAL FM JAN 1 18 HIGHEST SLP M ON M
DPTR FM NORMAL -4 LOWEST SLP 29.38 ON 4
[REMARKS]
#FINAL-04-23#