000
CXUS53 KEAX 010736
CF6DMO
PRELIMINARY LOCAL CLIMATOLOGICAL DATA (WS FORM: F-6)
STATION: SEDALIA MO
MONTH: SEPTEMBER
YEAR: 2022
LATITUDE: 38 42 N
LONGITUDE: 93 6 W
TEMPERATURE IN F: :PCPN: SNOW: WIND :SUNSHINE: SKY :PK WND
================================================================================
1 2 3 4 5 6A 6B 7 8 9 10 11 12 13 14 15 16 17 18
12Z AVG MX 2MIN
DY MAX MIN AVG DEP HDD CDD WTR SNW DPTH SPD SPD DIR MIN PSBL S-S WX SPD DR
================================================================================
1 88 60 74 1 0 9 0.00 M M 6.2 13 180 M M 0 16 160
2 81 64 73 1 0 8 0.00 M M 7.3 20 140 M M 2 27 140
3 89 59 74 2 0 9 T M M 2.3 8 300 M M 3 12 13 50
4 85 67 76 4 0 11 0.00 M M 6.9 16 20 M M 3 1 22 10
5 81 65 73 1 0 8 0.00 M M 5.8 13 30 M M 6 1 17 10
6 83 62 73 2 0 8 0.00 M M 2.9 9 100 M M 5 12 12 70
7 87 59 73 2 0 8 0.00 M M 4.2 15 50 M M 2 12 18 50
8 85 58 72 2 0 7 0.00 M M 4.5 9 170 M M 0 14 170
9 86 59 73 3 0 8 0.00 M M 6.2 14 180 M M 0 20 190
10 87 58 73 3 0 8 0.20 M M 7.2 23 320 M M 3 1 33 320
11 75 58 67 -3 0 2 0.82 M M 9.8 22 330 M M 5 1 32 330
12 82 52 67 -2 0 2 0.00 M M 7.7 21 280 M M 0 32 280
13 86 53 70 1 0 5 0.00 M M 4.8 9 220 M M 0 12 210
14 87 60 74 6 0 9 0.00 M M 6.2 14 160 M M 0 19 160
15 85 60 73 5 0 8 0.00 M M 8.5 16 170 M M 0 23 170
16 85 62 74 6 0 9 0.00 M M 9.2 18 210 M M 1 26 180
17 91 67 79 12 0 14 0.00 M M 11.7 18 220 M M 2 27 190
18 87 73 80 13 0 15 0.01 M M 10.4 21 180 M M 3 3 27 180
19 95 76 86 19 0 21 0.00 M M 8.3 15 230 M M 0 22 220
20 96 74 85 19 0 20 0.00 M M 10.3 21 220 M M 0 31 210
21 97 62 80 14 0 15 T M M 11.8 25 350 M M 3 36 340
22 70 57 64 -2 1 0 0.04 M M 6.8 14 40 M M 1 21 40
23 65 53 59 -6 6 0 0.20 M M 7.3 16 120 M M 6 1 20 120
24 88 50 69 4 0 4 0.00 M M 6.1 13 290 M M 0 1 19 300
25 81 56 69 5 0 4 0.00 M M 10.5 23 330 M M 0 35 310
26 74 50 62 -2 3 0 0.00 M M 7.7 17 320 M M 0 26 330
27 81 48 65 1 0 0 0.00 M M 5.2 12 60 M M 1 8 18 70
28 72 46 59 -4 6 0 0.00 M M 7.2 15 100 M M 0 23 20
29 72 42 57 -6 8 0 0.00 M M 7.2 17 120 M M 0 23 110
30 75 42 59 -3 6 0 0.00 M M 5.4 13 80 M M 0 18 120
================================================================================
SM 2496 1752 30 212 1.27 M 215.6 M 46
================================================================================
AV 83.2 58.4 7.2 FASTST M M 2 MAX(MPH)
MISC ----> 25 350 36 340
================================================================================
NOTES:
# LAST OF SEVERAL OCCURRENCES
COLUMN 17 PEAK WIND IN M.P.H.
PRELIMINARY LOCAL CLIMATOLOGICAL DATA (WS FORM: F-6) , PAGE 2
STATION: SEDALIA MO
MONTH: SEPTEMBER
YEAR: 2022
LATITUDE: 38 42 N
LONGITUDE: 93 6 W
[TEMPERATURE DATA] [PRECIPITATION DATA] SYMBOLS USED IN COLUMN 16
AVERAGE MONTHLY: 70.8 TOTAL FOR MONTH: 1.27 1 = FOG OR MIST
DPTR FM NORMAL: 3.0 DPTR FM NORMAL: -1.74 2 = FOG REDUCING VISIBILITY
HIGHEST: 97 ON 21 GRTST 24HR 1.02 ON 10-11 TO 1/4 MILE OR LESS
LOWEST: 42 ON 30,29 3 = THUNDER
SNOW, ICE PELLETS, HAIL 4 = ICE PELLETS
TOTAL MONTH: M 5 = HAIL
GRTST 24HR M ON M 6 = FREEZING RAIN OR DRIZZLE
GRTST DEPTH: M ON M 7 = DUSTSTORM OR SANDSTORM:
VSBY 1/2 MILE OR LESS
8 = SMOKE OR HAZE
[NO. OF DAYS WITH] [WEATHER - DAYS WITH] 9 = BLOWING SNOW
X = TORNADO
MAX 32 OR BELOW: 0 0.01 INCH OR MORE: 5
MAX 90 OR ABOVE: 4 0.10 INCH OR MORE: 3
MIN 32 OR BELOW: 0 0.50 INCH OR MORE: 1
MIN 0 OR BELOW: 0 1.00 INCH OR MORE: 0
[HDD (BASE 65) ]
TOTAL THIS MO. 30 CLEAR (SCALE 0-3) 25
DPTR FM NORMAL -26 PTCLDY (SCALE 4-7) 5
TOTAL FM JUL 1 30 CLOUDY (SCALE 8-10) 0
DPTR FM NORMAL -29
[CDD (BASE 65) ]
TOTAL THIS MO. 212
DPTR FM NORMAL 72 [PRESSURE DATA]
TOTAL FM JAN 1 1634 HIGHEST SLP M ON M
DPTR FM NORMAL 398 LOWEST SLP 29.84 ON 9
[REMARKS]
#FINAL-09-22#