000
CXUS53 KEAX 012130 RRA
CLMDMO
STLCLMWK3 000
TTAA00 EAX 012126
CLIMATE REPORT
NATIONAL WEATHER SERVICE KANSAS CITY/PLEASANT HILL MO
425 PM CDT TUE AUG 01 2023
...................................
...THE SEDALIA MO CLIMATE SUMMARY FOR THE MONTH OF JULY 2023...
CLIMATE NORMAL PERIOD: 1991 TO 2020
CLIMATE RECORD PERIOD: 9999 TO 9999
WEATHER OBSERVED NORMAL DEPART LAST YEAR`S
VALUE DATE(S) VALUE FROM VALUE DATE(S)
NORMAL
................................................................
TEMPERATURE (F)
HIGHEST 100 07/28 97 3 100 07/23
LOWEST 58 07/10 56 2 63 07/29
AVG. MAXIMUM 90.5 87.3 3.2 91.0
AVG. MINIMUM 67.9 67.4 0.5 70.6
MEAN 79.2 77.3 1.9 80.8
DAYS MAX >= 90 18 13.7 4.3 20
DAYS MAX <= 32 0 0.0 0.0 0
DAYS MIN <= 32 0 0.0 0.0 0
DAYS MIN <= 0 0 0.0 0.0 0
PRECIPITATION (INCHES)
TOTALS 5.42 4.52 0.90 3.78
DAILY AVG. 0.17 0.15 0.02 0.12
DAYS >= .01 14 8.4 5.6 10
DAYS >= .10 8 5.5 2.5 6
DAYS >= .50 3 2.5 0.5 3
DAYS >= 1.00 1 1.1 -0.1 1
GREATEST
24 HR. TOTAL 2.65 07/12 TO 07/13
DEGREE DAYS
HEATING TOTAL 0 1 -1 0
SINCE 7/1 0 0 0 MM
COOLING TOTAL 449 383 66 499
SINCE 1/1 942 756 186 MM
................................................................
WIND (MPH)
AVERAGE WIND SPEED 6.9
HIGHEST WIND SPEED/DIRECTION 39/040 DATE 07/12
HIGHEST GUST SPEED/DIRECTION 59/070 DATE 07/12
SKY COVER
POSSIBLE SUNSHINE (PERCENT) MM
AVERAGE SKY COVER 0.17
NUMBER OF DAYS FAIR 27
NUMBER OF DAYS PC 4
NUMBER OF DAYS CLOUDY 0
AVERAGE RH (PERCENT) 68
WEATHER CONDITIONS. NUMBER OF DAYS WITH
THUNDERSTORM 15 MIXED PRECIP 0
HEAVY RAIN 6 RAIN 6
LIGHT RAIN 15 FREEZING RAIN 0
LT FREEZING RAIN 0 HAIL 0
HEAVY SNOW 0 SNOW 0
LIGHT SNOW 0 SLEET 0
FOG 12 FOG W/VIS <= 1/4 MILE 0
HAZE 4
- INDICATES NEGATIVE NUMBERS.
R INDICATES RECORD WAS SET OR TIED.
MM INDICATES DATA IS MISSING.
T INDICATES TRACE AMOUNT.
$$