000
CXUS55 KCAE 011500
CF6DNL
PRELIMINARY LOCAL CLIMATOLOGICAL DATA (WS FORM: F-6)
STATION: AUGUSTA DANIEL FIELD GA
MONTH: FEBRUARY
YEAR: 2021
LATITUDE: 33 28 N
LONGITUDE: 82 2 W
TEMPERATURE IN F: :PCPN: SNOW: WIND :SUNSHINE: SKY :PK WND
================================================================================
1 2 3 4 5 6A 6B 7 8 9 10 11 12 13 14 15 16 17 18
12Z AVG MX 2MIN
DY MAX MIN AVG DEP HDD CDD WTR SNW DPTH SPD SPD DIR MIN PSBL S-S WX SPD DR
================================================================================
1 47 38 43 -5 22 0 0.03 M M 8.8 17 300 M M 10 1 27 310
2 54 35 45 -3 20 0 0.00 M M 11.0 18 310 M M 3 28 320
3 55 31 43 -5 22 0 0.00 M M 6.9 14 310 M M 0 19 300
4 56 30 43 -5 22 0 0.00 M M 4.1 12 200 M M 1 15 180
5 59 49 54 5 11 0 0.04 M M 8.0 21 210 M M 6 1 27 210
6 52 41 47 -2 18 0 0.31 M M 8.3 17 40 M M 8 1 26 30
7 55 39 47 -2 18 0 0.10 M M 5.3 16 330 M M 7 1 24 320
8 64 35 50 1 15 0 0.00 M M 4.6 14 120 M M 3 18 140
9 72 51 62 13 3 0 0.00 M M 4.3 9 300 M M 5 15 260
10 75 55 65 15 0 0 0.00 M M 4.3 12 160 M M 6 1 15 130
11 69 61 65 15 0 0 1.27 M 0 4.2 12 190 M M 9 123 18 180
12 63 41 52 2 13 0 0.35 M M 8.7 18 20 M M 10 1 25 20
13 42 40 41 -9 24 0 0.81 M M 7.2 13 50 M M 10 1 17 50
14 43 41 42 -8 23 0 0.79 M M 7.3 17 70 M M 10 1 20 60
15 61 43 52 2 13 0 0.59 M M 7.6 14 210 M M 10 123 18 220
16 62 33 48 -3 17 0 0.00 M M 7.5 17 310 M M 5 26 270
17 55 29 42 -9 23 0 T M M 7.2 15 100 M M 4 20 110
18 47 40 44 -7 21 0 1.43 M M 8.2 17 320 M M 10 1 22 330
19 55 40 48 -3 17 0 0.26 M M 6.1 12 360 M M 8 1 16 10
20 56 32 44 -8 21 0 0.00 M M 3.6 13 330 M M 0 17 320
21 59 34 47 -5 18 0 0.00 M M 8.7 15 130 M M 3 23 130
22 64 46 55 3 10 0 0.05 M M 6.4 17 200 M M 8 1 24 200
23 72 46 59 7 6 0 0.00 M M 7.3 16 300 M M 0 23 290
24 75 43 59 6 6 0 0.00 M M 3.9 16 210 M M 0 8 22 180
25 79 55 67 14 0 2 0.00 M M 3.7 14 310 M M 0 20 300
26 67 52 60 7 5 0 0.00 M M 6.2 13 360 M M 5 16 350
27 81 48 65 12 0 0 T M M 4.5 14 190 M M 4 18 19 230
28 86 61 74 20 0 9 0.00 M M 7.4 21 210 M M 1 18 27 210
================================================================================
SM 1725 1189 368 11 6.03 M 181.3 M 146
================================================================================
AV 61.6 42.5 6.5 FASTST M M 5 MAX(MPH)
MISC ----> # 21 210 28 320
================================================================================
NOTES:
# LAST OF SEVERAL OCCURRENCES
COLUMN 17 PEAK WIND IN M.P.H.
PRELIMINARY LOCAL CLIMATOLOGICAL DATA (WS FORM: F-6) , PAGE 2
STATION: AUGUSTA DANIEL FIELD GA
MONTH: FEBRUARY
YEAR: 2021
LATITUDE: 33 28 N
LONGITUDE: 82 2 W
[TEMPERATURE DATA] [PRECIPITATION DATA] SYMBOLS USED IN COLUMN 16
AVERAGE MONTHLY: 52.0 TOTAL FOR MONTH: 6.03 1 = FOG OR MIST
DPTR FM NORMAL: 1.4 DPTR FM NORMAL: 2.00 2 = FOG REDUCING VISIBILITY
HIGHEST: 86 ON 28 GRTST 24HR 1.61 ON 11-12 TO 1/4 MILE OR LESS
LOWEST: 29 ON 17 3 = THUNDER
SNOW, ICE PELLETS, HAIL 4 = ICE PELLETS
TOTAL MONTH: M 5 = HAIL
GRTST 24HR M ON M 6 = FREEZING RAIN OR DRIZZLE
GRTST DEPTH: 0 7 = DUSTSTORM OR SANDSTORM:
VSBY 1/2 MILE OR LESS
8 = SMOKE OR HAZE
[NO. OF DAYS WITH] [WEATHER - DAYS WITH] 9 = BLOWING SNOW
X = TORNADO
MAX 32 OR BELOW: 0 0.01 INCH OR MORE: 12
MAX 90 OR ABOVE: 0 0.10 INCH OR MORE: 9
MIN 32 OR BELOW: 4 0.50 INCH OR MORE: 5
MIN 0 OR BELOW: 0 1.00 INCH OR MORE: 2
[HDD (BASE 65) ]
TOTAL THIS MO. 368 CLEAR (SCALE 0-3) 10
DPTR FM NORMAL -39 PTCLDY (SCALE 4-7) 11
TOTAL FM JUL 1 1466 CLOUDY (SCALE 8-10) 7
DPTR FM NORMAL -348
[CDD (BASE 65) ]
TOTAL THIS MO. 11
DPTR FM NORMAL 8 [PRESSURE DATA]
TOTAL FM JAN 1 16 HIGHEST SLP 30.53 ON 21
DPTR FM NORMAL 15 LOWEST SLP 29.73 ON 16
[REMARKS]
#FINAL-02-21#