000
CXUS55 KGJT 011959
CLMDRO
CLIMATE REPORT
NATIONAL WEATHER SERVICE GRAND JUNCTION CO
159 PM MDT SUN OCT 01 2023
...................................
...THE DURANGO AIRPORT CO CLIMATE SUMMARY FOR THE MONTH OF SEPTEMBER 2023...
CLIMATE NORMAL PERIOD 1991 TO 2020
CLIMATE RECORD PERIOD 9999 TO 9999
WEATHER OBSERVED NORMAL DEPART LAST YEAR`S
VALUE DATE(S) VALUE FROM VALUE DATE(S)
NORMAL
................................................................
TEMPERATURE (F)
HIGHEST 89 09/01 MM MM 95 09/05
09/08
LOWEST 34 09/22 MM MM 40 09/18
AVG. MAXIMUM 78.1 76.6 1.5 80.3
AVG. MINIMUM 43.5 42.5 1.0 47.6
MEAN 60.8 59.5 1.3 64.0
DAYS MAX >= 90 0 0.4 -0.4 6
DAYS MAX <= 32 0 0.0 0.0 0
DAYS MIN <= 32 0 1.8 -1.8 0
DAYS MIN <= 0 0 0.0 0.0 0
PRECIPITATION (INCHES)
TOTALS 0.77 1.99 -1.22 2.32
DAILY AVG. 0.03 0.07 -0.04 0.08
DAYS >= .01 9 7.2 1.8 8
DAYS >= .10 3 3.8 -0.8 5
DAYS >= .50 0 1.1 -1.1 1
DAYS >= 1.00 0 0.3 -0.3 1
GREATEST
24 HR. TOTAL 0.30 09/11 TO 09/12 1.48
SNOWFALL (INCHES)
TOTALS MM MM MM MM
SINCE 7/1 MM MM MM MM
SNOWDEPTH AVG. MM MM
DAYS >= 1.0 MM MM MM MM
GREATEST
SNOW DEPTH MM MM MM
24 HR TOTAL MM MM
DEGREE DAYS
HEATING TOTAL 136 174 -38 78
SINCE 7/1 136 198 -62 79
COOLING TOTAL 19 10 9 54
SINCE 1/1 423 290 133 511
................................................................
WIND (MPH)
AVERAGE WIND SPEED 5.3
HIGHEST WIND SPEED/DIRECTION 35/310 DATE 09/14
HIGHEST GUST SPEED/DIRECTION 45/300 DATE 09/14
SKY COVER
POSSIBLE SUNSHINE (PERCENT) MM
AVERAGE SKY COVER 0.21
NUMBER OF DAYS FAIR 23
NUMBER OF DAYS PC 6
NUMBER OF DAYS CLOUDY 1
AVERAGE RH (PERCENT) 50
WEATHER CONDITIONS. NUMBER OF DAYS WITH
THUNDERSTORM 10 MIXED PRECIP 0
HEAVY RAIN 1 RAIN 5
LIGHT RAIN 14 FREEZING RAIN 0
LT FREEZING RAIN 0 HAIL 0
HEAVY SNOW 0 SNOW 0
LIGHT SNOW 0 SLEET 0
FOG 4 FOG W/VIS <= 1/4 MILE 0
HAZE 3
- INDICATES NEGATIVE NUMBERS.
R INDICATES RECORD WAS SET OR TIED.
MM INDICATES DATA IS MISSING.
T INDICATES TRACE AMOUNT.
$$