000
CXUS54 KEWX 011010
CF6DRT
PRELIMINARY LOCAL CLIMATOLOGICAL DATA (WS FORM: F-6)
STATION: DEL RIO
MONTH: NOVEMBER
YEAR: 2020
LATITUDE: 29 22 N
LONGITUDE: 100 55 W
TEMPERATURE IN F: :PCPN: SNOW: WIND :SUNSHINE: SKY :PK WND
================================================================================
1 2 3 4 5 6A 6B 7 8 9 10 11 12 13 14 15 16 17 18
12Z AVG MX 2MIN
DY MAX MIN AVG DEP HDD CDD WTR SNW DPTH SPD SPD DIR MIN PSBL S-S WX SPD DR
================================================================================
1 88 49 69 2 0 4 0.00 0.0 0 5.0 10 10 M M 0 16 30
2 77 49 63 -3 2 0 0.00 0.0 0 6.5 18 150 M M 0 25 140
3 82 48 65 -1 0 0 0.00 0.0 0 10.1 21 140 M M 0 30 150
4 83 53 68 3 0 3 0.00 0.0 0 10.1 21 160 M M 0 28 150
5 84 59 72 7 0 7 0.00 0.0 0 7.6 15 110 M M 1 22 110
6 84 57 71 6 0 6 0.00 0.0 0 8.8 18 150 M M 0 27 150
7 82 61 72 8 0 7 T 0.0 0 11.5 23 140 M M 4 34 140
8 86 66 76 12 0 11 T 0.0 0 13.2 24 150 M M 4 41 150
9 86 69 78 15 0 13 0.00 0.0 0 14.3 22 120 M M 5 39 130
10 84 59 72 9 0 7 T 0.0 0 8.3 20 340 M M 2 1 30 350
11 83 50 67 4 0 2 0.00 0.0 0 5.0 16 140 M M 2 22 140
12 87 63 75 13 0 10 0.00 0.0 0 9.7 18 130 M M 2 28 140
13 84 67 76 14 0 11 T 0.0 0 9.2 16 120 M M 7 8 29 140
14 87 68 78 17 0 13 0.00 0.0 0 6.3 17 160 M M 5 26 140
15 78 53 66 5 0 1 0.00 0.0 0 6.8 14 330 M M 0 23 310
16 78 48 63 3 2 0 0.00 0.0 0 7.2 15 150 M M 0 8 24 140
17 79 49 64 4 1 0 0.00 0.0 0 7.8 21 140 M M 0 26 140
18 77 51 64 4 1 0 0.00 0.0 0 10.2 22 130 M M 3 32 160
19 82 59 71 12 0 6 0.00 0.0 0 12.0 20 140 M M 2 31 130
20 84 61 73 14 0 8 0.00 0.0 0 10.5 20 150 M M 1 8 32 130
21 83 62 73 15 0 8 0.00 0.0 0 9.8 21 150 M M 5 1 32 130
22 79 62 71 13 0 6 0.00 0.0 0 9.7 21 130 M M 5 1 26 120
23 77 60 69 11 0 4 0.00 0.0 0 13.9 22 140 M M 6 39 140
24 87 62 75 18 0 10 0.00 0.0 0 12.2 23 130 M M 4 30 130
25 78 52 65 8 0 0 0.00 0.0 0 5.4 12 250 M M 0 17 240
26 78 52 65 8 0 0 0.00 0.0 0 8.6 20 150 M M 2 26 140
27 78 65 72 16 0 7 0.01 0.0 0 5.3 17 110 M M 5 18 23 120
28 66 43 55 -1 10 0 0.01 0.0 0 8.0 16 320 M M 7 24 310
29 74 39 57 1 8 0 0.00 0.0 0 8.5 22 360 M M 0 34 350
30 62 33 48 -7 17 0 0.00 0.0 0 5.8 17 340 M M 0 24 320
================================================================================
SM 2417 1669 41 144 0.02 0.0 267.3 M 72
================================================================================
AV 80.6 55.6 8.9 FASTST M M 2 MAX(MPH)
MISC ----> # 24 150 # 41 150
================================================================================
NOTES:
# LAST OF SEVERAL OCCURRENCES
COLUMN 17 PEAK WIND IN M.P.H.
PRELIMINARY LOCAL CLIMATOLOGICAL DATA (WS FORM: F-6) , PAGE 2
STATION: DEL RIO
MONTH: NOVEMBER
YEAR: 2020
LATITUDE: 29 22 N
LONGITUDE: 100 55 W
[TEMPERATURE DATA] [PRECIPITATION DATA] SYMBOLS USED IN COLUMN 16
AVERAGE MONTHLY: 68.1 TOTAL FOR MONTH: 0.02 1 = FOG OR MIST
DPTR FM NORMAL: 7.3 DPTR FM NORMAL: -0.91 2 = FOG REDUCING VISIBILITY
HIGHEST: 88 ON 1 GRTST 24HR 0.01 ON 28-28 TO 1/4 MILE OR LESS
LOWEST: 33 ON 30 3 = THUNDER
SNOW, ICE PELLETS, HAIL 4 = ICE PELLETS
TOTAL MONTH: 0.0 INCH 5 = HAIL
GRTST 24HR 0.0 6 = FREEZING RAIN OR DRIZZLE
GRTST DEPTH: 0 7 = DUSTSTORM OR SANDSTORM:
VSBY 1/2 MILE OR LESS
8 = SMOKE OR HAZE
[NO. OF DAYS WITH] [WEATHER - DAYS WITH] 9 = BLOWING SNOW
X = TORNADO
MAX 32 OR BELOW: 0 0.01 INCH OR MORE: 2
MAX 90 OR ABOVE: 0 0.10 INCH OR MORE: 0
MIN 32 OR BELOW: 0 0.50 INCH OR MORE: 0
MIN 0 OR BELOW: 0 1.00 INCH OR MORE: 0
[HDD (BASE 65) ]
TOTAL THIS MO. 41 CLEAR (SCALE 0-3) 19
DPTR FM NORMAL -132 PTCLDY (SCALE 4-7) 11
TOTAL FM JUL 1 98 CLOUDY (SCALE 8-10) 0
DPTR FM NORMAL -99
[CDD (BASE 65) ]
TOTAL THIS MO. 144
DPTR FM NORMAL 97 [PRESSURE DATA]
TOTAL FM JAN 1 4326 HIGHEST SLP 30.55 ON 30
DPTR FM NORMAL 954 LOWEST SLP 29.68 ON 24
[REMARKS]
#FINAL-11-20#