000
CXUS53 KDMX 020212
CF6DSM
PRELIMINARY LOCAL CLIMATOLOGICAL DATA (WS FORM: F-6)
STATION: DES MOINES IA
MONTH: FEBRUARY
YEAR: 2024
LATITUDE: 41 31 N
LONGITUDE: 93 39 W
TEMPERATURE IN F: :PCPN: SNOW: WIND :SUNSHINE: SKY :PK WND
================================================================================
1 2 3 4 5 6A 6B 7 8 9 10 11 12 13 14 15 16 17 18
12Z AVG MX 2MIN
DY MAX MIN AVG DEP HDD CDD WTR SNW DPTH SPD SPD DIR MIN PSBL S-S WX SPD DR
================================================================================
1 58 34 46 23 19 0 0.00 0.0 T 3.7 10 80 M M 4 1 14 70
2 41 35 38 15 27 0 0.00 0.0 T 14.1 21 90 M M 8 12 28 100
3 45 35 40 17 25 0 0.00 0.0 0 13.8 21 70 M M 8 18 29 120
4 48 31 40 16 25 0 0.00 0.0 0 8.0 15 40 M M 9 18 20 50
5 57 25 41 17 24 0 0.00 0.0 0 2.9 10 290 M M 7 14 300
6 58 24 41 17 24 0 0.00 0.0 0 6.8 15 240 M M 6 19 240
7 59 41 50 26 15 0 0.00 0.0 0 14.6 24 160 M M 10 32 150
8 63 37 50 26 15 0 T 0.0 0 18.9 37 220 M M 6 45 220
9 47 29 38 13 27 0 0.00 0.0 0 10.2 18 300 M M 4 24 310
10 43 28 36 11 29 0 0.00 0.0 0 8.3 18 320 M M 4 24 310
11 40 23 32 7 33 0 0.00 0.0 0 3.4 9 310 M M 7 14 340
12 51 22 37 11 28 0 0.00 0.0 0 4.7 13 320 M M 2 19 310
13 51 30 41 15 24 0 0.00 0.0 0 3.6 9 130 M M 6 13 130
14 58 27 43 17 22 0 0.18 0.0 0 10.1 23 140 M M 6 1 29 150
15 45 26 36 9 29 0 0.01 T 0 11.3 23 320 M M 6 1 40 330
16 29 10 20 -7 45 0 0.23 4.2 4 11.5 25 320 M M 8 1 33 310
17 32 5 19 -8 46 0 0.00 0.0 4 12.3 23 260 M M 0 32 250
18 42 24 33 5 32 0 0.00 0.0 3 7.5 17 320 M M 0 25 310
19 57 23 40 12 25 0 0.00 0.0 T 8.0 18 200 M M 3 22 210
20 64 29 47 18 18 0 0.00 0.0 0 8.8 16 220 M M 2 21 280
21 63 42 53 24 12 0 0.00 0.0 0 7.2 18 10 M M 7 26 20
22 66 40 53 24 12 0 0.00 0.0 0 8.9 22 310 M M 6 31 320
23 57 31 44 14 21 0 0.00 0.0 0 14.2 30 300 M M 5 41 280
24 52 26 39 9 26 0 0.00 0.0 0 9.8 21 200 M M 3 26 180
25 68 32 50 19 15 0 0.00 0.0 0 4.4 14 30 M M 1 20 40
26 78 38 58 27 7 0 0.00 0.0 0 11.0 25 210 M M 3 32 220
27 64 17 41 9 24 0 T T 0 16.3 39 310 M M 5 55 310
28 33 9 21 -11 44 0 0.00 0.0 0 15.4 37 310 M M 2 47 310
29 58 22 40 8 25 0 0.00 0.0 0 14.6 31 190 M M 1 40 190
================================================================================
SM 1527 795 718 0 0.42 4.2 284.3 M 139
================================================================================
AV 52.7 27.4 9.8 FASTST M M 5 MAX(MPH)
MISC ----> 39 310 55 310
================================================================================
NOTES:
# LAST OF SEVERAL OCCURRENCES
COLUMN 17 PEAK WIND IN M.P.H.
PRELIMINARY LOCAL CLIMATOLOGICAL DATA (WS FORM: F-6) , PAGE 2
STATION: DES MOINES IA
MONTH: FEBRUARY
YEAR: 2024
LATITUDE: 41 31 N
LONGITUDE: 93 39 W
[TEMPERATURE DATA] [PRECIPITATION DATA] SYMBOLS USED IN COLUMN 16
AVERAGE MONTHLY: 40.0 TOTAL FOR MONTH: 0.42 1 = FOG OR MIST
DPTR FM NORMAL: 13.1 DPTR FM NORMAL: -0.92 2 = FOG REDUCING VISIBILITY
HIGHEST: 78 ON 26 GRTST 24HR 0.24 ON 15-16 TO 1/4 MILE OR LESS
LOWEST: 5 ON 17 3 = THUNDER
SNOW, ICE PELLETS, HAIL 4 = ICE PELLETS
TOTAL MONTH: 4.2 INCHES 5 = HAIL
GRTST 24HR 4.2 ON 16-16 6 = FREEZING RAIN OR DRIZZLE
GRTST DEPTH: 4 ON 17,16 7 = DUSTSTORM OR SANDSTORM:
VSBY 1/2 MILE OR LESS
8 = SMOKE OR HAZE
[NO. OF DAYS WITH] [WEATHER - DAYS WITH] 9 = BLOWING SNOW
X = TORNADO
MAX 32 OR BELOW: 2 0.01 INCH OR MORE: 3
MAX 90 OR ABOVE: 0 0.10 INCH OR MORE: 2
MIN 32 OR BELOW: 21 0.50 INCH OR MORE: 0
MIN 0 OR BELOW: 0 1.00 INCH OR MORE: 0
[HDD (BASE 65) ]
TOTAL THIS MO. 718 CLEAR (SCALE 0-3) 10
DPTR FM NORMAL -350 PTCLDY (SCALE 4-7) 15
TOTAL FM JUL 1 3866 CLOUDY (SCALE 8-10) 4
DPTR FM NORMAL -993
[CDD (BASE 65) ]
TOTAL THIS MO. 0
DPTR FM NORMAL 0 [PRESSURE DATA]
TOTAL FM JAN 1 0 HIGHEST SLP 30.43 ON 17
DPTR FM NORMAL 0 LOWEST SLP 29.31 ON 27
[REMARKS]
#FINAL-02-24#