000
CXUS54 KFWD 161604
CF6DTO
PRELIMINARY LOCAL CLIMATOLOGICAL DATA (WS FORM: F-6)
STATION: DENTON
MONTH: JANUARY
YEAR: 2024
LATITUDE: 33 12 N
LONGITUDE: 97 12 W
TEMPERATURE IN F: :PCPN: SNOW: WIND :SUNSHINE: SKY :PK WND
================================================================================
1 2 3 4 5 6A 6B 7 8 9 10 11 12 13 14 15 16 17 18
12Z AVG MX 2MIN
DY MAX MIN AVG DEP HDD CDD WTR SNW DPTH SPD SPD DIR MIN PSBL S-S WX SPD DR
================================================================================
1 45 26 36 -7 29 0 0.00 M M 7.3 17 360 M M 4 23 360
2 48 24 36 -7 29 0 0.38 M M 3.6 14 120 M M 4 1 17 90
3 55 34 45 2 20 0 0.00 M M 2.9 8 10 M M 6 1 12 10
4 58 30 44 1 21 0 0.05 M M 7.3 17 110 M M 5 12 24 140
5 52 41 47 4 18 0 0.26 M M 7.6 21 100 M M 9 1 31 110
6 51 35 43 0 22 0 0.00 M M 7.1 16 320 M M 5 22 300
7 59 26 43 0 22 0 0.00 M M 9.6 24 170 M M 0 1 31 150
8 58 37 48 5 17 0 0.47 M M 15.5 35 280 M M 8 13 53 270
9 49 25 37 -6 28 0 0.00 M M 15.8 35 290 M M 2 52 300
10 66 24 45 2 20 0 0.00 M M 9.6 26 210 M M 0 34 210
11 70 27 49 6 16 0 0.00 M M 8.8 23 170 M M 0 30 160
12 63 26 45 2 20 0 0.00 M M 14.7 31 310 M M 2 8 48 300
13 60 19 40 -4 25 0 0.00 M M 13.3 28 360 M M 0 39 360
14 19 11 15 -29 50 0 T M M 14.9 22 360 M M 8 1 29 350
15 26 10 18 -26 47 0 0.00 M M 14.2 24 360 M M 4 33 360
16 27 9 18 -26 47 0 0.00 M M 8.7 22 360 M M 0 28 340
17 44 10 27 -17 38 0 0.00 M M 12.8 29 170 M M 0 37 160
18 59 31 45 1 20 0 0.00 M M 10.0 21 180 M M 0 28 180
19 40 20 30 -14 35 0 0.00 M M 13.9 24 360 M M 0 33 10
20 36 15 26 -18 39 0 0.00 M M 6.6 13 20 M M 0 17 20
21 39 28 34 -10 31 0 0.06 M M 10.6 17 130 M M 10 1 23 130
22 38 32 35 -9 30 0 0.20 M M 5.6 10 10 M M 10 16 14 10
23 50 38 44 0 21 0 0.44 M M 5.7 12 20 M M 10 12 15 350
24 53 44 49 4 16 0 T M M 4.8 10 350 M M 10 1 14 340
25 54 47 51 6 14 0 T M M 3.5 12 260 M M 10 1 16 250
26 51 48 50 5 15 0 0.20 M M 7.5 18 30 M M 10 13 23 310
27 49 34 42 -3 23 0 0.37 M M 11.4 20 320 M M 7 13 27 320
28 63 28 46 1 19 0 0.00 M M 2.9 12 270 M M 0 1 16 280
29 73 33 53 8 12 0 0.00 M M 4.4 16 260 M M 0 24 210
30 76 36 56 11 9 0 0.00 M M 4.2 13 330 M M 0 17 320
31 74 36 55 9 10 0 0.00 M M 3.4 12 170 M M 0 15 170
================================================================================
SM 1605 884 763 0 2.43 M 268.2 M 124
================================================================================
AV 51.8 28.5 8.7 FASTST M M 4 MAX(MPH)
MISC ----> # 35 280 53 270
================================================================================
NOTES:
# LAST OF SEVERAL OCCURRENCES
COLUMN 17 PEAK WIND IN M.P.H.
PRELIMINARY LOCAL CLIMATOLOGICAL DATA (WS FORM: F-6) , PAGE 2
STATION: DENTON
MONTH: JANUARY
YEAR: 2024
LATITUDE: 33 12 N
LONGITUDE: 97 12 W
[TEMPERATURE DATA] [PRECIPITATION DATA] SYMBOLS USED IN COLUMN 16
AVERAGE MONTHLY: 40.1 TOTAL FOR MONTH: 2.43 1 = FOG OR MIST
DPTR FM NORMAL: -3.9 DPTR FM NORMAL: 0.49 2 = FOG REDUCING VISIBILITY
HIGHEST: 76 ON 30 GRTST 24HR 2.15 ON 21-22 TO 1/4 MILE OR LESS
LOWEST: 9 ON 16 3 = THUNDER
SNOW, ICE PELLETS, HAIL 4 = ICE PELLETS
TOTAL MONTH: M 5 = HAIL
GRTST 24HR M ON M 6 = FREEZING RAIN OR DRIZZLE
GRTST DEPTH: M ON M 7 = DUSTSTORM OR SANDSTORM:
VSBY 1/2 MILE OR LESS
8 = SMOKE OR HAZE
[NO. OF DAYS WITH] [WEATHER - DAYS WITH] 9 = BLOWING SNOW
X = TORNADO
MAX 32 OR BELOW: 3 0.01 INCH OR MORE: 9
MAX 90 OR ABOVE: 0 0.10 INCH OR MORE: 7
MIN 32 OR BELOW: 19 0.50 INCH OR MORE: 0
MIN 0 OR BELOW: 0 1.00 INCH OR MORE: 0
[HDD (BASE 65) ]
TOTAL THIS MO. 763 CLEAR (SCALE 0-3) 15
DPTR FM NORMAL 109 PTCLDY (SCALE 4-7) 9
TOTAL FM JUL 1 1698 CLOUDY (SCALE 8-10) 7
DPTR FM NORMAL -19
[CDD (BASE 65) ]
TOTAL THIS MO. 0
DPTR FM NORMAL -1 [PRESSURE DATA]
TOTAL FM JAN 1 0 HIGHEST SLP 30.66 ON 20
DPTR FM NORMAL -1 LOWEST SLP 29.42 ON 12
[REMARKS]
#FINAL-01-24#