000
CXUS51 KPBZ 141249
CF6DUJ
PRELIMINARY LOCAL CLIMATOLOGICAL DATA (WS FORM: F-6)
STATION: DUBOIS PA
MONTH: JANUARY
YEAR: 2022
LATITUDE: 41 10 N
LONGITUDE: 78 54 W
TEMPERATURE IN F: :PCPN: SNOW: WIND :SUNSHINE: SKY :PK WND
================================================================================
1 2 3 4 5 6A 6B 7 8 9 10 11 12 13 14 15 16 17 18
12Z AVG MX 2MIN
DY MAX MIN AVG DEP HDD CDD WTR SNW DPTH SPD SPD DIR MIN PSBL S-S WX SPD DR
================================================================================
1 55 48 52 26 13 0 0.36 M M 6.0 16 250 M M 10 1 22 220
2 49 25 37 11 28 0 T M M 7.7 16 310 M M 10 12 22 330
3 27 16 22 -4 43 0 T M M 9.0 16 360 M M 5 8 21 360
4 36 16 26 0 39 0 0.00 M M 6.9 14 130 M M 1 19 140
5 46 28 37 11 28 0 0.00 M M 13.6 28 260 M M 5 37 250
6 28 17 23 -2 42 0 0.07 M M 9.5 30 250 M M 8 18 40 260
7 20 16 18 -7 47 0 0.01 M M 13.8 23 280 M M 10 18 30 260
8 29 9 19 -6 46 0 T M M 7.4 15 120 M M 4 1 22 130
9 41 23 32 7 33 0 0.68 M M 14.3 24 280 M M 9 16 35 300
10 23 12 18 -7 47 0 T M M 15.6 23 260 M M 9 8 32 280
11 21 8 15 -10 50 0 T M M 8.1 15 260 M M 7 18 21 310
12 42 21 32 8 33 0 T M M 13.4 25 230 M M 2 33 240
13 42 30 36 12 29 0 0.15 M M 2.8 17 240 M M 9 12 21 230
14 34 15 25 1 40 0 T M M 9.2 17 340 M M 10 1 23 340
15 18 5 12 -12 53 0 0.00 M M 6.5 12 20 M M 1 16 10
16 28 4 16 -8 49 0 0.27 M M 12.5 21 80 M M 4 128 31 70
17 36 25 31 7 34 0 0.28 M M 14.7 28 280 M M 10 128 41 290
18 27 22 25 1 40 0 T M M 11.3 22 270 M M 10 18 27 280
19 43 23 33 9 32 0 T M M 12.8 25 240 M M 8 18 33 220
20 31 6 19 -5 46 0 T M M 10.6 20 330 M M 8 18 25 320
21 19 3 11 -13 54 0 0.00 M M 5.2 13 60 M M 4 8 17 10
22 22 -6 8 -16 57 0 0.00 M M 7.7 17 250 M M 3 22 250
23 24 16 20 -4 45 0 0.04 M M 9.4 18 250 M M 10 128 23 240
24 27 6 17 -7 48 0 0.08 M M 5.9 16 230 M M 7 18 22 240
25 27 9 18 -6 47 0 T M M 9.8 18 250 M M 8 18 24 250
26 17 5 11 -13 54 0 T M M 5.7 13 240 M M 8 18 18 280
27 27 0 14 -10 51 0 0.00 M M 7.1 20 240 M M 4 27 220
28 29 14 22 -2 43 0 0.01 M M 6.7 16 10 M M 10 18 21 10
29 17 1 9 -15 56 0 0.00 M M 10.4 18 320 M M 3 8 26 310
30 19 -2 9 -15 56 0 T M M 3.0 8 130 M M 7 18 12 200
31 30 5 18 -6 47 0 0.00 M M 7.1 13 120 M M 0 18 16 110
================================================================================
SM 934 420 1330 0 1.95 M 283.7 M 204
================================================================================
AV 30.1 13.5 9.2 FASTST M M 7 MAX(MPH)
MISC ----> 30 250 41 290
================================================================================
NOTES:
# LAST OF SEVERAL OCCURRENCES
COLUMN 17 PEAK WIND IN M.P.H.
PRELIMINARY LOCAL CLIMATOLOGICAL DATA (WS FORM: F-6) , PAGE 2
STATION: DUBOIS PA
MONTH: JANUARY
YEAR: 2022
LATITUDE: 41 10 N
LONGITUDE: 78 54 W
[TEMPERATURE DATA] [PRECIPITATION DATA] SYMBOLS USED IN COLUMN 16
AVERAGE MONTHLY: 21.8 TOTAL FOR MONTH: 1.95 1 = FOG OR MIST
DPTR FM NORMAL: -2.7 DPTR FM NORMAL: -0.98 2 = FOG REDUCING VISIBILITY
HIGHEST: 55 ON 1 GRTST 24HR 1.40 ON 1- 1 TO 1/4 MILE OR LESS
LOWEST: -6 ON 22 3 = THUNDER
SNOW, ICE PELLETS, HAIL 4 = ICE PELLETS
TOTAL MONTH: M 5 = HAIL
GRTST 24HR M ON M 6 = FREEZING RAIN OR DRIZZLE
GRTST DEPTH: M ON M 7 = DUSTSTORM OR SANDSTORM:
VSBY 1/2 MILE OR LESS
8 = SMOKE OR HAZE
[NO. OF DAYS WITH] [WEATHER - DAYS WITH] 9 = BLOWING SNOW
X = TORNADO
MAX 32 OR BELOW: 21 0.01 INCH OR MORE: 10
MAX 90 OR ABOVE: 0 0.10 INCH OR MORE: 5
MIN 32 OR BELOW: 30 0.50 INCH OR MORE: 1
MIN 0 OR BELOW: 3 1.00 INCH OR MORE: 0
[HDD (BASE 65) ]
TOTAL THIS MO. 1330 CLEAR (SCALE 0-3) 6
DPTR FM NORMAL 73 PTCLDY (SCALE 4-7) 13
TOTAL FM JUL 1 3304 CLOUDY (SCALE 8-10) 12
DPTR FM NORMAL -495
[CDD (BASE 65) ]
TOTAL THIS MO. 0
DPTR FM NORMAL 0 [PRESSURE DATA]
TOTAL FM JAN 1 0 HIGHEST SLP 30.60 ON 21
DPTR FM NORMAL 0 LOWEST SLP 29.06 ON 17
[REMARKS]
#FINAL-01-22#