000
CXUS51 KPBZ 010730
CF6DUJ
PRELIMINARY LOCAL CLIMATOLOGICAL DATA (WS FORM: F-6)
STATION: DUBOIS PA
MONTH: JULY
YEAR: 2021
LATITUDE: 41 10 N
LONGITUDE: 78 54 W
TEMPERATURE IN F: :PCPN: SNOW: WIND :SUNSHINE: SKY :PK WND
================================================================================
1 2 3 4 5 6A 6B 7 8 9 10 11 12 13 14 15 16 17 18
12Z AVG MX 2MIN
DY MAX MIN AVG DEP HDD CDD WTR SNW DPTH SPD SPD DIR MIN PSBL S-S WX SPD DR
================================================================================
1 72 62 67 -1 0 2 0.62 M M 6.2 14 230 M M 8 12 18 240
2 69 53 61 -7 4 0 0.29 M M 6.3 15 290 M M 6 123 21 280
3 75 55 65 -4 0 0 0.00 M M 7.7 16 310 M M 6 1 22 320
4 81 52 67 -2 0 2 0.00 M M 1.9 13 330 M M 2 21 300
5 85 58 72 3 0 7 0.00 M M 5.3 15 250 M M 1 18 20 250
6 86 70 78 9 0 13 0.00 M M 9.7 20 250 M M 1 18 26 230
7 87 64 76 7 0 11 0.58 M M 6.6 33 230 M M 3 138 44 220
8 75 65 70 1 0 5 0.15 M M 4.9 14 200 M M 7 1238 22 210
9 79 59 69 0 0 4 0.13 M M 6.9 17 310 M M 8 128 25 280
10 76 58 67 -2 0 2 0.00 M M 4.1 14 240 M M 6 17 240
11 82 61 72 3 0 7 0.71 M M 5.6 25 350 M M 7 138 39 340
12 85 70 78 9 0 13 0.13 M M 5.9 15 250 M M 8 13 21 250
13 85 68 77 8 0 12 0.02 M M 5.9 21 260 M M 4 138 29 250
14 82 65 74 5 0 9 0.00 M M 7.1 16 230 M M 5 1 20 230
15 81 63 72 3 0 7 0.00 M M 5.3 20 220 M M 2 18 27 220
16 84 66 75 6 0 10 0.26 M M 5.4 14 280 M M 6 13 18 230
17 80 63 72 3 0 7 0.68 M M 6.9 17 230 M M 7 1238 25 210
18 80 60 70 1 0 5 0.00 M M 8.6 17 350 M M 6 1 23 350
19 81 58 70 1 0 5 0.00 M M 4.7 12 270 M M 2 12 16 270
20 81 59 70 1 0 5 0.07 M M 5.2 20 310 M M 3 1238 28 320
21 77 56 67 -2 0 2 0.00 M M 7.5 16 350 M M 5 128 23 330
22 76 50 63 -6 2 0 0.00 M M 3.2 14 270 M M 2 18 280
23 77 56 67 -2 0 2 0.00 M M 2.3 9 240 M M 2 11 240
24 79 56 68 -1 0 3 0.05 M M 5.0 13 260 M M 3 18 17 230
25 85 68 77 8 0 12 0.01 M M 6.2 14 280 M M 4 18 19 290
26 85 60 73 4 0 8 0.00 M M 3.6 14 240 M M 1 18 20 260
27 86 56 71 2 0 6 0.00 M M 5.7 17 280 M M 0 22 280
28 82 60 71 2 0 6 T M M 2.6 10 20 M M 4 1 14 350
29 77 63 70 1 0 5 0.83 M M 6.0 24 250 M M 4 138 33 250
30 76 52 64 -5 1 0 0.00 M M 8.4 21 330 M M 5 1 27 330
31 73 49 61 -8 4 0 0.00 M M 3.0 13 270 M M 0 1 19 270
================================================================================
SM 2479 1855 11 170 4.53 M 173.7 M 128
================================================================================
AV 80.0 59.8 5.6 FASTST M M 4 MAX(MPH)
MISC ----> 33 230 44 220
================================================================================
NOTES:
# LAST OF SEVERAL OCCURRENCES
COLUMN 17 PEAK WIND IN M.P.H.
PRELIMINARY LOCAL CLIMATOLOGICAL DATA (WS FORM: F-6) , PAGE 2
STATION: DUBOIS PA
MONTH: JULY
YEAR: 2021
LATITUDE: 41 10 N
LONGITUDE: 78 54 W
[TEMPERATURE DATA] [PRECIPITATION DATA] SYMBOLS USED IN COLUMN 16
AVERAGE MONTHLY: 69.9 TOTAL FOR MONTH: 4.53 1 = FOG OR MIST
DPTR FM NORMAL: 0.8 DPTR FM NORMAL: 0.17 2 = FOG REDUCING VISIBILITY
HIGHEST: 87 ON 7 GRTST 24HR 1.37 ON 30- 1 TO 1/4 MILE OR LESS
LOWEST: 49 ON 31 3 = THUNDER
SNOW, ICE PELLETS, HAIL 4 = ICE PELLETS
TOTAL MONTH: M 5 = HAIL
GRTST 24HR M ON M 6 = FREEZING RAIN OR DRIZZLE
GRTST DEPTH: M ON M 7 = DUSTSTORM OR SANDSTORM:
VSBY 1/2 MILE OR LESS
8 = SMOKE OR HAZE
[NO. OF DAYS WITH] [WEATHER - DAYS WITH] 9 = BLOWING SNOW
X = TORNADO
MAX 32 OR BELOW: 0 0.01 INCH OR MORE: 14
MAX 90 OR ABOVE: 0 0.10 INCH OR MORE: 10
MIN 32 OR BELOW: 0 0.50 INCH OR MORE: 5
MIN 0 OR BELOW: 0 1.00 INCH OR MORE: 0
[HDD (BASE 65) ]
TOTAL THIS MO. 11 CLEAR (SCALE 0-3) 13
DPTR FM NORMAL -9 PTCLDY (SCALE 4-7) 16
TOTAL FM JUL 1 11 CLOUDY (SCALE 8-10) 2
DPTR FM NORMAL -14
[CDD (BASE 65) ]
TOTAL THIS MO. 170
DPTR FM NORMAL 25 [PRESSURE DATA]
TOTAL FM JAN 1 382 HIGHEST SLP 30.23 ON 23
DPTR FM NORMAL 128 LOWEST SLP 29.80 ON 29
[REMARKS]
#FINAL-07-21#