000
CXUS55 KDVN 011404
CF6DVN
PRELIMINARY LOCAL CLIMATOLOGICAL DATA (WS FORM: F-6)
STATION: DAVENPORT IA
MONTH: OCTOBER
YEAR: 2023
LATITUDE: 41 37 N
LONGITUDE: 90 35 W
TEMPERATURE IN F: :PCPN: SNOW: WIND :SUNSHINE: SKY :PK WND
================================================================================
1 2 3 4 5 6A 6B 7 8 9 10 11 12 13 14 15 16 17 18
12Z AVG MX 2MIN
DY MAX MIN AVG DEP HDD CDD WTR SNW DPTH SPD SPD DIR MIN PSBL S-S WX SPD DR
================================================================================
1 89 58 74 15 0 9 0.00 0.0 0 6.6 14 140 M M 0 21 140
2 87 56 72 14 0 7 0.00 0.0 0 6.3 13 160 M M 0 20 160
3 88 57 73 15 0 8 0.00 0.0 0 8.4 18 190 M M 1 25 170
4 84 63 74 16 0 9 T 0.0 0 9.8 20 220 M M 3 28 220
5 79 50 65 8 0 0 0.00 0.0 0 7.7 20 300 M M 2 29 310
6 56 44 50 -7 15 0 0.11 0.0 0 12.5 28 280 M M 6 1 41 280
7 60 40 50 -6 15 0 0.00 0.0 0 6.7 17 310 M M 3 8 25 310
8 67 45 56 0 9 0 0.00 0.0 0 4.6 12 40 M M 7 16 20
9 62 35 49 -7 16 0 0.00 0.0 0 7.6 20 310 M M 3 29 330
10 64 33 49 -6 16 0 0.00 0.0 0 6.6 17 270 M M 0 26 290
11 63 32 48 -7 17 0 0.88 0.0 0 7.5 30 340 M M 7 138 40 90
12 66 53 60 6 5 0 0.72 0.0 0 15.6 24 100 M M 7 13 35 110
13 58 55 57 3 8 0 0.85 0.0 0 11.6 26 100 M M 9 13 33 120
14 56 50 53 -1 12 0 0.14 0.0 0 14.4 23 20 M M 10 1 33 10
15 58 43 51 -2 14 0 0.00 0.0 0 10.0 18 310 M M 6 25 350
16 61 38 50 -3 15 0 0.00 0.0 0 6.3 15 30 M M 0 8 20 10
17 65 33 49 -3 16 0 0.00 0.0 0 4.6 12 180 M M 0 8 15 220
18 64 44 54 2 11 0 0.04 0.0 0 10.4 23 170 M M 4 32 160
19 59 48 54 3 11 0 0.03 0.0 0 9.2 18 270 M M 8 1 24 280
20 68 41 55 4 10 0 0.00 0.0 0 8.9 21 310 M M 1 30 320
21 69 41 55 5 10 0 0.00 0.0 0 13.7 31 310 M M 2 42 310
22 60 33 47 -3 18 0 0.00 0.0 0 4.7 8 110 M M 0 1 12 350
23 74 44 59 9 6 0 0.00 0.0 0 14.4 26 160 M M 0 36 140
24 82 61 72 23 0 7 0.01 0.0 0 13.6 33 220 M M 3 45 220
25 66 61 64 15 1 0 0.03 0.0 0 8.5 18 170 M M 10 1 28 180
26 67 64 66 18 0 1 0.49 0.0 0 12.6 18 180 M M 10 1 26 180
27 68 37 53 5 12 0 T 0.0 0 14.9 24 290 M M 8 1 33 290
28 48 36 42 -5 23 0 T 0.0 0 11.3 18 20 M M 9 25 10
29 40 31 36 -11 29 0 T T 0 12.3 18 340 M M 10 24 340
30 40 26 33 -13 32 0 0.00 0.0 0 10.4 21 280 M M 0 26 280
31 37 28 33 -13 32 0 T T 0 17.1 33 280 M M 7 46 270
================================================================================
SM 2005 1380 353 41 3.30 T 308.8 M 136
================================================================================
AV 64.7 44.5 10.0 FASTST M M 4 MAX(MPH)
MISC ----> # 33 220 46 270
================================================================================
NOTES:
# LAST OF SEVERAL OCCURRENCES
COLUMN 17 PEAK WIND IN M.P.H.
PRELIMINARY LOCAL CLIMATOLOGICAL DATA (WS FORM: F-6) , PAGE 2
STATION: DAVENPORT IA
MONTH: OCTOBER
YEAR: 2023
LATITUDE: 41 37 N
LONGITUDE: 90 35 W
[TEMPERATURE DATA] [PRECIPITATION DATA] SYMBOLS USED IN COLUMN 16
AVERAGE MONTHLY: 54.6 TOTAL FOR MONTH: 3.30 1 = FOG OR MIST
DPTR FM NORMAL: 2.1 DPTR FM NORMAL: 0.60 2 = FOG REDUCING VISIBILITY
HIGHEST: 89 ON 1 GRTST 24HR 1.60 ON 11-12 TO 1/4 MILE OR LESS
LOWEST: 26 ON 30 3 = THUNDER
SNOW, ICE PELLETS, HAIL 4 = ICE PELLETS
TOTAL MONTH: T 5 = HAIL
GRTST 24HR T ON 29-29 6 = FREEZING RAIN OR DRIZZLE
GRTST DEPTH: 0 7 = DUSTSTORM OR SANDSTORM:
VSBY 1/2 MILE OR LESS
8 = SMOKE OR HAZE
[NO. OF DAYS WITH] [WEATHER - DAYS WITH] 9 = BLOWING SNOW
X = TORNADO
MAX 32 OR BELOW: 0 0.01 INCH OR MORE: 10
MAX 90 OR ABOVE: 0 0.10 INCH OR MORE: 6
MIN 32 OR BELOW: 4 0.50 INCH OR MORE: 3
MIN 0 OR BELOW: 0 1.00 INCH OR MORE: 0
[HDD (BASE 65) ]
TOTAL THIS MO. 353 CLEAR (SCALE 0-3) 15
DPTR FM NORMAL -49 PTCLDY (SCALE 4-7) 8
TOTAL FM JUL 1 379 CLOUDY (SCALE 8-10) 8
DPTR FM NORMAL -139
[CDD (BASE 65) ]
TOTAL THIS MO. 41
DPTR FM NORMAL 25 [PRESSURE DATA]
TOTAL FM JAN 1 1029 HIGHEST SLP 30.41 ON 31
DPTR FM NORMAL 150 LOWEST SLP 29.63 ON 14
[REMARKS]
#FINAL-10-23#