000
CXUS55 KPSR 011005
CF6DVT
PRELIMINARY LOCAL CLIMATOLOGICAL DATA (WS FORM: F-6)
STATION: DEER VLY/PHOENIX AZ
MONTH: JUNE
YEAR: 2021
LATITUDE: 33 41 N
LONGITUDE: 112 4 W
TEMPERATURE IN F: :PCPN: SNOW: WIND :SUNSHINE: SKY :PK WND
================================================================================
1 2 3 4 5 6A 6B 7 8 9 10 11 12 13 14 15 16 17 18
12Z AVG MX 2MIN
DY MAX MIN AVG DEP HDD CDD WTR SNW DPTH SPD SPD DIR MIN PSBL S-S WX SPD DR
================================================================================
1 101 74 88 5 0 23 0.00 M M 6.7 17 230 M M 0 23 210
2 104 70 87 4 0 22 0.00 M M 8.5 20 230 M M 0 26 240
3 105 77 91 8 0 26 0.00 M M 7.6 18 230 M M 0 26 250
4 105 77 91 7 0 26 0.00 M M 7.6 21 230 M M 0 28 230
5 105 74 90 6 0 25 0.00 M M 9.2 23 220 M M 0 29 260
6 103 70 87 3 0 22 0.00 M M 6.7 18 250 M M 0 24 200
7 100 70 85 0 0 20 0.00 M M 8.2 24 220 M M 0 30 220
8 94 71 83 -2 0 18 0.00 M M 6.6 15 210 M M 0 21 170
9 99 71 85 0 0 20 0.00 M M 4.9 15 230 M M 0 22 170
10 99 67 83 -3 0 18 0.00 M M 5.6 17 220 M M 0 22 240
11 100 68 84 -2 0 19 0.00 M M 4.0 15 230 M M 0 19 220
12 107 69 88 2 0 23 0.00 M M 4.3 14 230 M M 0 20 250
13 111 74 93 7 0 28 0.00 M M 4.9 17 250 M M 0 21 250
14 113 77 95 8 0 30 0.00 M M 5.6 15 220 M M 0 18 220
15 113 80 97 10 0 32 T M M 6.7 38 130 M M 0 8 51 130
16 112 89 101 14 0 36 0.00 M M 5.8 14 260 M M 0 19 220
17 114 88 101 13 0 36 0.00 M M 6.8 20 130 M M 0 25 140
18 114 90 102 14 0 37 0.00 M M 7.8 16 110 M M 0 23 120
19 114 87 101 13 0 36 0.00 M M 7.6 20 230 M M 0 25 210
20 113 84 99 11 0 34 0.00 M M 10.9 24 230 M M 0 29 230
21 107 84 96 7 0 31 0.00 M M 9.5 21 220 M M 0 29 260
22 106 78 92 3 0 27 T M M 9.2 23 210 M M 1 8 28 240
23 93 77 85 -4 0 20 0.05 M M 5.3 13 110 M M 2 3 17 120
24 101 76 89 -1 0 24 0.00 M M 6.5 17 220 M M 0 22 230
25 104 79 92 2 0 27 0.00 M M 5.4 18 220 M M 0 24 230
26 106 78 92 2 0 27 0.00 M M 5.8 16 250 M M 0 21 220
27 112 81 97 7 0 32 0.00 M M 5.0 16 330 M M 0 8 23 300
28 107 87 97 6 0 32 T M M 9.0 25 110 M M 0 35 110
29 103 83 93 2 0 28 0.00 M M 8.2 17 90 M M 0 28 80
30 103 84 94 3 0 29 0.00 M M 7.0 23 330 M M 0 29 40
================================================================================
SM 3168 2334 0 808 0.05 M 206.9 M 3
================================================================================
AV105.6 77.8 6.9 FASTST M M 0 MAX(MPH)
MISC ----> 38 130 51 130
================================================================================
NOTES:
# LAST OF SEVERAL OCCURRENCES
COLUMN 17 PEAK WIND IN M.P.H.
PRELIMINARY LOCAL CLIMATOLOGICAL DATA (WS FORM: F-6) , PAGE 2
STATION: DEER VLY/PHOENIX AZ
MONTH: JUNE
YEAR: 2021
LATITUDE: 33 41 N
LONGITUDE: 112 4 W
[TEMPERATURE DATA] [PRECIPITATION DATA] SYMBOLS USED IN COLUMN 16
AVERAGE MONTHLY: 91.7 TOTAL FOR MONTH: 0.05 1 = FOG OR MIST
DPTR FM NORMAL: 4.6 DPTR FM NORMAL: 0.02 2 = FOG REDUCING VISIBILITY
HIGHEST: 114 ON 19,18 GRTST 24HR 0.05 ON 23-23 TO 1/4 MILE OR LESS
LOWEST: 67 ON 10 3 = THUNDER
SNOW, ICE PELLETS, HAIL 4 = ICE PELLETS
TOTAL MONTH: M 5 = HAIL
GRTST 24HR M ON M 6 = FREEZING RAIN OR DRIZZLE
GRTST DEPTH: M ON M 7 = DUSTSTORM OR SANDSTORM:
VSBY 1/2 MILE OR LESS
8 = SMOKE OR HAZE
[NO. OF DAYS WITH] [WEATHER - DAYS WITH] 9 = BLOWING SNOW
X = TORNADO
MAX 32 OR BELOW: 0 0.01 INCH OR MORE: 1
MAX 90 OR ABOVE: 30 0.10 INCH OR MORE: 0
MIN 32 OR BELOW: 0 0.50 INCH OR MORE: 0
MIN 0 OR BELOW: 0 1.00 INCH OR MORE: 0
[HDD (BASE 65) ]
TOTAL THIS MO. 0 CLEAR (SCALE 0-3) 30
DPTR FM NORMAL 0 PTCLDY (SCALE 4-7) 0
TOTAL FM JUL 1 1202 CLOUDY (SCALE 8-10) 0
DPTR FM NORMAL 1
[CDD (BASE 65) ]
TOTAL THIS MO. 808
DPTR FM NORMAL 145 [PRESSURE DATA]
TOTAL FM JAN 1 1535 HIGHEST SLP 29.92 ON 9
DPTR FM NORMAL 238 LOWEST SLP 29.44 ON 27
[REMARKS]
#FINAL-06-21#