000
CXUS54 KHGX 010719
CF6DWH
PRELIMINARY LOCAL CLIMATOLOGICAL DATA (WS FORM: F-6)
STATION: HOUSTON/D.W._HOOKS
MONTH: MARCH
YEAR: 2020
LATITUDE: 30 4 N
LONGITUDE: 95 33 W
TEMPERATURE IN F: :PCPN: SNOW: WIND :SUNSHINE: SKY :PK WND
================================================================================
1 2 3 4 5 6A 6B 7 8 9 10 11 12 13 14 15 16 17 18
12Z AVG MX 2MIN
DY MAX MIN AVG DEP HDD CDD WTR SNW DPTH SPD SPD DIR MIN PSBL S-S WX SPD DR
================================================================================
1 72 60 66 8 0 1 0.02 0.0 0 8.4 17 170 M M 8 27 170
2 81 62 72 14 0 7 0.00 0.0 0 6.1 16 200 M M 9 18 21 200
3 82 66 74 16 0 9 0.00 0.0 0 5.4 16 130 M M 6 18 19 130
4 75 55 65 7 0 0 0.24 0.0 0 9.2 23 40 M M 10 138 35 10
5 74 51 63 4 2 0 T 0.0 0 8.6 21 360 M M 5 29 10
6 74 45 60 1 5 0 0.00 0.0 0 6.2 18 50 M M 0 24 70
7 61 42 52 -7 13 0 0.00 0.0 0 6.1 16 90 M M 0 19 90
8 74 45 60 1 5 0 0.00 0.0 0 10.2 21 130 M M 2 28 140
9 72 61 67 8 0 2 0.02 0.0 0 6.2 14 190 M M 9 22 150
10 82 60 71 11 0 6 0.01 0.0 0 3.2 13 180 M M 6 128 20 190
11 82 63 73 13 0 8 0.00 0.0 0 7.8 15 190 M M 6 1 22 200
12 84 68 76 16 0 11 0.00 0.0 0 10.1 20 200 M M 7 26 200
13 83 69 76 16 0 11 0.00 0.0 0 7.9 17 140 M M 9 23 170
14 80 71 76 16 0 11 T 0.0 0 7.1 16 130 M M 7 22 130
15 84 63 74 14 0 9 T 0.0 0 5.4 15 110 M M 6 18 20 120
16 76 63 70 9 0 5 0.00 0.0 0 5.2 18 120 M M 7 18 22 110
17 84 68 76 15 0 11 0.13 0.0 0 7.4 17 150 M M 7 138 26 130
18 82 70 76 15 0 11 0.00 0.0 0 8.8 16 150 M M 7 23 170
19 84 72 78 17 0 13 0.00 0.0 0 8.8 17 180 M M 8 25 170
20 74 54 64 2 1 0 3.12 0.0 0 7.8 17 360 M M 9 13 27 360
21 59 51 55 -7 10 0 1.07 0.0 0 8.3 18 90 M M 9 13 25 40
22 75 57 66 4 0 1 0.09 0.0 0 5.5 13 80 M M 9 128 19 70
23 85 70 78 16 0 13 0.00 0.0 0 7.1 16 200 M M 8 1 23 200
24 84 68 76 14 0 11 0.00 0.0 0 8.0 21 220 M M 7 18 29 230
25 89 70 80 17 0 15 0.00 0.0 0 5.8 12 190 M M 5 18 20 150
26 88 67 78 15 0 13 0.00 0.0 0 6.9 18 200 M M 4 18 26 190
27 89 68 79 16 0 14 0.00 0.0 0 9.1 21 190 M M 4 1 31 190
28 79 55 67 4 0 2 0.06 0.0 0 5.9 18 310 M M 7 8 24 300
29 81 50 66 2 0 1 0.00 0.0 0 5.2 15 80 M M 3 1 20 120
30 82 63 73 9 0 8 0.02 0.0 0 5.9 14 170 M M 6 22 160
31 74 56 65 1 0 0 0.00 0.0 0 8.2 17 10 M M 4 25 20
================================================================================
SM 2445 1883 36 193 4.78 0.0 221.8 M 194
================================================================================
AV 78.9 60.7 7.2 FASTST M M 6 MAX(MPH)
MISC ----> # 23 40 # 35 10
================================================================================
NOTES:
# LAST OF SEVERAL OCCURRENCES
COLUMN 17 PEAK WIND IN M.P.H.
PRELIMINARY LOCAL CLIMATOLOGICAL DATA (WS FORM: F-6) , PAGE 2
STATION: HOUSTON/D.W._HOOKS
MONTH: MARCH
YEAR: 2020
LATITUDE: 30 4 N
LONGITUDE: 95 33 W
[TEMPERATURE DATA] [PRECIPITATION DATA] SYMBOLS USED IN COLUMN 16
AVERAGE MONTHLY: 69.8 TOTAL FOR MONTH: 4.78 1 = FOG OR MIST
DPTR FM NORMAL: 9.0 DPTR FM NORMAL: 1.19 2 = FOG REDUCING VISIBILITY
HIGHEST: 89 ON 27,25 GRTST 24HR 3.12 ON 20-20 TO 1/4 MILE OR LESS
LOWEST: 42 ON 7 3 = THUNDER
SNOW, ICE PELLETS, HAIL 4 = ICE PELLETS
TOTAL MONTH: 0.0 INCH 5 = HAIL
GRTST 24HR 0.0 6 = FREEZING RAIN OR DRIZZLE
GRTST DEPTH: 0 7 = DUSTSTORM OR SANDSTORM:
VSBY 1/2 MILE OR LESS
8 = SMOKE OR HAZE
[NO. OF DAYS WITH] [WEATHER - DAYS WITH] 9 = BLOWING SNOW
X = TORNADO
MAX 32 OR BELOW: 0 0.01 INCH OR MORE: 10
MAX 90 OR ABOVE: 0 0.10 INCH OR MORE: 4
MIN 32 OR BELOW: 0 0.50 INCH OR MORE: 2
MIN 0 OR BELOW: 0 1.00 INCH OR MORE: 2
[HDD (BASE 65) ]
TOTAL THIS MO. 36 CLEAR (SCALE 0-3) 3
DPTR FM NORMAL -143 PTCLDY (SCALE 4-7) 20
TOTAL FM JUL 1 1201 CLOUDY (SCALE 8-10) 8
DPTR FM NORMAL -325
[CDD (BASE 65) ]
TOTAL THIS MO. 193
DPTR FM NORMAL 144 [PRESSURE DATA]
TOTAL FM JAN 1 231 HIGHEST SLP 30.51 ON 6
DPTR FM NORMAL 154 LOWEST SLP 29.67 ON 4
[REMARKS]
#FINAL-03-20#