000
CXUS53 KGID 012320
CF6EAR
PRELIMINARY LOCAL CLIMATOLOGICAL DATA (WS FORM: F-6)
STATION: KEARNEY NE
MONTH: AUGUST
YEAR: 2023
LATITUDE: 40 43 N
LONGITUDE: 99 0 W
TEMPERATURE IN F: :PCPN: SNOW: WIND :SUNSHINE: SKY :PK WND
================================================================================
1 2 3 4 5 6A 6B 7 8 9 10 11 12 13 14 15 16 17 18
12Z AVG MX 2MIN
DY MAX MIN AVG DEP HDD CDD WTR SNW DPTH SPD SPD DIR MIN PSBL S-S WX SPD DR
================================================================================
1 77 71 74 -1 0 9 0.00 M M 7.3 13 10 M M 10 1 M M
2 86 68 77 2 0 12 1.01 M M 7.0 20 240 M M 4 123 35 260
3 82 69 76 1 0 11 0.24 M M 7.3 14 40 M M 6 1 M M
4 81 64 73 -2 0 8 0.08 M M 5.8 32 260 M M 6 123 44 250
5 89 62 76 2 0 11 0.00 M M 8.4 15 290 M M 2 22 240
6 77 63 70 -4 0 5 T M M 16.3 28 360 M M 6 38 330
7 76 58 67 -7 0 2 0.23 M M 5.9 13 330 M M 3 3 M M
8 82 56 69 -5 0 4 0.51 M M 6.2 22 310 M M 1 13 47 320
9 83 61 72 -2 0 7 0.00 M M 5.5 13 60 M M 1 M M
10 88 64 76 2 0 11 0.15 M M 7.0 16 170 M M 0 13 22 170
11 89 63 76 2 0 11 0.00 M M 4.7 10 10 M M 0 16 190
12 84 63 74 0 0 9 0.00 M M 7.8 15 100 M M 0 M M
13 78 59 69 -4 0 4 T M M 10.2 21 340 M M 3 27 330
14 78 55 67 -6 0 2 0.00 M M 12.6 23 340 M M 1 31 330
15 84 54 69 -4 0 4 0.00 M M 6.3 12 230 M M 0 M M
16 93 58 76 3 0 11 0.00 M M 11.8 18 210 M M 0 M M
17 81 60 71 -2 0 6 0.00 M M 8.6 15 360 M M 0 20 20
18 89 58 74 1 0 9 0.00 M M 14.7 25 180 M M 0 32 190
19 103 69 86 14 0 21 0.00 M M 9.4 14 10 M M 0 M M
20 91 71 81 9 0 16 0.00 M M 10.0 14 20 M M 4 1 M M
21 101 75 88 16 0 23 0.00 M M 11.0 17 200 M M 2 1 M M
22 100 67 84 12 0 19 0.00 M M 10.9 17 180 M M 0 M M
23 101 69 85 13 0 20 0.00 M M 9.6 16 210 M M 0 22 210
24 100 74 87 16 0 22 0.00 M M 10.2 16 210 M M 0 M M
25 93 70 82 11 0 17 0.42 M M 9.7 22 30 M M 4 3 32 20
26 78 61 70 -1 0 5 0.07 M M 9.7 17 30 M M 3 21 30
27 81 55 68 -3 0 3 0.00 M M 3.9 7 170 M M 0 8 M M
28 84 58 71 0 0 6 T M M 6.4 14 340 M M 3 M M
29 88 60 74 4 0 9 0.00 M M 6.3 12 20 M M 0 8 M M
30 85 57 71 1 0 6 0.00 M M 7.6 15 170 M M 0 1 M M
31 90 61 76 6 0 11 0.00 M M 15.6 25 170 M M 0 30 160
================================================================================
SM 2692 1953 0 314 2.71 M 273.7 M 59
================================================================================
AV 86.8 63.0 8.8 FASTST M M 2 MAX(MPH)
MISC ----> 32 260 M M
================================================================================
NOTES:
# LAST OF SEVERAL OCCURRENCES
COLUMN 17 PEAK WIND IN M.P.H.
PRELIMINARY LOCAL CLIMATOLOGICAL DATA (WS FORM: F-6) , PAGE 2
STATION: KEARNEY NE
MONTH: AUGUST
YEAR: 2023
LATITUDE: 40 43 N
LONGITUDE: 99 0 W
[TEMPERATURE DATA] [PRECIPITATION DATA] SYMBOLS USED IN COLUMN 16
AVERAGE MONTHLY: 74.9 TOTAL FOR MONTH: 2.71 1 = FOG OR MIST
DPTR FM NORMAL: 2.3 DPTR FM NORMAL: -0.30 2 = FOG REDUCING VISIBILITY
HIGHEST: 103 ON 19 GRTST 24HR 1.01 ON 2- 2 TO 1/4 MILE OR LESS
LOWEST: 54 ON 15 3 = THUNDER
SNOW, ICE PELLETS, HAIL 4 = ICE PELLETS
TOTAL MONTH: M 5 = HAIL
GRTST 24HR M ON M 6 = FREEZING RAIN OR DRIZZLE
GRTST DEPTH: M ON M 7 = DUSTSTORM OR SANDSTORM:
VSBY 1/2 MILE OR LESS
8 = SMOKE OR HAZE
[NO. OF DAYS WITH] [WEATHER - DAYS WITH] 9 = BLOWING SNOW
X = TORNADO
MAX 32 OR BELOW: 0 0.01 INCH OR MORE: 8
MAX 90 OR ABOVE: 9 0.10 INCH OR MORE: 6
MIN 32 OR BELOW: 0 0.50 INCH OR MORE: 2
MIN 0 OR BELOW: 0 1.00 INCH OR MORE: 1
[HDD (BASE 65) ]
TOTAL THIS MO. 0 CLEAR (SCALE 0-3) 22
DPTR FM NORMAL -8 PTCLDY (SCALE 4-7) 8
TOTAL FM JUL 1 4 CLOUDY (SCALE 8-10) 1
DPTR FM NORMAL -4
[CDD (BASE 65) ]
TOTAL THIS MO. 314
DPTR FM NORMAL 67 [PRESSURE DATA]
TOTAL FM JAN 1 856 HIGHEST SLP 30.23 ON 15
DPTR FM NORMAL 77 LOWEST SLP 29.67 ON 10
[REMARKS]
#FINAL-08-23#