000
CXUS51 KAKQ 240710
CF6ECG
PRELIMINARY LOCAL CLIMATOLOGICAL DATA (WS FORM: F-6)
STATION: ELIZABETH CITY NC
MONTH: APRIL
YEAR: 2024
LATITUDE: 36 16 N
LONGITUDE: 76 11 W
TEMPERATURE IN F: :PCPN: SNOW: WIND :SUNSHINE: SKY :PK WND
================================================================================
1 2 3 4 5 6A 6B 7 8 9 10 11 12 13 14 15 16 17 18
12Z AVG MX 2MIN
DY MAX MIN AVG DEP HDD CDD WTR SNW DPTH SPD SPD DIR MIN PSBL S-S WX SPD DR
================================================================================
1 84 49 67 11 0 2 0.00 0.0 0 9.8 23 50 M M 1 1 28 50
2 82 52 67 11 0 2 0.00 0.0 0 6.7 18 210 M M 4 1 23 210
3 72 53 63 7 2 0 0.08 0.0 0 13.5 32 330 M M 3 1 47 310
4 63 45 54 -3 11 0 0.00 0.0 M 10.6 22 260 M M 5 34 260
5 63 40 52 -5 13 0 0.00 0.0 0 12.3 26 350 M M 4 36 350
6 60 38 49 -8 16 0 0.00 0.0 0 11.9 24 340 M M 4 38 340
7 65 40 53 -5 12 0 0.00 0.0 0 7.9 17 130 M M 1 24 350
8 71 38 55 -3 10 0 0.00 0.0 0 8.0 16 210 M M 0 24 230
9 75 56 66 8 0 1 T 0.0 0 12.4 20 270 M M 2 27 250
10 78 59 69 10 0 4 0.00 0.0 0 9.4 21 240 M M 5 28 220
11 73 62 68 9 0 3 0.18 0.0 0 15.0 31 180 M M 5 1 50 160
12 73 59 66 7 0 1 0.00 0.0 0 19.7 28 190 M M 5 48 200
13 71 50 61 1 4 0 0.00 0.0 0 13.7 30 290 M M 0 43 300
14 77 43 60 0 5 0 0.00 0.0 0 10.2 20 220 M M 0 28 230
15 87 57 72 12 0 7 0.01 0.0 0 12.1 26 40 M M 1 34 250
16 71 54 63 3 2 0 T 0.0 0 11.5 29 60 M M 1 3 37 60
17 80 55 68 7 0 3 T 0.0 0 7.3 15 220 M M 2 22 220
18 83 53 68 7 0 3 0.00 0.0 0 9.8 18 60 M M 4 24 50
19 63 52 58 -3 7 0 T 0.0 0 10.2 21 50 M M 8 25 50
20 77 56 67 5 0 2 0.00 0.0 0 5.3 16 340 M M 9 12 21 330
21 60 48 54 -8 11 0 0.23 0.0 0 12.4 23 40 M M 10 1 30 40
22 57 37 47 -15 18 0 0.00 0.0 0 11.5 22 40 M M 4 30 50
23 67 35 51 -11 14 0 0.00 0.0 0 7.2 17 210 M M 0 24 210
================================================================================
SM 1652 1131 125 28 0.50 0.0 248.4 M 78
================================================================================
AV 71.8 49.2 10.8 FASTST M M 3 MAX(MPH)
MISC ----> 32 330 50 160
================================================================================
NOTES:
# LAST OF SEVERAL OCCURRENCES
COLUMN 17 PEAK WIND IN M.P.H.
PRELIMINARY LOCAL CLIMATOLOGICAL DATA (WS FORM: F-6) , PAGE 2
STATION: ELIZABETH CITY NC
MONTH: APRIL
YEAR: 2024
LATITUDE: 36 16 N
LONGITUDE: 76 11 W
[TEMPERATURE DATA] [PRECIPITATION DATA] SYMBOLS USED IN COLUMN 16
AVERAGE MONTHLY: 60.5 TOTAL FOR MONTH: 0.50 1 = FOG OR MIST
DPTR FM NORMAL: 1.3 DPTR FM NORMAL: -1.90 2 = FOG REDUCING VISIBILITY
HIGHEST: 87 ON 15 GRTST 24HR 0.23 ON 21-21 TO 1/4 MILE OR LESS
LOWEST: 35 ON 23 3 = THUNDER
SNOW, ICE PELLETS, HAIL 4 = ICE PELLETS
TOTAL MONTH: 0.0 INCH 5 = HAIL
GRTST 24HR 0.0 6 = FREEZING RAIN OR DRIZZLE
GRTST DEPTH: 0 7 = DUSTSTORM OR SANDSTORM:
VSBY 1/2 MILE OR LESS
8 = SMOKE OR HAZE
[NO. OF DAYS WITH] [WEATHER - DAYS WITH] 9 = BLOWING SNOW
X = TORNADO
MAX 32 OR BELOW: 0 0.01 INCH OR MORE: 4
MAX 90 OR ABOVE: 0 0.10 INCH OR MORE: 2
MIN 32 OR BELOW: 0 0.50 INCH OR MORE: 0
MIN 0 OR BELOW: 0 1.00 INCH OR MORE: 0
[HDD (BASE 65) ]
TOTAL THIS MO. 125 CLEAR (SCALE 0-3) 11
DPTR FM NORMAL -42 PTCLDY (SCALE 4-7) 10
TOTAL FM JUL 1 2656 CLOUDY (SCALE 8-10) 2
DPTR FM NORMAL -315
[CDD (BASE 65) ]
TOTAL THIS MO. 28
DPTR FM NORMAL -6 [PRESSURE DATA]
TOTAL FM JAN 1 38 HIGHEST SLP M ON M
DPTR FM NORMAL -8 LOWEST SLP 29.28 ON 3
[REMARKS]