000
CXUS55 KVEF 010910
CF6EED
PRELIMINARY LOCAL CLIMATOLOGICAL DATA (WS FORM: F-6)
STATION: NEEDLES CA
MONTH: JANUARY
YEAR: 2024
LATITUDE: 34 46 N
LONGITUDE: 114 37 W
TEMPERATURE IN F: :PCPN: SNOW: WIND :SUNSHINE: SKY :PK WND
================================================================================
1 2 3 4 5 6A 6B 7 8 9 10 11 12 13 14 15 16 17 18
12Z AVG MX 2MIN
DY MAX MIN AVG DEP HDD CDD WTR SNW DPTH SPD SPD DIR MIN PSBL S-S WX SPD DR
================================================================================
1 66 40 53 -1 12 0 0.00 M M 4.3 13 350 M M 0 16 340
2 66 40 53 -2 12 0 0.00 M M 3.2 10 260 M M 0 12 260
3 58 41 50 -5 15 0 0.07 M M M 18 280 M M 1 24 270
4 61 36 49 -6 16 0 0.00 M M 5.3 13 280 M M 0 1 16 270
5 61 39 50 -5 15 0 0.00 M M 4.9 13 320 M M 0 19 340
6 59 41 50 -5 15 0 0.00 M M 9.2 24 190 M M 0 36 200
7 57 45 51 -4 14 0 0.03 M M 14.7 28 200 M M 3 37 200
8 55 38 47 -8 18 0 0.00 M M 14.8 30 10 M M 0 38 360
9 57 31 44 -11 21 0 0.00 M M 3.5 10 240 M M 0 12 240
10 59 30 45 -11 20 0 0.00 M M 6.8 17 190 M M 0 25 210
11 56 37 47 -9 18 0 0.01 M M 12.2 29 350 M M 2 37 340
12 58 29 44 -12 21 0 0.00 M M 3.7 10 240 M M 0 12 240
13 60 34 47 -9 18 0 0.00 M M 4.4 12 240 M M 0 13 190
14 66 43 55 -1 10 0 0.00 M M 5.0 10 230 M M 0 12 230
15 68 38 53 -3 12 0 0.00 M M 4.3 10 310 M M 0 16 350
16 68 41 55 -1 10 0 0.00 M M 5.5 14 360 M M 0 17 10
17 69 44 57 1 8 0 0.00 M M 5.5 14 90 M M 0 17 80
18 70 42 56 0 9 0 0.00 M M 4.9 12 340 M M 0 15 330
19 67 47 57 0 8 0 0.00 M M 3.8 10 360 M M 0 15 340
20 68 49 59 2 6 0 T M M 4.2 12 220 M M 4 14 190
21 61 50 56 -1 9 0 0.03 M M 4.3 15 10 M M 9 3 19 10
22 58 52 55 -2 10 0 0.26 M M 3.2 14 100 M M 10 1 17 100
23 64 52 58 1 7 0 0.03 M M 4.6 17 290 M M 3 1 21 290
24 64 45 55 -2 10 0 0.00 M M 2.7 12 240 M M 1 12 240
25 70 54 62 5 3 0 0.00 M M 5.2 14 210 M M 5 17 240
26 67 48 58 1 7 0 0.00 M M 12.4 29 360 M M 0 41 350
27 72 48 60 3 5 0 0.00 M M 11.4 22 360 M M 0 28 10
28 75 53 64 6 1 0 0.00 M M 8.5 18 10 M M 0 23 360
29 78 51 65 7 0 0 0.00 M M 5.7 14 360 M M 0 19 350
30 78 49 64 6 1 0 0.00 M M 4.2 10 240 M M 0 14 360
31 76 48 62 4 3 0 0.00 M M 6.0 16 190 M M 0 20 180
================================================================================
SM 2012 1335 334 0 0.43 M 188.4 M 38
================================================================================
AV 64.9 43.1 6.3 FASTST M M 1 MAX(MPH)
MISC ----> 30 10 41 350
================================================================================
NOTES:
# LAST OF SEVERAL OCCURRENCES
COLUMN 17 PEAK WIND IN M.P.H.
PRELIMINARY LOCAL CLIMATOLOGICAL DATA (WS FORM: F-6) , PAGE 2
STATION: NEEDLES CA
MONTH: JANUARY
YEAR: 2024
LATITUDE: 34 46 N
LONGITUDE: 114 37 W
[TEMPERATURE DATA] [PRECIPITATION DATA] SYMBOLS USED IN COLUMN 16
AVERAGE MONTHLY: 54.0 TOTAL FOR MONTH: 0.43 1 = FOG OR MIST
DPTR FM NORMAL: -2.2 DPTR FM NORMAL: -0.30 2 = FOG REDUCING VISIBILITY
HIGHEST: 78 ON 30,29 GRTST 24HR 0.26 ON 22-22 TO 1/4 MILE OR LESS
LOWEST: 29 ON 12 3 = THUNDER
SNOW, ICE PELLETS, HAIL 4 = ICE PELLETS
TOTAL MONTH: M 5 = HAIL
GRTST 24HR M ON M 6 = FREEZING RAIN OR DRIZZLE
GRTST DEPTH: M ON M 7 = DUSTSTORM OR SANDSTORM:
VSBY 1/2 MILE OR LESS
8 = SMOKE OR HAZE
[NO. OF DAYS WITH] [WEATHER - DAYS WITH] 9 = BLOWING SNOW
X = TORNADO
MAX 32 OR BELOW: 0 0.01 INCH OR MORE: 6
MAX 90 OR ABOVE: 0 0.10 INCH OR MORE: 1
MIN 32 OR BELOW: 3 0.50 INCH OR MORE: 0
MIN 0 OR BELOW: 0 1.00 INCH OR MORE: 0
[HDD (BASE 65) ]
TOTAL THIS MO. 334 CLEAR (SCALE 0-3) 26
DPTR FM NORMAL 59 PTCLDY (SCALE 4-7) 3
TOTAL FM JUL 1 660 CLOUDY (SCALE 8-10) 2
DPTR FM NORMAL -44
[CDD (BASE 65) ]
TOTAL THIS MO. 0
DPTR FM NORMAL -2 [PRESSURE DATA]
TOTAL FM JAN 1 0 HIGHEST SLP M ON M
DPTR FM NORMAL -2 LOWEST SLP 29.63 ON 11
[REMARKS]
#FINAL-01-24#