000
CXUS54 KBMX 011110
CF6EET
PRELIMINARY LOCAL CLIMATOLOGICAL DATA (WS FORM: F-6)
STATION: SHELBY COUNTY AIRPORT
MONTH: DECEMBER
YEAR: 2021
LATITUDE: 33 10 N
LONGITUDE: 86 47 W
TEMPERATURE IN F: :PCPN: SNOW: WIND :SUNSHINE: SKY :PK WND
================================================================================
1 2 3 4 5 6A 6B 7 8 9 10 11 12 13 14 15 16 17 18
12Z AVG MX 2MIN
DY MAX MIN AVG DEP HDD CDD WTR SNW DPTH SPD SPD DIR MIN PSBL S-S WX SPD DR
================================================================================
1 70 40 55 4 10 0 0.00 0.0 0 2.0 10 210 M M 0 18 14 220
2 74 45 60 9 5 0 0.00 0.0 0 2.2 12 280 M M 0 17 270
3 75 45 60 10 5 0 0.00 0.0 0 1.1 8 220 M M 0 18 11 220
4 72 49 61 11 4 0 0.00 0.0 0 0.8 7 210 M M 8 128 10 210
5 78 58 68 18 0 3 0.00 0.0 0 3.7 13 160 M M 6 128 19 190
6 68 45 57 7 8 0 1.03 0.0 0 6.8 16 180 M M 9 1238 23 170
7 48 40 44 -6 21 0 0.01 0.0 0 2.9 8 60 M M 7 18 14 40
8 59 39 49 -1 16 0 0.02 0.0 0 3.6 13 310 M M 5 1 17 320
9 64 37 51 2 14 0 0.25 0.0 0 2.8 10 120 M M 4 18 15 110
10 73 56 65 16 0 0 0.01 0.0 0 5.4 15 180 M M 10 128 21 190
11 75 46 61 12 4 0 0.71 0.0 0 8.6 21 280 M M 8 1 33 220
12 59 39 49 0 16 0 0.00 0.0 0 3.2 10 30 M M 0 17 10
13 65 36 51 2 14 0 0.00 0.0 0 1.1 8 120 M M 0 12 140
14 69 41 55 7 10 0 0.00 0.0 M 1.4 7 130 M M 0 9 110
15 66 47 57 9 8 0 0.00 0.0 0 3.4 12 140 M M 4 15 110
16 73 49 61 13 4 0 0.00 0.0 0 2.7 12 170 M M 4 12 16 170
17 68 54 61 13 4 0 0.04 0.0 0 1.8 9 160 M M 10 128 12 170
18 75 63 69 21 0 4 0.27 0.0 0 4.6 13 170 M M 10 1 20 170
19 63 37 50 2 15 0 0.03 0.0 0 7.2 16 340 M M 7 1 24 330
20 51 34 43 -4 22 0 0.00 0.0 M 2.6 9 70 M M 8 14 80
21 53 39 46 -1 19 0 0.08 M M 3.2 9 320 M M 8 1 13 310
22 57 35 46 -1 19 0 0.00 0.0 0 3.0 14 320 M M 0 1 21 320
23 64 32 48 1 17 0 0.00 0.0 0 2.4 8 170 M M 0 11 170
24 70 41 56 9 9 0 0.00 0.0 0 6.5 15 200 M M 7 21 200
25 72 60 66 19 0 1 0.00 0.0 0 6.5 15 200 M M 9 23 200
26 72 56 64 18 1 0 0.00 0.0 M 2.1 8 200 M M 7 12 11 210
27 73 63 68 22 0 3 0.00 0.0 0 4.9 14 240 M M 9 1 20 230
28 76 64 70 24 0 5 0.03 0.0 0 8.5 18 210 M M 9 1 26 230
29 80 65 73 27 0 8 1.87 0.0 0 6.9 16 230 M M 8 138 32 310
30 73 58 66 20 0 1 2.86 0.0 0 2.4 10 210 M M 9 1238 16 200
31 76 59 68 22 0 3 0.17 0.0 0 3.9 12 190 M M 7 128 17 210
================================================================================
SM 2111 1472 245 28 7.38 0.0 118.2 M 173
================================================================================
AV 68.1 47.5 3.8 FASTST M M 6 MAX(MPH)
MISC ----> 21 280 33 220
================================================================================
NOTES:
# LAST OF SEVERAL OCCURRENCES
COLUMN 17 PEAK WIND IN M.P.H.
PRELIMINARY LOCAL CLIMATOLOGICAL DATA (WS FORM: F-6) , PAGE 2
STATION: SHELBY COUNTY AIRPORT
MONTH: DECEMBER
YEAR: 2021
LATITUDE: 33 10 N
LONGITUDE: 86 47 W
[TEMPERATURE DATA] [PRECIPITATION DATA] SYMBOLS USED IN COLUMN 16
AVERAGE MONTHLY: 57.8 TOTAL FOR MONTH: 7.38 1 = FOG OR MIST
DPTR FM NORMAL: 9.6 DPTR FM NORMAL: 2.31 2 = FOG REDUCING VISIBILITY
HIGHEST: 80 ON 29 GRTST 24HR 4.23 ON 29-30 TO 1/4 MILE OR LESS
LOWEST: 32 ON 23 3 = THUNDER
SNOW, ICE PELLETS, HAIL 4 = ICE PELLETS
TOTAL MONTH: 0.0 INCH 5 = HAIL
GRTST 24HR 0.0 6 = FREEZING RAIN OR DRIZZLE
GRTST DEPTH: 0 7 = DUSTSTORM OR SANDSTORM:
VSBY 1/2 MILE OR LESS
8 = SMOKE OR HAZE
[NO. OF DAYS WITH] [WEATHER - DAYS WITH] 9 = BLOWING SNOW
X = TORNADO
MAX 32 OR BELOW: 0 0.01 INCH OR MORE: 14
MAX 90 OR ABOVE: 0 0.10 INCH OR MORE: 7
MIN 32 OR BELOW: 1 0.50 INCH OR MORE: 4
MIN 0 OR BELOW: 0 1.00 INCH OR MORE: 3
[HDD (BASE 65) ]
TOTAL THIS MO. 245 CLEAR (SCALE 0-3) 8
DPTR FM NORMAL -282 PTCLDY (SCALE 4-7) 14
TOTAL FM JUL 1 643 CLOUDY (SCALE 8-10) 9
DPTR FM NORMAL -312
[CDD (BASE 65) ]
TOTAL THIS MO. 28
DPTR FM NORMAL 24 [PRESSURE DATA]
TOTAL FM JAN 1 2039 HIGHEST SLP 30.45 ON 14
DPTR FM NORMAL -143 LOWEST SLP 29.79 ON 29
[REMARKS]
#FINAL-12-21#