000
CDUS44 KSHV 202205
CLIELD


CLIMATE REPORT
NATIONAL WEATHER SERVICE SHREVEPORT, LA
505 PM CDT FRI OCT 20 2017


...................................

...THE EL DORADO CLIMATE SUMMARY FOR OCTOBER 20 2017...
VALID TODAY AS OF 0500 PM LOCAL TIME.

CLIMATE NORMAL PERIOD 1981 TO 2010
CLIMATE RECORD PERIOD 1907 TO 2017


WEATHER ITEM   OBSERVED TIME   RECORD YEAR NORMAL DEPARTURE LAST
                VALUE   (LST)  VALUE       VALUE  FROM      YEAR
                                                  NORMAL
..................................................................
TEMPERATURE (F)
 TODAY
  MAXIMUM         74    259 PM  91    1978  75     -1       75
  MINIMUM         51    300 AM  27    2011  50      1       56
                                      1989
  AVERAGE         63                        62      1       66

PRECIPITATION (IN)
  TODAY            0.00          1.55 1988   0.19  -0.19      T
  MONTH TO DATE    0.03                      3.31  -3.28     2.09
  SINCE DEC 1     44.93                     46.15  -1.22    60.63
  SINCE JAN 1     38.64                     40.97  -2.33    52.57

SNOWFALL (IN)
  TODAY            0.0
  MONTH TO DATE    0.0
  SINCE SEP 1      0.0
  SINCE JUL 1      0.0
  SNOW DEPTH       0

DEGREE DAYS
 HEATING
  TODAY            2                         5     -3        0
  MONTH TO DATE   28                        55    -27        5
  SINCE SEP 1     31                        67    -36        5
  SINCE JUL 1     31                        67    -36        5

 COOLING
  TODAY            0                         2     -2        1
  MONTH TO DATE  126                        65     61      108
  SINCE SEP 1    442                       365     77      492
  SINCE JAN 1   2177                      2092     85     2350
..................................................................


WIND (MPH)
  HIGHEST WIND SPEED    12   HIGHEST WIND DIRECTION     E (100)
  HIGHEST GUST SPEED    14   HIGHEST GUST DIRECTION    SE (120)
  AVERAGE WIND SPEED     3.4


SKY COVER
  POSSIBLE SUNSHINE  MM
  AVERAGE SKY COVER 0.0


WEATHER CONDITIONS
 THE FOLLOWING WEATHER WAS RECORDED TODAY.
  FOG


RELATIVE HUMIDITY (PERCENT)
 HIGHEST   100          1200 AM
 LOWEST     64           300 PM
 AVERAGE    82

..........................................................


THE EL DORADO CLIMATE NORMALS FOR TOMORROW
                         NORMAL    RECORD    YEAR
 MAXIMUM TEMPERATURE (F)   75        93      1939
 MINIMUM TEMPERATURE (F)   50        30      1952


SUNRISE AND SUNSET
OCTOBER 20 2017.......SUNRISE   720 AM CDT   SUNSET   632 PM CDT
OCTOBER 21 2017.......SUNRISE   721 AM CDT   SUNSET   631 PM CDT


-  INDICATES NEGATIVE NUMBERS.
R  INDICATES RECORD WAS SET OR TIED.
MM INDICATES DATA IS MISSING.
T  INDICATES TRACE AMOUNT.




$$
