000
CXUS55 KLKN 021224
CLMELY
CLIMATE REPORT
NATIONAL WEATHER SERVICE ELKO, NV
424 AM PST SAT MAR 02 2024
...................................
...THE ELY AIRPORT NV CLIMATE SUMMARY FOR THE MONTH OF FEBRUARY 2024...
CLIMATE NORMAL PERIOD 1991 TO 2020
CLIMATE RECORD PERIOD 1893 TO 2024
WEATHER OBSERVED NORMAL DEPART LAST YEAR`S
VALUE DATE(S) VALUE FROM VALUE DATE(S)
NORMAL
................................................................
TEMPERATURE (F)
RECORD
HIGH 67 02/28/1986
02/25/1986
02/24/1986
LOW -30 02/06/1989
HIGHEST 56 02/24 59 -3 47 02/08
02/25
LOWEST 5 02/11 -6 11 -14 02/16
AVG. MAXIMUM 44.0 43.8 0.2 33.9
AVG. MINIMUM 20.9 16.2 4.7 5.0
MEAN 32.5 30.0 2.5 19.5
DAYS MAX >= 90 0 0.0 0.0 0
DAYS MAX <= 32 2 4.2 -2.2 13
DAYS MIN <= 32 28 27.1 0.9 28
DAYS MIN <= 0 0 3.1 -3.1 11
PRECIPITATION (INCHES)
RECORD
MAXIMUM 3.75 1897
MINIMUM 0.01 1972
TOTALS 1.18 0.84 0.34 1.18
DAILY AVG. 0.04 NAN NAN 0.04
DAYS >= .01 13 7.0 6.0 9
DAYS >= .10 4 3.0 1.0 4
DAYS >= .50 0 0.1 -0.1 0
DAYS >= 1.00 0 0.0 0.0 0
GREATEST
24 HR. TOTAL 0.34 02/20 TO 02/21 0.48
SNOWFALL (INCHES)
RECORDS
TOTAL 33.0 1897
TOTALS 12.1 9.1 3.0 18.3
SINCE 7/1 30.2 37.3 -7.1 MM
SNOWDEPTH AVG. 1 18
DAYS >= TRACE 16 5.9 10.1 11
DAYS >= 1.0 6 2.8 3.2 7
DAYS >= 1.0 6 7
GREATEST
SNOW DEPTH 4 02/10 22
24 HR TOTAL MM MM
DEGREE DAYS
HEATING TOTAL 938 980 -42 1267
SINCE 7/1 4760 5157 -397 MM
COOLING TOTAL 0 0 0 0
SINCE 1/1 0 0 0 MM
................................................................
WIND (MPH)
AVERAGE WIND SPEED 9.5
HIGHEST WIND SPEED/DIRECTION 36/160 DATE 02/01
36/140 02/19
HIGHEST GUST SPEED/DIRECTION 50/160 DATE 02/01
AVERAGE RH (PERCENT) 66
WEATHER CONDITIONS. NUMBER OF DAYS WITH
THUNDERSTORM 0 MIXED PRECIP 0
HEAVY RAIN 0 RAIN 0
LIGHT RAIN 5 FREEZING RAIN 0
LT FREEZING RAIN 0 HAIL 0
HEAVY SNOW 2 SNOW 3
LIGHT SNOW 14 SLEET 0
FOG 14 FOG W/VIS <= 1/4 MILE 3
HAZE 1
- INDICATES NEGATIVE NUMBERS.
R INDICATES RECORD WAS SET OR TIED.
MM INDICATES DATA IS MISSING.
T INDICATES TRACE AMOUNT.
======================================================================
...FEBRUARY 2024 IN ELY WAS WARMER AND WETTER THAN NORMAL...
$$