000
CXUS53 KTOP 010810
CF6EMP
PRELIMINARY LOCAL CLIMATOLOGICAL DATA (WS FORM: F-6)
STATION: EMPORIA KS
MONTH: AUGUST
YEAR: 2021
LATITUDE: 38 19 N
LONGITUDE: 96 12 W
TEMPERATURE IN F: :PCPN: SNOW: WIND :SUNSHINE: SKY :PK WND
================================================================================
1 2 3 4 5 6A 6B 7 8 9 10 11 12 13 14 15 16 17 18
12Z AVG MX 2MIN
DY MAX MIN AVG DEP HDD CDD WTR SNW DPTH SPD SPD DIR MIN PSBL S-S WX SPD DR
================================================================================
1 88 67 78 -2 0 13 0.03 M M 8.2 18 30 M M 4 138 25 350
2 85 59 72 -7 0 7 0.00 M M 5.5 14 10 M M 6 18 19 40
3 86 58 72 -7 0 7 0.00 M M 3.9 12 90 M M 3 18 18 80
4 86 61 74 -5 0 9 0.00 M M 6.3 12 160 M M 2 1 16 180
5 93 69 81 2 0 16 T M M 10.9 20 170 M M 1 3 28 160
6 94 65 80 1 0 15 0.00 M M 11.5 20 170 M M 0 1 26 170
7 96 71 84 5 0 19 0.04 M M 16.7 26 170 M M 0 1 38 180
8 93 68 81 2 0 16 0.35 M M 11.7 22 200 M M 3 138 30 270
9 95 75 85 6 0 20 0.00 M M 11.7 18 170 M M 1 25 170
10 97 75 86 7 0 21 1.07 M M 13.1 23 160 M M 2 13 32 170
11 98 77 88 9 0 23 0.00 M M 17.0 28 210 M M 0 36 190
12 100 75 88 10 0 23 T M M 12.3 20 190 M M 0 3 26 210
13 84 M M M M M M M M M M M M M M 138 M M
14 86 67 77 -1 0 12 0.00 M M 5.7 13 90 M M 1 12 18 80
15 86 63 75 -3 0 10 0.00 M M 5.9 15 100 M M 2 19 100
16 87 66 77 -1 0 12 0.00 M M 5.8 12 150 M M 1 18 140
17 88 68 78 0 0 13 0.00 M M 7.9 21 180 M M 1 29 180
18 88 69 79 1 0 14 0.00 M M 8.8 16 190 M M 3 12 22 160
19 88 72 80 3 0 15 0.03 M M 8.8 16 170 M M 4 1 24 180
20 92 74 83 6 0 18 0.02 M M 12.6 22 160 M M 5 13 30 170
21 86 69 78 1 0 13 0.13 M M 6.9 16 240 M M 1 1 27 250
22 91 66 79 2 0 14 0.10 M M 9.4 17 170 M M 1 24 170
23 95 75 85 9 0 20 0.00 M M 12.2 20 170 M M 0 8 27 170
24 95 74 85 9 0 20 0.00 M M 14.2 23 170 M M 0 31 170
25 93 75 84 8 0 19 0.00 M M 9.7 16 170 M M 0 24 190
26 95 73 84 8 0 19 0.00 M M 9.0 16 180 M M 0 21 170
27 93 73 83 8 0 18 0.00 M M 11.8 22 180 M M 0 31 180
28 91 72 82 7 0 17 0.00 M M 12.3 24 170 M M 0 32 180
29 89 69 79 4 0 14 0.00 M M 7.8 18 30 M M 3 25 40
30 92 68 80 5 0 15 0.00 M M 4.0 9 110 M M 1 1 13 100
31 88 70 79 5 0 14 0.01 M M 9.2 32 30 M M 1 8 45 20
================================================================================
SM 2818 2083 0 466 1.78 M 290.8 M 46
================================================================================
AV 90.9 69.4 9.7 FASTST M M 2 MAX(MPH)
MISC ----> 32 30 45 20
================================================================================
NOTES:
# LAST OF SEVERAL OCCURRENCES
COLUMN 17 PEAK WIND IN M.P.H.
PRELIMINARY LOCAL CLIMATOLOGICAL DATA (WS FORM: F-6) , PAGE 2
STATION: EMPORIA KS
MONTH: AUGUST
YEAR: 2021
LATITUDE: 38 19 N
LONGITUDE: 96 12 W
[TEMPERATURE DATA] [PRECIPITATION DATA] SYMBOLS USED IN COLUMN 16
AVERAGE MONTHLY: 80.2 TOTAL FOR MONTH: 1.78 1 = FOG OR MIST
DPTR FM NORMAL: 2.7 DPTR FM NORMAL: -2.08 2 = FOG REDUCING VISIBILITY
HIGHEST: 100 ON 12 GRTST 24HR 1.07 ON 10-10 TO 1/4 MILE OR LESS
LOWEST: 58 ON 3 3 = THUNDER
SNOW, ICE PELLETS, HAIL 4 = ICE PELLETS
TOTAL MONTH: M 5 = HAIL
GRTST 24HR M ON M 6 = FREEZING RAIN OR DRIZZLE
GRTST DEPTH: M ON M 7 = DUSTSTORM OR SANDSTORM:
VSBY 1/2 MILE OR LESS
8 = SMOKE OR HAZE
[NO. OF DAYS WITH] [WEATHER - DAYS WITH] 9 = BLOWING SNOW
X = TORNADO
MAX 32 OR BELOW: 0 0.01 INCH OR MORE: 9
MAX 90 OR ABOVE: 17 0.10 INCH OR MORE: 4
MIN 32 OR BELOW: 0 0.50 INCH OR MORE: 1
MIN 0 OR BELOW: 0 1.00 INCH OR MORE: 1
[HDD (BASE 65) ]
TOTAL THIS MO. 0 CLEAR (SCALE 0-3) 26
DPTR FM NORMAL -1 PTCLDY (SCALE 4-7) 4
TOTAL FM JUL 1 0 CLOUDY (SCALE 8-10) 1
DPTR FM NORMAL 0
[CDD (BASE 65) ]
TOTAL THIS MO. 466
DPTR FM NORMAL 78 [PRESSURE DATA]
TOTAL FM JAN 1 1377 HIGHEST SLP M ON M
DPTR FM NORMAL 147 LOWEST SLP 29.65 ON 20
[REMARKS]
#FINAL-08-21#