524
CXUS56 KOTX 070108
CF6EPH
PRELIMINARY LOCAL CLIMATOLOGICAL DATA (WS FORM: F-6)
STATION: EPHRATA WA AIRPORT
MONTH: AUGUST
YEAR: 2020
LATITUDE: 47 18 N
LONGITUDE: 119 31 W
TEMPERATURE IN F: :PCPN: SNOW: WIND :SUNSHINE: SKY :PK WND
================================================================================
1 2 3 4 5 6A 6B 7 8 9 10 11 12 13 14 15 16 17 18
12Z AVG MX 2MIN
DY MAX MIN AVG DEP HDD CDD WTR SNW DPTH SPD SPD DIR MIN PSBL S-S WX SPD DR
================================================================================
1 89 64 77 1 0 12 0.00 M M 5.9 16 200 M M 0 19 190
2 92 57 75 -1 0 10 0.00 M M 10.8 29 300 M M 0 39 300
3 89 66 78 2 0 13 0.00 M M 10.5 28 300 M M 0 34 290
4 91 65 78 2 0 13 0.00 M M 7.0 20 310 M M 0 23 310
5 95 57 76 1 0 11 0.00 M M 7.5 20 300 M M 0 26 300
6 85 61 73 -2 0 8 T M M 12.9 29 280 M M 2 36 290
7 80 49 65 -10 0 0 0.00 M M 6.5 17 190 M M 0 23 210
8 85 65 75 0 0 10 T M M 10.9 26 310 M M 3 35 320
9 86 63 75 0 0 10 0.00 M M 10.7 24 310 M M 0 31 320
10 93 57 75 1 0 10 0.00 M M 8.1 28 300 M M 0 36 290
11 90 66 78 4 0 13 0.00 M M 12.0 24 310 M M 0 32 320
12 79 57 68 -6 0 3 0.00 M M 9.9 21 210 M M 0 33 210
13 79 48 64 -10 1 0 0.00 M M 6.1 16 320 M M 0 19 320
14 86 50 68 -6 0 3 0.00 M M 5.1 13 180 M M 0 17 240
15 94 53 74 1 0 9 0.00 M M 5.6 12 200 M M 0 15 160
16 105 63 84 11 0 19 T M M 8.9 25 210 M M 1 8 34 220
17 102 67 85 12 0 20 0.00 M M 8.3 20 150 M M 0 24 160
18 100 67 84 11 0 19 0.00 M M 7.6 18 310 M M 1 3 22 320
19 95 60 78 6 0 13 0.00 M M 8.2 17 170 M M 0 22 190
20 89 69 79 7 0 14 0.00 M M 7.5 20 210 M M 1 25 210
21 90 64 77 5 0 12 0.00 M M 10.2 26 210 M M 2 37 200
22 82 53 68 -4 0 3 0.00 M M 5.3 14 180 M M 0 19 170
23 88 51 70 -1 0 5 0.00 M M 5.0 13 180 M M 0 19 170
24 88 56 72 1 0 7 0.00 M M 6.8 18 340 M M 0 22 310
25 87 66 77 6 0 12 0.00 M M 10.5 20 320 M M 0 23 320
26 87 51 69 -1 0 4 0.00 M M 7.2 22 310 M M 0 25 310
27 87 64 76 6 0 11 0.00 M M 9.5 20 350 M M 0 28 320
28 87 50 69 -1 0 4 0.00 M M 5.5 14 210 M M 0 19 200
29 88 48 68 -2 0 3 0.00 M M 12.4 29 310 M M 1 8 34 290
30 78 56 67 -2 0 2 T M M 12.1 22 340 M M 2 27 310
31 81 57 69 0 0 4 0.00 M M 8.7 18 340 M M 2 25 360
================================================================================
SM 2747 1820 1 277 T M 263.2 M 15
================================================================================
AV 88.6 58.7 8.5 FASTST M M 0 MAX(MPH)
MISC ----> # 29 300 # 39 300
================================================================================
NOTES:
# LAST OF SEVERAL OCCURRENCES
COLUMN 17 PEAK WIND IN M.P.H.
PRELIMINARY LOCAL CLIMATOLOGICAL DATA (WS FORM: F-6) , PAGE 2
STATION: EPHRATA WA AIRPORT
MONTH: AUGUST
YEAR: 2020
LATITUDE: 47 18 N
LONGITUDE: 119 31 W
[TEMPERATURE DATA] [PRECIPITATION DATA] SYMBOLS USED IN COLUMN 16
AVERAGE MONTHLY: 73.7 TOTAL FOR MONTH: T 1 = FOG OR MIST
DPTR FM NORMAL: 0.8 DPTR FM NORMAL: -0.19 2 = FOG REDUCING VISIBILITY
HIGHEST: 105 ON 16 GRTST 24HR T ON 30-30 TO 1/4 MILE OR LESS
LOWEST: 48 ON 29,13 3 = THUNDER
SNOW, ICE PELLETS, HAIL 4 = ICE PELLETS
TOTAL MONTH: M 5 = HAIL
GRTST 24HR M ON M 6 = FREEZING RAIN OR DRIZZLE
GRTST DEPTH: M ON M 7 = DUSTSTORM OR SANDSTORM:
VSBY 1/2 MILE OR LESS
8 = SMOKE OR HAZE
[NO. OF DAYS WITH] [WEATHER - DAYS WITH] 9 = BLOWING SNOW
X = TORNADO
MAX 32 OR BELOW: 0 0.01 INCH OR MORE: 0
MAX 90 OR ABOVE: 11 0.10 INCH OR MORE: 0
MIN 32 OR BELOW: 0 0.50 INCH OR MORE: 0
MIN 0 OR BELOW: 0 1.00 INCH OR MORE: 0
[HDD (BASE 65) ]
TOTAL THIS MO. 1 CLEAR (SCALE 0-3) 30
DPTR FM NORMAL -8 PTCLDY (SCALE 4-7) 1
TOTAL FM JUL 1 1 CLOUDY (SCALE 8-10) 0
DPTR FM NORMAL -16
[CDD (BASE 65) ]
TOTAL THIS MO. 277
DPTR FM NORMAL 23 [PRESSURE DATA]
TOTAL FM JAN 1 749 HIGHEST SLP 30.17 ON 14
DPTR FM NORMAL 55 LOWEST SLP 29.65 ON 6
[REMARKS]
#FINAL-08-20#