000
CXUS53 KDMX 021148
CF6EST
PRELIMINARY LOCAL CLIMATOLOGICAL DATA (WS FORM: F-6)
STATION: ESTHERVILLE IA
MONTH: MARCH
YEAR: 2023
LATITUDE: 43 24 N
LONGITUDE: 94 45 W
TEMPERATURE IN F: :PCPN: SNOW: WIND :SUNSHINE: SKY :PK WND
================================================================================
1 2 3 4 5 6A 6B 7 8 9 10 11 12 13 14 15 16 17 18
12Z AVG MX 2MIN
DY MAX MIN AVG DEP HDD CDD WTR SNW DPTH SPD SPD DIR MIN PSBL S-S WX SPD DR
================================================================================
1 36 19 28 3 37 0 0.00 0.0 M 20.4 38 270 M M 7 18 50 290
2 29 13 21 -4 44 0 0.00 0.0 M 8.4 18 160 M M 10 1 23 160
3 39 17 28 2 37 0 0.00 0.0 M 4.1 12 310 M M 2 128 12 310
4 38 26 32 6 33 0 0.00 0.0 M 5.3 18 300 M M 5 1 23 300
5 36 24 30 3 35 0 0.17 M M 12.2 26 80 M M 5 12 33 80
6 34 19 27 0 38 0 0.00 0.0 M 14.9 25 360 M M 10 1 33 350
7 36 15 26 -2 39 0 0.00 0.0 M 11.5 17 30 M M 8 21 20
8 35 32 34 6 31 0 M M M 9.3 17 150 M M 10 1 20 140
9 33 28 31 3 34 0 M M M 11.7 18 80 M M 10 12 M M
10 33 25 29 0 36 0 T 0.0 M 9.2 18 110 M M 10 1 23 110
11 32 25 29 -1 36 0 M M M 15.5 29 140 M M 10 16 35 140
12 28 20 24 -6 41 0 T M M 21.8 33 310 M M 9 128 39 310
13 25 6 16 -14 49 0 0.00 0.0 M 12.4 23 350 M M 4 18 31 350
14 32 5 19 -12 46 0 0.00 0.0 M 18.1 29 170 M M 3 1 34 170
15 43 30 37 5 28 0 0.00 0.0 M 20.7 28 180 M M 0 35 160
16 41 17 29 -3 36 0 0.09 M M 25.3 43 330 M M 6 128 59 340
17 18 5 12 -20 53 0 T M M 26.1 37 310 M M 9 8 47 300
18 21 5 13 -20 52 0 0.00 0.0 M 21.8 29 310 M M 1 37 310
19 41 8 25 -8 40 0 0.00 0.0 M 15.1 28 210 M M 0 40 210
20 37 22 30 -4 35 0 0.00 0.0 M 10.7 23 210 M M 0 34 210
21 47 27 37 3 28 0 0.00 0.0 M 10.7 22 180 M M 7 1 30 180
22 39 28 34 -1 31 0 0.00 0.0 M 14.4 24 290 M M 8 1 28 270
23 32 24 28 -7 37 0 T M M 10.8 21 360 M M 6 1 26 360
24 44 23 34 -2 31 0 0.00 0.0 M 5.8 12 140 M M 2 14 140
25 42 29 36 0 29 0 0.00 0.0 M 9.7 16 350 M M 8 21 350
26 34 22 28 -9 37 0 0.00 0.0 M 14.2 18 340 M M 0 24 350
27 37 21 29 -8 36 0 0.00 0.0 M 11.1 18 340 M M 1 24 340
28 43 14 29 -9 36 0 T M M 13.1 23 360 M M 2 31 240
29 30 14 22 -16 43 0 0.00 0.0 M 12.7 35 350 M M 3 41 350
30 52 23 38 0 27 0 0.16 0.0 M 13.7 24 140 M M 8 13 31 260
31 51 33 42 3 23 0 0.28 M M 13.7 28 340 M M 10 123 38 350
================================================================================
SM 1118 619 1138 0 0.70 0.0 424.4 M 174
================================================================================
AV 36.1 20.0 13.7 FASTST M M 6 MAX(MPH)
MISC ----> 43 330 59 340
================================================================================
NOTES:
# LAST OF SEVERAL OCCURRENCES
COLUMN 17 PEAK WIND IN M.P.H.
PRELIMINARY LOCAL CLIMATOLOGICAL DATA (WS FORM: F-6) , PAGE 2
STATION: ESTHERVILLE IA
MONTH: MARCH
YEAR: 2023
LATITUDE: 43 24 N
LONGITUDE: 94 45 W
[TEMPERATURE DATA] [PRECIPITATION DATA] SYMBOLS USED IN COLUMN 16
AVERAGE MONTHLY: 28.0 TOTAL FOR MONTH: 0.70 1 = FOG OR MIST
DPTR FM NORMAL: -3.9 DPTR FM NORMAL: -0.75 2 = FOG REDUCING VISIBILITY
HIGHEST: 52 ON 30 GRTST 24HR 0.43 ON 30-31 TO 1/4 MILE OR LESS
LOWEST: 5 ON 18,17 3 = THUNDER
SNOW, ICE PELLETS, HAIL 4 = ICE PELLETS
TOTAL MONTH: 0.0 INCH 5 = HAIL
GRTST 24HR 0.0 6 = FREEZING RAIN OR DRIZZLE
GRTST DEPTH: M ON M 7 = DUSTSTORM OR SANDSTORM:
VSBY 1/2 MILE OR LESS
8 = SMOKE OR HAZE
[NO. OF DAYS WITH] [WEATHER - DAYS WITH] 9 = BLOWING SNOW
X = TORNADO
MAX 32 OR BELOW: 9 0.01 INCH OR MORE: 4
MAX 90 OR ABOVE: 0 0.10 INCH OR MORE: 3
MIN 32 OR BELOW: 30 0.50 INCH OR MORE: 0
MIN 0 OR BELOW: 0 1.00 INCH OR MORE: 0
[HDD (BASE 65) ]
TOTAL THIS MO. 1138 CLEAR (SCALE 0-3) 9
DPTR FM NORMAL 112 PTCLDY (SCALE 4-7) 12
TOTAL FM JUL 1 6867 CLOUDY (SCALE 8-10) 10
DPTR FM NORMAL -136
[CDD (BASE 65) ]
TOTAL THIS MO. 0
DPTR FM NORMAL 0 [PRESSURE DATA]
TOTAL FM JAN 1 0 HIGHEST SLP 30.51 ON 7
DPTR FM NORMAL 0 LOWEST SLP 29.26 ON 31
[REMARKS]
#FINAL-03-23#