000
CXUS53 KDMX 051457
CF6EST
PRELIMINARY LOCAL CLIMATOLOGICAL DATA (WS FORM: F-6)
STATION: ESTHERVILLE IA
MONTH: JANUARY
YEAR: 2024
LATITUDE: 43 24 N
LONGITUDE: 94 45 W
TEMPERATURE IN F: :PCPN: SNOW: WIND :SUNSHINE: SKY :PK WND
================================================================================
1 2 3 4 5 6A 6B 7 8 9 10 11 12 13 14 15 16 17 18
12Z AVG MX 2MIN
DY MAX MIN AVG DEP HDD CDD WTR SNW DPTH SPD SPD DIR MIN PSBL S-S WX SPD DR
================================================================================
1 33 19 26 10 39 0 0.00 0.0 M 9.2 18 230 M M 5 25 190
2 35 21 28 12 37 0 0.00 0.0 M 11.0 21 240 M M 5 30 240
3 29 20 25 9 40 0 0.00 0.0 M 10.1 20 360 M M 7 1 25 360
4 29 23 26 10 39 0 0.00 0.0 M 7.2 15 170 M M 10 18 200
5 35 21 28 13 37 0 0.00 0.0 M 9.7 21 190 M M 6 18 28 190
6 31 20 26 11 39 0 M M M 7.8 22 330 M M 9 18 28 350
7 25 9 17 2 48 0 0.00 0.0 M 8.9 18 320 M M 2 25 320
8 33 20 27 12 38 0 M M M 11.7 20 110 M M 10 18 25 120
9 30 13 22 7 43 0 M M M 18.4 29 340 M M 10 18 36 340
10 23 11 17 2 48 0 M M M 7.8 18 150 M M 10 18 22 150
11 21 4 13 -2 52 0 M M M 12.9 22 10 M M 8 18 27 10
12 4 2 3 -12 62 0 M M M 25.6 35 330 M M 10 128 46 330
13 3 -17 -7 -22 72 0 M M M 27.6 36 320 M M 10 18 46 320
14 -4 -17 -10 -24 75 0 0.00 0.0 M 16.8 28 300 M M 3 8 34 310
15 -2 -13 -7 -21 72 0 0.00 0.0 M 17.1 28 290 M M 0 33 290
16 6 -6 0 -14 65 0 0.00 0.0 M 16.6 23 250 M M 0 30 280
17 16 0 8 -6 57 0 0.00 0.0 M 10.1 17 240 M M 2 M M
18 14 0 7 -7 58 0 M M M 15.0 28 330 M M 9 8 36 340
19 4 -9 -2 -16 67 0 0.00 0.0 M 13.9 24 340 M M 3 8 31 330
20 4 -16 -6 -20 71 0 0.00 0.0 M 9.2 18 190 M M 0 23 180
21 22 -4 9 -5 56 0 0.00 0.0 M 24.8 35 180 M M 2 8 42 190
22 34 17 26 12 39 0 0.00 0.0 M 8.3 23 180 M M 1 1 30 180
23 33 29 31 17 34 0 0.00 0.0 M 6.4 14 160 M M 10 12 19 150
24 34 32 33 18 32 0 0.00 0.0 M 8.1 13 160 M M 10 12 16 150
25 34 33 34 19 31 0 0.00 0.0 M 3.5 9 150 M M 10 12 11 150
26 36 32 34 19 31 0 0.00 0.0 M 7.0 12 350 M M 10 12 15 350
27 40 28 34 19 31 0 0.00 0.0 M 7.4 15 330 M M 7 12 19 330
28 48 22 35 20 30 0 0.00 0.0 M 6.6 14 200 M M 0 20 200
29 51 29 40 25 25 0 0.00 0.0 M 12.5 23 290 M M 1 27 290
30 37 30 34 19 31 0 0.00 0.0 M 12.0 23 340 M M 9 12 32 330
31 55 29 42 27 23 0 0.00 0.0 M 10.5 18 230 M M 2 12 26 350
================================================================================
SM 793 382 1422 0 0.00 0.0 373.7 M 181
================================================================================
AV 25.6 12.3 12.1 FASTST M M 6 MAX(MPH)
MISC ----> 36 320 # 46 330
================================================================================
NOTES:
# LAST OF SEVERAL OCCURRENCES
COLUMN 17 PEAK WIND IN M.P.H.
PRELIMINARY LOCAL CLIMATOLOGICAL DATA (WS FORM: F-6) , PAGE 2
STATION: ESTHERVILLE IA
MONTH: JANUARY
YEAR: 2024
LATITUDE: 43 24 N
LONGITUDE: 94 45 W
[TEMPERATURE DATA] [PRECIPITATION DATA] SYMBOLS USED IN COLUMN 16
AVERAGE MONTHLY: 19.0 TOTAL FOR MONTH: 0.00 1 = FOG OR MIST
DPTR FM NORMAL: 4.2 DPTR FM NORMAL: -0.56 2 = FOG REDUCING VISIBILITY
HIGHEST: 55 ON 31 GRTST 24HR 0.25 ON 8- 9 TO 1/4 MILE OR LESS
LOWEST: -17 ON 14,13 3 = THUNDER
SNOW, ICE PELLETS, HAIL 4 = ICE PELLETS
TOTAL MONTH: 0.0 INCH 5 = HAIL
GRTST 24HR 0.0 6 = FREEZING RAIN OR DRIZZLE
GRTST DEPTH: M ON M 7 = DUSTSTORM OR SANDSTORM:
VSBY 1/2 MILE OR LESS
8 = SMOKE OR HAZE
[NO. OF DAYS WITH] [WEATHER - DAYS WITH] 9 = BLOWING SNOW
X = TORNADO
MAX 32 OR BELOW: 17 0.01 INCH OR MORE: 0
MAX 90 OR ABOVE: 0 0.10 INCH OR MORE: 0
MIN 32 OR BELOW: 30 0.50 INCH OR MORE: 0
MIN 0 OR BELOW: 9 1.00 INCH OR MORE: 0
[HDD (BASE 65) ]
TOTAL THIS MO. 1422 CLEAR (SCALE 0-3) 12
DPTR FM NORMAL -132 PTCLDY (SCALE 4-7) 6
TOTAL FM JUL 1 3818 CLOUDY (SCALE 8-10) 13
DPTR FM NORMAL -872
[CDD (BASE 65) ]
TOTAL THIS MO. 0
DPTR FM NORMAL 0 [PRESSURE DATA]
TOTAL FM JAN 1 0 HIGHEST SLP 30.74 ON 20
DPTR FM NORMAL 0 LOWEST SLP 29.41 ON 10
[REMARKS]
#FINAL-01-24#