992
CXUS53 KDMX 030424
CF6EST
PRELIMINARY LOCAL CLIMATOLOGICAL DATA (WS FORM: F-6)
STATION: ESTHERVILLE IA
MONTH: MAY
YEAR: 2020
LATITUDE: 43 24 N
LONGITUDE: 94 45 W
TEMPERATURE IN F: :PCPN: SNOW: WIND :SUNSHINE: SKY :PK WND
================================================================================
1 2 3 4 5 6A 6B 7 8 9 10 11 12 13 14 15 16 17 18
12Z AVG MX 2MIN
DY MAX MIN AVG DEP HDD CDD WTR SNW DPTH SPD SPD DIR MIN PSBL S-S WX SPD DR
================================================================================
1 87 42 65 12 0 0 0.00 0.0 0 17.3 35 180 M M 1 46 190
2 73 44 59 5 6 0 0.00 0.0 0 12.5 24 340 M M 0 40 310
3 77 38 58 4 7 0 0.00 0.0 0 10.2 24 320 M M 1 38 320
4 57 37 47 -7 18 0 0.01 0.0 0 10.6 23 120 M M 5 27 140
5 51 42 47 -8 18 0 0.39 0.0 0 12.4 28 110 M M 10 1 35 110
6 60 38 49 -6 16 0 T 0.0 0 11.0 23 300 M M 5 32 290
7 61 35 48 -7 17 0 0.00 0.0 0 8.6 18 360 M M 3 24 360
8 54 28 41 -15 24 0 0.00 0.0 0 14.2 28 320 M M 0 36 330
9 67 26 47 -9 18 0 0.09 0.0 0 17.7 38 230 M M 5 1 49 220
10 47 34 41 -15 24 0 T 0.0 0 20.7 31 330 M M 8 42 340
11 55 32 44 -13 21 0 0.00 0.0 0 13.3 23 320 M M 4 36 330
12 56 33 45 -12 20 0 0.00 0.0 0 4.7 13 10 M M 4 18 10
13 59 44 52 -6 13 0 0.06 0.0 0 15.4 33 140 M M 8 1 41 140
14 73 51 62 4 3 0 0.00 0.0 0 7.4 16 350 M M 4 1 26 340
15 70 38 54 -4 11 0 0.00 0.0 0 9.4 21 360 M M 0 29 300
16 72 42 57 -1 8 0 1.48 0.0 0 16.1 36 30 M M 6 1 48 40
17 54 48 51 -8 14 0 1.34 0.0 0 23.6 38 40 M M 10 1 50 50
18 57 47 52 -7 13 0 0.00 0.0 0 15.7 24 20 M M 10 32 20
19 59 50 55 -5 10 0 0.00 0.0 0 9.9 21 130 M M 10 1 27 130
20 62 53 58 -2 7 0 0.00 0.0 0 13.3 22 150 M M 10 1 28 150
21 62 54 58 -2 7 0 0.00 0.0 0 13.1 24 120 M M 10 1 29 120
22 66 52 59 -1 6 0 0.13 0.0 0 10.2 16 140 M M 10 1 20 140
23 73 54 64 3 1 0 0.47 0.0 0 8.1 17 70 M M 6 13 21 80
24 74 54 64 3 1 0 0.41 0.0 0 11.1 30 110 M M 6 123 37 240
25 75 56 66 4 0 1 0.44 0.0 0 4.8 14 50 M M 8 18 22 320
26 67 60 64 2 1 0 0.40 0.0 0 8.5 17 10 M M 10 12 23 360
27 72 61 67 5 0 2 0.02 0.0 0 8.6 15 360 M M 9 1 21 10
28 77 53 65 2 0 0 0.00 0.0 0 15.5 28 340 M M 2 40 350
29 68 47 58 -5 7 0 0.00 0.0 0 12.2 25 340 M M 0 34 340
30 72 46 59 -4 6 0 0.00 0.0 0 6.2 14 10 M M 1 19 30
31 71 49 60 -4 5 0 0.00 0.0 0 15.1 25 180 M M 5 35 160
================================================================================
SM 2028 1388 302 3 5.24 0.0 377.4 M 171
================================================================================
AV 65.4 44.8 12.2 FASTST M M 6 MAX(MPH)
MISC ----> # 38 230 # 50 50
================================================================================
NOTES:
# LAST OF SEVERAL OCCURRENCES
COLUMN 17 PEAK WIND IN M.P.H.
PRELIMINARY LOCAL CLIMATOLOGICAL DATA (WS FORM: F-6) , PAGE 2
STATION: ESTHERVILLE IA
MONTH: MAY
YEAR: 2020
LATITUDE: 43 24 N
LONGITUDE: 94 45 W
[TEMPERATURE DATA] [PRECIPITATION DATA] SYMBOLS USED IN COLUMN 16
AVERAGE MONTHLY: 55.1 TOTAL FOR MONTH: 5.24 1 = FOG OR MIST
DPTR FM NORMAL: -3.3 DPTR FM NORMAL: 1.40 2 = FOG REDUCING VISIBILITY
HIGHEST: 87 ON 1 GRTST 24HR 1.48 ON 16-16 TO 1/4 MILE OR LESS
LOWEST: 26 ON 9 3 = THUNDER
SNOW, ICE PELLETS, HAIL 4 = ICE PELLETS
TOTAL MONTH: 0.0 INCH 5 = HAIL
GRTST 24HR 0.0 6 = FREEZING RAIN OR DRIZZLE
GRTST DEPTH: 0 7 = DUSTSTORM OR SANDSTORM:
VSBY 1/2 MILE OR LESS
8 = SMOKE OR HAZE
[NO. OF DAYS WITH] [WEATHER - DAYS WITH] 9 = BLOWING SNOW
X = TORNADO
MAX 32 OR BELOW: 0 0.01 INCH OR MORE: 12
MAX 90 OR ABOVE: 0 0.10 INCH OR MORE: 8
MIN 32 OR BELOW: 3 0.50 INCH OR MORE: 2
MIN 0 OR BELOW: 0 1.00 INCH OR MORE: 2
[HDD (BASE 65) ]
TOTAL THIS MO. 302 CLEAR (SCALE 0-3) 8
DPTR FM NORMAL 65 PTCLDY (SCALE 4-7) 13
TOTAL FM JUL 1 7952 CLOUDY (SCALE 8-10) 10
DPTR FM NORMAL 254
[CDD (BASE 65) ]
TOTAL THIS MO. 3
DPTR FM NORMAL -31 [PRESSURE DATA]
TOTAL FM JAN 1 3 HIGHEST SLP 30.34 ON 11
DPTR FM NORMAL -33 LOWEST SLP 29.63 ON 1
[REMARKS]
#FINAL-05-20#