000
CXUS56 KPQR 040004
CF6EUG
PRELIMINARY LOCAL CLIMATOLOGICAL DATA (WS FORM: F-6)
STATION: EUGENE OR
MONTH: FEBRUARY
YEAR: 2024
LATITUDE: 44 7 N
LONGITUDE: 123 13 W
TEMPERATURE IN F: :PCPN: SNOW: WIND :SUNSHINE: SKY :PK WND
================================================================================
1 2 3 4 5 6A 6B 7 8 9 10 11 12 13 14 15 16 17 18
12Z AVG MX 2MIN
DY MAX MIN AVG DEP HDD CDD WTR SNW DPTH SPD SPD DIR MIN PSBL S-S WX SPD DR
================================================================================
1 61 44 53 11 12 0 0.00 0.0 0 6.3 12 170 M M 8 12 170
2 54 38 46 4 19 0 0.01 0.0 0 6.5 14 180 M M 8 14 180
3 56 35 46 4 19 0 0.00 0.0 0 1.3 6 130 M M 3 6 130
4 48 30 39 -3 26 0 0.10 0.0 0 6.2 15 10 M M 6 1 15 10
5 50 43 47 5 18 0 0.43 0.0 0 2.9 14 340 M M 10 1 14 340
6 54 41 48 6 17 0 0.02 0.0 0 3.6 7 160 M M 9 7 160
7 50 42 46 4 19 0 0.02 0.0 0 3.5 9 310 M M 9 18 12 310
8 53 37 45 2 20 0 0.01 0.0 0 5.4 13 220 M M 8 17 220
9 47 41 44 1 21 0 0.07 0.0 0 4.8 9 130 M M 10 11 160
10 56 41 49 6 16 0 0.00 0.0 0 4.3 12 80 M M 7 15 90
11 57 41 49 6 16 0 0.01 0.0 0 8.2 17 130 M M 8 1 23 140
12 56 35 46 3 19 0 0.00 0.0 0 3.8 9 120 M M 7 1 12 310
13 51 32 42 -1 23 0 0.00 0.0 0 3.0 13 330 M M 7 128 15 320
14 50 38 44 1 21 0 0.56 0.0 0 7.5 20 120 M M 10 12 28 110
15 51 45 48 5 17 0 1.05 0.0 0 9.7 25 130 M M 10 1 33 120
16 47 40 44 1 21 0 0.04 0.0 0 10.4 17 330 M M 10 1 23 330
17 44 39 42 -1 23 0 0.29 0.0 0 7.9 15 310 M M 10 1 19 300
18 56 40 48 4 17 0 0.17 0.0 0 5.7 17 320 M M 9 1 25 320
19 51 41 46 2 19 0 0.09 0.0 0 4.7 14 310 M M 9 1 17 300
20 58 44 51 7 14 0 0.04 0.0 0 3.2 13 110 M M 10 12 17 150
21 55 44 50 6 15 0 0.26 0.0 0 9.5 17 140 M M 9 1 24 190
22 60 39 50 6 15 0 T 0.0 0 3.8 10 300 M M 8 1 14 280
23 59 39 49 5 16 0 0.00 0.0 0 3.6 13 340 M M 4 1 16 320
24 56 35 46 2 19 0 0.00 0.0 0 3.4 9 290 M M 6 12 12 300
25 58 37 48 4 17 0 0.08 0.0 0 7.3 17 190 M M 8 12 22 200
26 50 36 43 -1 22 0 0.29 0.0 0 9.0 26 210 M M 8 1 35 210
27 48 35 42 -3 23 0 T 0.0 0 10.7 18 130 M M 8 24 110
28 55 47 51 6 14 0 0.24 0.0 0 13.9 24 130 M M 10 33 120
29 51 35 43 -2 22 0 1.15 0.0 0 13.9 24 120 M M 10 1 32 140
================================================================================
SM 1542 1134 540 0 4.93 0.0 184.0 M 239
================================================================================
AV 53.2 39.1 6.3 FASTST M M 8 MAX(MPH)
MISC ----> 26 210 35 210
================================================================================
NOTES:
# LAST OF SEVERAL OCCURRENCES
COLUMN 17 PEAK WIND IN M.P.H.
PRELIMINARY LOCAL CLIMATOLOGICAL DATA (WS FORM: F-6) , PAGE 2
STATION: EUGENE OR
MONTH: FEBRUARY
YEAR: 2024
LATITUDE: 44 7 N
LONGITUDE: 123 13 W
[TEMPERATURE DATA] [PRECIPITATION DATA] SYMBOLS USED IN COLUMN 16
AVERAGE MONTHLY: 46.1 TOTAL FOR MONTH: 4.93 1 = FOG OR MIST
DPTR FM NORMAL: 2.8 DPTR FM NORMAL: 0.26 2 = FOG REDUCING VISIBILITY
HIGHEST: 61 ON 1 GRTST 24HR 1.30 ON 28-29 TO 1/4 MILE OR LESS
LOWEST: 30 ON 4 3 = THUNDER
SNOW, ICE PELLETS, HAIL 4 = ICE PELLETS
TOTAL MONTH: 0.0 INCH 5 = HAIL
GRTST 24HR 0.0 6 = FREEZING RAIN OR DRIZZLE
GRTST DEPTH: 0 7 = DUSTSTORM OR SANDSTORM:
VSBY 1/2 MILE OR LESS
8 = SMOKE OR HAZE
[NO. OF DAYS WITH] [WEATHER - DAYS WITH] 9 = BLOWING SNOW
X = TORNADO
MAX 32 OR BELOW: 0 0.01 INCH OR MORE: 20
MAX 90 OR ABOVE: 0 0.10 INCH OR MORE: 10
MIN 32 OR BELOW: 2 0.50 INCH OR MORE: 3
MIN 0 OR BELOW: 0 1.00 INCH OR MORE: 2
[HDD (BASE 65) ]
TOTAL THIS MO. 540 CLEAR (SCALE 0-3) 1
DPTR FM NORMAL -69 PTCLDY (SCALE 4-7) 10
TOTAL FM JUL 1 2746 CLOUDY (SCALE 8-10) 18
DPTR FM NORMAL -489
[CDD (BASE 65) ]
TOTAL THIS MO. 0
DPTR FM NORMAL 0 [PRESSURE DATA]
TOTAL FM JAN 1 0 HIGHEST SLP 30.33 ON 23
DPTR FM NORMAL 0 LOWEST SLP 29.35 ON 5
[REMARKS]
#FINAL-02-24#