000
CXUS53 KPAH 011535
CLAEVV
CLIMATE REPORT
NATIONAL WEATHER SERVICE PADUCAH KY
935 AM CST SUN JAN 01 2023
...................................
...THE EVANSVILLE IN CLIMATE SUMMARY FOR THE YEAR OF 2022...
CLIMATE NORMAL PERIOD 1991 TO 2020
CLIMATE RECORD PERIOD 1896 TO 2022
WEATHER OBSERVED NORMAL DEPART LAST YEAR`S
VALUE DATE(S) VALUE FROM VALUE DATE(S)
NORMAL
................................................................
TEMPERATURE (F)
RECORD
HIGH 111 07/28/1930
LOW -23 02/02/1951
HIGHEST 101 07/05 96 08/26
LOWEST -6 12/23 2 02/16
02/17
AVG. MAXIMUM 67.4 67.2 0.2 68.1
AVG. MINIMUM 46.3 47.1 -0.8 47.6
MEAN 56.9 57.2 -0.3 57.9
DAYS MAX >= 90 44 41.0 3.0 35
DAYS MAX <= 32 18 15.7 2.3 15
DAYS MIN <= 32 96 90.4 5.6 84
DAYS MIN <= 0 2 1.0 1.0 0
PRECIPITATION (INCHES)
RECORD
MAXIMUM 70.03 2011
MINIMUM 0.01 1910
TOTALS 45.32 47.91 -2.59 45.60
DAILY AVG. 0.12 0.13 -0.01 0.13
DAYS >= .01 104 118.0 -14.0 118
DAYS >= .10 64 76.4 -12.4 80
DAYS >= .50 30 32.2 -2.2 34
DAYS >= 1.00 13 12.9 0.1 11
GREATEST
24 HR. TOTAL 4.66
STORM TOTAL 4.48
SNOWFALL (INCHES)
RECORDS
TOTAL 41.0 1918
24 HR TOTAL 19.3 12/22/2004 TO 12/22/2004
TOTALS 10.0 10.8 -0.8 7.8
LIQUID EQUIV 1.00 1.50 -0.50
SINCE 7/1 5.9 3.2 2.7 MM
LIQUID 7/1 0.59
SNOWDEPTH AVG. T
DAYS >= TRACE 20 8.3 11.7 22
DAYS >= 1.0 4 3.2 0.8
GREATEST
SNOW DEPTH 2 12/23
12/24
12/25
24 HR TOTAL 2.5 11/12 TO 11/12
STORM TOTAL 2.5
DEGREE DAYS
HEATING TOTAL 4502 4340 162 4057
SINCE 7/1 1730 1684 46
FREEZE DATES
RECORD
EARLIEST 10/03/1974
LATEST 05/10/1966
EARLIEST 10/19
LATEST 04/03
................................................................
WIND (MPH)
AVERAGE WIND SPEED 6.6
HIGHEST WIND SPEED/DIRECTION 52/330 DATE 08/01
HIGHEST GUST SPEED/DIRECTION 68/320 DATE 08/01
SKY COVER
POSSIBLE SUNSHINE (PERCENT) MM
AVERAGE SKY COVER 0.35
NUMBER OF DAYS FAIR 217
NUMBER OF DAYS PC 86
NUMBER OF DAYS CLOUDY 62
AVERAGE RH (PERCENT) 67
WEATHER CONDITIONS. NUMBER OF DAYS WITH
THUNDERSTORM 51 MIXED PRECIP 1
HEAVY RAIN 46 RAIN 62
LIGHT RAIN 114 FREEZING RAIN 3
LT FREEZING RAIN 3 HAIL 0
HEAVY SNOW 2 SNOW 8
LIGHT SNOW 18 SLEET 1
FOG 147 FOG W/VIS <= 1/4 MILE 15
HAZE 41
- INDICATES NEGATIVE NUMBERS.
R INDICATES RECORD WAS SET OR TIED.
MM INDICATES DATA IS MISSING.
T INDICATES TRACE AMOUNT.
$$