317
CDUS42 KMHX 240527
CLIEWN


CLIMATE REPORT
NATIONAL WEATHER SERVICE NEWPORT/MOREHEAD CITY NC
126 AM EDT TUE MAY 24 2016


...................................

...THE NEW BERN NC CLIMATE SUMMARY FOR MAY 23 2016...

CLIMATE NORMAL PERIOD 1981 TO 2010
CLIMATE RECORD PERIOD 1948 TO 2016


WEATHER ITEM   OBSERVED TIME   RECORD YEAR NORMAL DEPARTURE LAST
                VALUE   (LST)  VALUE       VALUE  FROM      YEAR
                                                  NORMAL
..................................................................
TEMPERATURE (F)
 YESTERDAY
  MAXIMUM         66    350 PM  97    1953  82    -16       80
  MINIMUM         53    521 AM  44    2002  61     -8       50
  AVERAGE         60                        71    -11       65

PRECIPITATION (IN)
  YESTERDAY        0.18          2.46 2003   0.14   0.04     0.00
  MONTH TO DATE    4.59                      2.98   1.61     2.83
  SINCE MAR 1      9.60                     10.54  -0.94     8.45
  SINCE JAN 1     20.62                     18.22   2.40    16.82

SNOWFALL (IN)
  YESTERDAY        0.0
  MONTH TO DATE    0.0
  SINCE NOV 1      T
  SINCE JUL 1      T
  SNOW DEPTH       0

DEGREE DAYS
 HEATING
  YESTERDAY        5                         1      4        0
  MONTH TO DATE   34                        32      2       19
  SINCE MAR 1    424                       553   -129      476
  SINCE JUL 1   2112                      2699   -587     2719

 COOLING
  YESTERDAY        0                         7     -7        0
  MONTH TO DATE   97                       110    -13      135
  SINCE MAR 1    198                       177     21      223
  SINCE JAN 1    198                       180     18      230
..................................................................


WIND (MPH)
  HIGHEST WIND SPEED    15   HIGHEST WIND DIRECTION    NW (320)
  HIGHEST GUST SPEED    19   HIGHEST GUST DIRECTION    NW (320)
  AVERAGE WIND SPEED     5.6


SKY COVER
  POSSIBLE SUNSHINE  MM
  AVERAGE SKY COVER 0.6


WEATHER CONDITIONS
 THE FOLLOWING WEATHER WAS RECORDED YESTERDAY.
  RAIN
  LIGHT RAIN
  FOG


RELATIVE HUMIDITY (PERCENT)
 HIGHEST    93           100 AM
 LOWEST     67           900 AM
 AVERAGE    80

..........................................................


THE NEW BERN NC CLIMATE NORMALS FOR TODAY
                         NORMAL    RECORD    YEAR
 MAXIMUM TEMPERATURE (F)   82        96      2011
 MINIMUM TEMPERATURE (F)   61        48      2002
                                             1963


SUNRISE AND SUNSET
MAY 24 2016...........SUNRISE   558 AM EDT   SUNSET   812 PM EDT
MAY 25 2016...........SUNRISE   558 AM EDT   SUNSET   813 PM EDT


-  INDICATES NEGATIVE NUMBERS.
R  INDICATES RECORD WAS SET OR TIED.
MM INDICATES DATA IS MISSING.
T  INDICATES TRACE AMOUNT.




$$
