000
CDUS42 KMHX 230626
CLIEWN


CLIMATE REPORT
NATIONAL WEATHER SERVICE NEWPORT/MOREHEAD CITY NC
126 AM EST THU FEB 23 2017


...................................

...THE NEW BERN NC CLIMATE SUMMARY FOR FEBRUARY 22 2017...

CLIMATE NORMAL PERIOD 1981 TO 2010
CLIMATE RECORD PERIOD 1948 TO 2017


WEATHER ITEM   OBSERVED TIME   RECORD YEAR NORMAL DEPARTURE LAST
                VALUE   (LST)  VALUE       VALUE  FROM      YEAR
                                                  NORMAL
..................................................................
TEMPERATURE (F)
 YESTERDAY
  MAXIMUM         74        MM  80    1980  59     15       63
  MINIMUM         43        MM  17    1963  37      6       47
  AVERAGE         59                        48     11       55

PRECIPITATION (IN)
  YESTERDAY        0.00          1.71 1962   0.14  -0.14     0.04
  MONTH TO DATE    1.97                      2.84  -0.87     6.83
  SINCE DEC 1      9.72                     10.26  -0.54    16.96
  SINCE JAN 1      6.22                      6.86  -0.64    10.54

SNOWFALL (IN)
  YESTERDAY        0.0
  MONTH TO DATE    0.0
  SINCE NOV 1      T
  SINCE JUL 1      T
  SNOW DEPTH       0

DEGREE DAYS
 HEATING
  YESTERDAY        6                        17    -11       10
  MONTH TO DATE  279                       409   -130      428
  SINCE DEC 1   1307                      1622   -315     1322
  SINCE JUL 1   1702                      2049   -347     1605

 COOLING
  YESTERDAY        0                         0      0        0
  MONTH TO DATE    6                         0      6        0
  SINCE DEC 1      6                         4      2       49
  SINCE JAN 1      6                         1      5        0
..................................................................


WIND (MPH)
  HIGHEST WIND SPEED    10   HIGHEST WIND DIRECTION     S (180)
  HIGHEST GUST SPEED    MM   HIGHEST GUST DIRECTION    MM
  AVERAGE WIND SPEED     3.0


SKY COVER
  POSSIBLE SUNSHINE  MM
  AVERAGE SKY COVER 0.2


WEATHER CONDITIONS
 THE FOLLOWING WEATHER WAS RECORDED YESTERDAY.
  FOG
  FOG W/VISIBILITY <= 1/4 MILE


RELATIVE HUMIDITY (PERCENT)
 HIGHEST   100          1200 AM
 LOWEST     44           200 PM
 AVERAGE    72

..........................................................


THE NEW BERN NC CLIMATE NORMALS FOR TODAY
                         NORMAL    RECORD    YEAR
 MAXIMUM TEMPERATURE (F)   59        81      1980
 MINIMUM TEMPERATURE (F)   37        15      1963


SUNRISE AND SUNSET
FEBRUARY 23 2017......SUNRISE   645 AM EST   SUNSET   559 PM EST
FEBRUARY 24 2017......SUNRISE   644 AM EST   SUNSET   600 PM EST


-  INDICATES NEGATIVE NUMBERS.
R  INDICATES RECORD WAS SET OR TIED.
MM INDICATES DATA IS MISSING.
T  INDICATES TRACE AMOUNT.




$$
