000
CDUS42 KMHX 220630
CLIEWN


CLIMATE REPORT
NATIONAL WEATHER SERVICE NEWPORT/MOREHEAD CITY NC
129 AM EST MON DEC 22 2014


...................................

...THE NEW BERN NC CLIMATE SUMMARY FOR DECEMBER 21 2014...

CLIMATE NORMAL PERIOD 1981 TO 2010
CLIMATE RECORD PERIOD 1948 TO 2014


WEATHER ITEM   OBSERVED TIME   RECORD YEAR NORMAL DEPARTURE LAST
                VALUE   (LST)  VALUE       VALUE  FROM      YEAR
                                                  NORMAL
..................................................................
TEMPERATURE (F)
 YESTERDAY
  MAXIMUM         50    329 PM  77    1984  56     -6       75
  MINIMUM         36    721 AM  15    1981  35      1       51
  AVERAGE         43                        45     -2       63

PRECIPITATION (IN)
  YESTERDAY        0.07          0.75 1973   0.12  -0.05     0.00
  MONTH TO DATE    0.79                      2.29  -1.50     1.43
  SINCE DEC 1      0.79                      2.29  -1.50     1.43
  SINCE JAN 1     51.50                     51.64  -0.14    41.71

SNOWFALL (IN)
  YESTERDAY       MM
  MONTH TO DATE    0.0
  SINCE NOV 1      0.0
  SINCE JUL 1      0.0
  SNOW DEPTH       0

DEGREE DAYS
 HEATING
  YESTERDAY       22                        20      2        2
  MONTH TO DATE  333                       363    -30      283
  SINCE DEC 1    333                       363    -30      283
  SINCE JUL 1    778                       790    -12      706

 COOLING
  YESTERDAY        0                         0      0        0
  MONTH TO DATE    0                         0      0       12
  SINCE DEC 1      0                         0      0       12
  SINCE JAN 1   2193                      1900    293     2018
..................................................................


WIND (MPH)
  HIGHEST WIND SPEED    14   HIGHEST WIND DIRECTION    NE (40)
  HIGHEST GUST SPEED    16   HIGHEST GUST DIRECTION     N (20)
  AVERAGE WIND SPEED     7.2


SKY COVER
  POSSIBLE SUNSHINE  MM
  AVERAGE SKY COVER 0.7


WEATHER CONDITIONS
 THE FOLLOWING WEATHER WAS RECORDED YESTERDAY.
  RAIN
  LIGHT RAIN
  FOG


RELATIVE HUMIDITY (PERCENT)
 HIGHEST    89           600 AM
 LOWEST     61           100 PM
 AVERAGE    75

..........................................................


THE NEW BERN NC CLIMATE NORMALS FOR TODAY
                         NORMAL    RECORD    YEAR
 MAXIMUM TEMPERATURE (F)   56        82      2013
 MINIMUM TEMPERATURE (F)   35        17      1989


SUNRISE AND SUNSET
DECEMBER 22 2014......SUNRISE   713 AM EST   SUNSET   501 PM EST
DECEMBER 23 2014......SUNRISE   713 AM EST   SUNSET   501 PM EST


-  INDICATES NEGATIVE NUMBERS.
R  INDICATES RECORD WAS SET OR TIED.
MM INDICATES DATA IS MISSING.
T  INDICATES TRACE AMOUNT.




$$
