000
CDUS42 KMHX 300531
CLIEWN


CLIMATE REPORT
NATIONAL WEATHER SERVICE NEWPORT/MOREHEAD CITY NC
131 AM EDT THU OCT 30 2014


...................................

...THE NEW BERN NC CLIMATE SUMMARY FOR OCTOBER 29 2014...

CLIMATE NORMAL PERIOD 1981 TO 2010
CLIMATE RECORD PERIOD 1948 TO 2014


WEATHER ITEM   OBSERVED TIME   RECORD YEAR NORMAL DEPARTURE LAST
                VALUE   (LST)  VALUE       VALUE  FROM      YEAR
                                                  NORMAL
..................................................................
TEMPERATURE (F)
 YESTERDAY
  MAXIMUM         82   1243 PM  85    1984  71     11       75
  MINIMUM         65    704 AM  29    1976  49     16       51
  AVERAGE         74                        60     14       63

PRECIPITATION (IN)
  YESTERDAY        0.06          2.20 1956   0.10  -0.04     0.00
  MONTH TO DATE    2.19                      3.06  -0.87     3.21
  SINCE SEP 1      9.77                      8.95   0.82     6.46
  SINCE JAN 1     46.78                     45.75   1.03    35.83

SNOWFALL (IN)
  YESTERDAY        0.0
  MONTH TO DATE    0.0
  SINCE NOV 1     14.0
  SINCE JUL 1      0.0
  SNOW DEPTH       0

DEGREE DAYS
 HEATING
  YESTERDAY        0                         6     -6        2
  MONTH TO DATE   44                        98    -54       73
  SINCE SEP 1     44                       105    -61       75
  SINCE JUL 1     44                       105    -61       75

 COOLING
  YESTERDAY        9                         1      8        0
  MONTH TO DATE  118                        80     38      105
  SINCE SEP 1    468                       354    114      373
  SINCE JAN 1   2179                      1883    296     1990
..................................................................


WIND (MPH)
  HIGHEST WIND SPEED    17   HIGHEST WIND DIRECTION     W (260)
  HIGHEST GUST SPEED    24   HIGHEST GUST DIRECTION     W (260)
  AVERAGE WIND SPEED     6.9


SKY COVER
  POSSIBLE SUNSHINE  MM
  AVERAGE SKY COVER 0.1


WEATHER CONDITIONS
 THE FOLLOWING WEATHER WAS RECORDED YESTERDAY.
  HEAVY RAIN
  LIGHT RAIN


RELATIVE HUMIDITY (PERCENT)
 HIGHEST    93           400 AM
 LOWEST     51           100 PM
 AVERAGE    72

..........................................................


THE NEW BERN NC CLIMATE NORMALS FOR TODAY
                         NORMAL    RECORD    YEAR
 MAXIMUM TEMPERATURE (F)   71        84      1950
 MINIMUM TEMPERATURE (F)   49        27      1965


SUNRISE AND SUNSET
OCTOBER 30 2014.......SUNRISE   727 AM EDT   SUNSET   616 PM EDT
OCTOBER 31 2014.......SUNRISE   728 AM EDT   SUNSET   615 PM EDT


-  INDICATES NEGATIVE NUMBERS.
R  INDICATES RECORD WAS SET OR TIED.
MM INDICATES DATA IS MISSING.
T  INDICATES TRACE AMOUNT.




$$
