000
CDUS42 KMHX 292131
CLIEWN


CLIMATE REPORT
NATIONAL WEATHER SERVICE NEWPORT/MOREHEAD CITY NC
530 PM EDT THU SEP 29 2016


...................................

...THE NEW BERN NC CLIMATE SUMMARY FOR SEPTEMBER 29 2016...
VALID TODAY AS OF 0500 PM LOCAL TIME.

CLIMATE NORMAL PERIOD 1981 TO 2010
CLIMATE RECORD PERIOD 1948 TO 2016


WEATHER ITEM   OBSERVED TIME   RECORD YEAR NORMAL DEPARTURE LAST
                VALUE   (LST)  VALUE       VALUE  FROM      YEAR
                                                  NORMAL
..................................................................
TEMPERATURE (F)
 TODAY
  MAXIMUM         81    945 AM  89    1974  80      1       87
  MINIMUM         67    606 AM  48    1970  60      7       74
  AVERAGE         74                        70      4       81

PRECIPITATION (IN)
  TODAY            0.11          3.04 2010   0.18  -0.07     0.16
  MONTH TO DATE   10.94                      5.72   5.22     6.65
  SINCE SEP 1     10.94                      5.72   5.22     6.65
  SINCE JAN 1     54.31                     42.52  11.79    47.87

SNOWFALL (IN)
  TODAY            0.0
  MONTH TO DATE    0.0
  SINCE NOV 1      T
  SINCE JUL 1      0.0
  SNOW DEPTH       0

DEGREE DAYS
 HEATING
  TODAY            0                         1     -1        0
  MONTH TO DATE    0                         4     -4        0
  SINCE SEP 1      0                         4     -4        0
  SINCE JUL 1      0                         4     -4        0

 COOLING
  TODAY            9                         6      3       16
  MONTH TO DATE  358                       268     90      327
  SINCE SEP 1    358                       268     90      327
  SINCE JAN 1   2113                      1797    316     2048
..................................................................


WIND (MPH)
  HIGHEST WIND SPEED    17   HIGHEST WIND DIRECTION     W (270)
  HIGHEST GUST SPEED    23   HIGHEST GUST DIRECTION     W (280)
  AVERAGE WIND SPEED     3.8


SKY COVER
  POSSIBLE SUNSHINE  MM
  AVERAGE SKY COVER 0.2


WEATHER CONDITIONS
 THE FOLLOWING WEATHER WAS RECORDED TODAY.
  THUNDERSTORM
  RAIN
  LIGHT RAIN
  FOG


RELATIVE HUMIDITY (PERCENT)
 HIGHEST    97          1200 AM
 LOWEST     74           400 PM
 AVERAGE    86

..........................................................


THE NEW BERN NC CLIMATE NORMALS FOR TOMORROW
                         NORMAL    RECORD    YEAR
 MAXIMUM TEMPERATURE (F)   79        90      1972
 MINIMUM TEMPERATURE (F)   60        43      1970


SUNRISE AND SUNSET
SEPTEMBER 29 2016.....SUNRISE   702 AM EDT   SUNSET   654 PM EDT
SEPTEMBER 30 2016.....SUNRISE   703 AM EDT   SUNSET   653 PM EDT


-  INDICATES NEGATIVE NUMBERS.
R  INDICATES RECORD WAS SET OR TIED.
MM INDICATES DATA IS MISSING.
T  INDICATES TRACE AMOUNT.




$$
