000
CDUS42 KMHX 290526
CLIEWN


CLIMATE REPORT
NATIONAL WEATHER SERVICE NEWPORT/MOREHEAD CITY NC
126 AM EDT WED JUN 29 2016


...................................

...THE NEW BERN NC CLIMATE SUMMARY FOR JUNE 28 2016...

CLIMATE NORMAL PERIOD 1981 TO 2010
CLIMATE RECORD PERIOD 1948 TO 2016


WEATHER ITEM   OBSERVED TIME   RECORD YEAR NORMAL DEPARTURE LAST
                VALUE   (LST)  VALUE       VALUE  FROM      YEAR
                                                  NORMAL
..................................................................
TEMPERATURE (F)
 YESTERDAY
  MAXIMUM         85   1107 AM  99    1959  89     -4       86
  MINIMUM         69    442 AM  58    1985  70     -1       69
  AVERAGE         77                        80     -3       78

PRECIPITATION (IN)
  YESTERDAY        0.11          1.11 1986   0.17  -0.06     0.01
  MONTH TO DATE    3.40                      4.25  -0.85     7.78
  SINCE JUN 1      3.40                      4.25  -0.85     7.78
  SINCE JAN 1     26.11                     23.64   2.47    24.60

SNOWFALL (IN)
  YESTERDAY        0.0
  MONTH TO DATE    0.0
  SINCE NOV 1      T
  SINCE JUL 1      T
  SNOW DEPTH       0

DEGREE DAYS
 HEATING
  YESTERDAY        0                         0      0        0
  MONTH TO DATE    0                         0      0        0
  SINCE JUN 1      0                         0      0        0
  SINCE JUL 1   2112                      2701   -589     2719

 COOLING
  YESTERDAY       12                        15     -3       13
  MONTH TO DATE  363                       335     28      448
  SINCE JUN 1    363                       335     28      448
  SINCE JAN 1    633                       578     55      746
..................................................................


WIND (MPH)
  HIGHEST WIND SPEED    12   HIGHEST WIND DIRECTION    SW (210)
  HIGHEST GUST SPEED    16   HIGHEST GUST DIRECTION    SW (220)
  AVERAGE WIND SPEED     2.7


SKY COVER
  POSSIBLE SUNSHINE  MM
  AVERAGE SKY COVER 0.4


WEATHER CONDITIONS
 THE FOLLOWING WEATHER WAS RECORDED YESTERDAY.
  THUNDERSTORM
  RAIN
  LIGHT RAIN
  FOG


RELATIVE HUMIDITY (PERCENT)
 HIGHEST    97           300 AM
 LOWEST     59          1100 AM
 AVERAGE    78

..........................................................


THE NEW BERN NC CLIMATE NORMALS FOR TODAY
                         NORMAL    RECORD    YEAR
 MAXIMUM TEMPERATURE (F)   89       102      1959
 MINIMUM TEMPERATURE (F)   70        55      1970


SUNRISE AND SUNSET
JUNE 29 2016..........SUNRISE   557 AM EDT   SUNSET   826 PM EDT
JUNE 30 2016..........SUNRISE   557 AM EDT   SUNSET   826 PM EDT


-  INDICATES NEGATIVE NUMBERS.
R  INDICATES RECORD WAS SET OR TIED.
MM INDICATES DATA IS MISSING.
T  INDICATES TRACE AMOUNT.




$$
