000
CDUS42 KMHX 180526
CLIEWN


CLIMATE REPORT
NATIONAL WEATHER SERVICE NEWPORT/MOREHEAD CITY NC
125 AM EDT WED OCT 18 2017


...................................

...THE NEW BERN NC CLIMATE SUMMARY FOR OCTOBER 17 2017...

CLIMATE NORMAL PERIOD 1981 TO 2010
CLIMATE RECORD PERIOD 1948 TO 2017


WEATHER ITEM   OBSERVED TIME   RECORD YEAR NORMAL DEPARTURE LAST
                VALUE   (LST)  VALUE       VALUE  FROM      YEAR
                                                  NORMAL
..................................................................
TEMPERATURE (F)
 YESTERDAY
  MAXIMUM         63    356 PM  89    1972  74    -11       83
  MINIMUM         50    711 AM  36    1982  53     -3       56
  AVERAGE         57                        64     -7       70

PRECIPITATION (IN)
  YESTERDAY        0.00          6.18 1999   0.10  -0.10     0.00
  MONTH TO DATE    1.23                      1.95  -0.72     6.40
  SINCE SEP 1      4.48                      7.84  -3.36    17.50
  SINCE JAN 1     43.12                     44.64  -1.52    60.87

SNOWFALL (IN)
  YESTERDAY        0.0
  MONTH TO DATE    0.0
  SINCE NOV 1      T
  SINCE JUL 1      0.0
  SNOW DEPTH       0

DEGREE DAYS
 HEATING
  YESTERDAY        8                         4      4        0
  MONTH TO DATE    9                        37    -28       13
  SINCE SEP 1      9                        44    -35       13
  SINCE JUL 1      9                        44    -35       13

 COOLING
  YESTERDAY        0                         2     -2        5
  MONTH TO DATE  135                        60     75       87
  SINCE SEP 1    445                       334    111      457
  SINCE JAN 1   2128                      1863    265     2212
..................................................................


WIND (MPH)
  HIGHEST WIND SPEED    17   HIGHEST WIND DIRECTION    NE (40)
  HIGHEST GUST SPEED    21   HIGHEST GUST DIRECTION    NE (50)
  AVERAGE WIND SPEED    10.0


SKY COVER
  POSSIBLE SUNSHINE  MM
  AVERAGE SKY COVER 0.0


WEATHER CONDITIONS
 THE FOLLOWING WEATHER WAS RECORDED YESTERDAY.
  NO SIGNIFICANT WEATHER WAS OBSERVED.


RELATIVE HUMIDITY (PERCENT)
 HIGHEST    83           400 AM
 LOWEST     48           100 PM
 AVERAGE    66

..........................................................


THE NEW BERN NC CLIMATE NORMALS FOR TODAY
                         NORMAL    RECORD    YEAR
 MAXIMUM TEMPERATURE (F)   74        85      2007
 MINIMUM TEMPERATURE (F)   53        34      1982


SUNRISE AND SUNSET
OCTOBER 18 2017.......SUNRISE   717 AM EDT   SUNSET   629 PM EDT
OCTOBER 19 2017.......SUNRISE   718 AM EDT   SUNSET   628 PM EDT


-  INDICATES NEGATIVE NUMBERS.
R  INDICATES RECORD WAS SET OR TIED.
MM INDICATES DATA IS MISSING.
T  INDICATES TRACE AMOUNT.




$$
