000
CDUS42 KMHX 270534
CLIEWN


CLIMATE REPORT
NATIONAL WEATHER SERVICE NEWPORT/MOREHEAD CITY NC
134 AM EDT SAT AUG 27 2016


...................................

...THE NEW BERN NC CLIMATE SUMMARY FOR AUGUST 26 2016...

CLIMATE NORMAL PERIOD 1981 TO 2010
CLIMATE RECORD PERIOD 1948 TO 2016


WEATHER ITEM   OBSERVED TIME   RECORD YEAR NORMAL DEPARTURE LAST
                VALUE   (LST)  VALUE       VALUE  FROM      YEAR
                                                  NORMAL
..................................................................
TEMPERATURE (F)
 YESTERDAY
  MAXIMUM         91    232 PM  96    1954  87      4       87
  MINIMUM         69    531 AM  59    1986  70     -1       70
  AVERAGE         80                        78      2       79

PRECIPITATION (IN)
  YESTERDAY        0.00          3.30 2011   0.21  -0.21     1.16
  MONTH TO DATE    3.83                      5.67  -1.84     5.54
  SINCE JUN 1     19.35                     16.43   2.92    21.17
  SINCE JAN 1     42.06                     35.82   6.24    37.99

SNOWFALL (IN)
  YESTERDAY        0.0
  MONTH TO DATE    0.0
  SINCE NOV 1      T
  SINCE JUL 1      0.0
  SNOW DEPTH       0

DEGREE DAYS
 HEATING
  YESTERDAY        0                         0      0        0
  MONTH TO DATE    0                         0      0        0
  SINCE JUN 1      0                         1     -1        0
  SINCE JUL 1      0                         0      0        0

 COOLING
  YESTERDAY       15                        13      2       14
  MONTH TO DATE  448                       374     74      377
  SINCE JUN 1   1406                      1221    185     1368
  SINCE JAN 1   1676                      1464    212     1666
..................................................................


WIND (MPH)
  HIGHEST WIND SPEED     9   HIGHEST WIND DIRECTION     E (100)
  HIGHEST GUST SPEED    14   HIGHEST GUST DIRECTION     E (110)
  AVERAGE WIND SPEED     2.8


SKY COVER
  POSSIBLE SUNSHINE  MM
  AVERAGE SKY COVER 0.1


WEATHER CONDITIONS
 THE FOLLOWING WEATHER WAS RECORDED YESTERDAY.
  NO SIGNIFICANT WEATHER WAS OBSERVED.


RELATIVE HUMIDITY (PERCENT)
 HIGHEST    97           300 AM
 LOWEST     55          1100 AM
 AVERAGE    76

..........................................................


THE NEW BERN NC CLIMATE NORMALS FOR TODAY
                         NORMAL    RECORD    YEAR
 MAXIMUM TEMPERATURE (F)   87        96      1954
 MINIMUM TEMPERATURE (F)   69        59      1984


SUNRISE AND SUNSET
AUGUST 27 2016........SUNRISE   637 AM EDT   SUNSET   741 PM EDT
AUGUST 28 2016........SUNRISE   638 AM EDT   SUNSET   740 PM EDT


-  INDICATES NEGATIVE NUMBERS.
R  INDICATES RECORD WAS SET OR TIED.
MM INDICATES DATA IS MISSING.
T  INDICATES TRACE AMOUNT.




$$
