000
CDUS42 KMHX 250525
CLIEWN


CLIMATE REPORT
NATIONAL WEATHER SERVICE NEWPORT/MOREHEAD CITY NC
125 AM EDT MON JUL 25 2016


...................................

...THE NEW BERN NC CLIMATE SUMMARY FOR JULY 24 2016...

CLIMATE NORMAL PERIOD 1981 TO 2010
CLIMATE RECORD PERIOD 1948 TO 2016


WEATHER ITEM   OBSERVED TIME   RECORD YEAR NORMAL DEPARTURE LAST
                VALUE   (LST)  VALUE       VALUE  FROM      YEAR
                                                  NORMAL
..................................................................
TEMPERATURE (F)
 YESTERDAY
  MAXIMUM         95    145 PM  99    1952  90      5       87
  MINIMUM         75    158 AM  59    1977  72      3       68
  AVERAGE         85                        81      4       78

PRECIPITATION (IN)
  YESTERDAY        0.00          3.02 1958   0.22  -0.22     0.00
  MONTH TO DATE   10.33                      4.65   5.68     7.85
  SINCE JUN 1     13.75                      9.24   4.51    15.63
  SINCE JAN 1     36.46                     28.63   7.83    32.45

SNOWFALL (IN)
  YESTERDAY        0.0
  MONTH TO DATE    0.0
  SINCE NOV 1      T
  SINCE JUL 1      0.0
  SNOW DEPTH       0

DEGREE DAYS
 HEATING
  YESTERDAY        0                         0      0        0
  MONTH TO DATE    0                         0      0        0
  SINCE JUN 1      0                         1     -1        0
  SINCE JUL 1      0                         0      0        0

 COOLING
  YESTERDAY       20                        16      4       13
  MONTH TO DATE  421                       377     44      413
  SINCE JUN 1    814                       742     72      889
  SINCE JAN 1   1084                       985     99     1187
..................................................................


WIND (MPH)
  HIGHEST WIND SPEED    14   HIGHEST WIND DIRECTION     S (170)
  HIGHEST GUST SPEED    17   HIGHEST GUST DIRECTION     S (180)
  AVERAGE WIND SPEED     5.9


SKY COVER
  POSSIBLE SUNSHINE  MM
  AVERAGE SKY COVER 0.1


WEATHER CONDITIONS
 THE FOLLOWING WEATHER WAS RECORDED YESTERDAY.
  NO SIGNIFICANT WEATHER WAS OBSERVED.


RELATIVE HUMIDITY (PERCENT)
 HIGHEST    94           100 AM
 LOWEST     56           200 PM
 AVERAGE    75

..........................................................


THE NEW BERN NC CLIMATE NORMALS FOR TODAY
                         NORMAL    RECORD    YEAR
 MAXIMUM TEMPERATURE (F)   90        97      2010
 MINIMUM TEMPERATURE (F)   72        62      2007


SUNRISE AND SUNSET
JULY 25 2016..........SUNRISE   613 AM EDT   SUNSET   816 PM EDT
JULY 26 2016..........SUNRISE   613 AM EDT   SUNSET   816 PM EDT


-  INDICATES NEGATIVE NUMBERS.
R  INDICATES RECORD WAS SET OR TIED.
MM INDICATES DATA IS MISSING.
T  INDICATES TRACE AMOUNT.




$$
