000
CDUS42 KMHX 270526
CLIEWN


CLIMATE REPORT
NATIONAL WEATHER SERVICE NEWPORT/MOREHEAD CITY NC
126 AM EDT FRI MAR 27 2015


...................................

...THE NEW BERN NC CLIMATE SUMMARY FOR MARCH 26 2015...

CLIMATE NORMAL PERIOD 1981 TO 2010
CLIMATE RECORD PERIOD 1948 TO 2015


WEATHER ITEM   OBSERVED TIME   RECORD YEAR NORMAL DEPARTURE LAST
                VALUE   (LST)  VALUE       VALUE  FROM      YEAR
                                                  NORMAL
..................................................................
TEMPERATURE (F)
 YESTERDAY
  MAXIMUM         80    149 PM  82    1959  68     12       49
  MINIMUM         63   1101 PM  28    2014  45     18       28
                                      1983
  AVERAGE         72                        56     16       39

PRECIPITATION (IN)
  YESTERDAY        T             1.43 1978   0.14  -0.14      T
  MONTH TO DATE    2.38                      3.71  -1.33     3.87
  SINCE MAR 1      2.38                      3.71  -1.33     3.87
  SINCE JAN 1     10.75                     11.39  -0.64    10.40

SNOWFALL (IN)
  YESTERDAY        0.0
  MONTH TO DATE    0.0
  SINCE NOV 1      3.0
  SINCE JUL 1      3.0
  SNOW DEPTH       0

DEGREE DAYS
 HEATING
  YESTERDAY        0                         9     -9       26
  MONTH TO DATE  270                       327    -57      410
  SINCE MAR 1    270                       327    -57      410
  SINCE JUL 1   2513                      2473     40     2484

 COOLING
  YESTERDAY        7                         0      7        0
  MONTH TO DATE   23                         0     23        1
  SINCE MAR 1     23                         0     23        1
  SINCE JAN 1     30                         3     27        6
..................................................................


WIND (MPH)
  HIGHEST WIND SPEED    28   HIGHEST WIND DIRECTION     S (180)
  HIGHEST GUST SPEED    37   HIGHEST GUST DIRECTION     S (170)
  AVERAGE WIND SPEED    12.3


SKY COVER
  POSSIBLE SUNSHINE  MM
  AVERAGE SKY COVER 0.6


WEATHER CONDITIONS
 THE FOLLOWING WEATHER WAS RECORDED YESTERDAY.
  LIGHT RAIN


RELATIVE HUMIDITY (PERCENT)
 HIGHEST    84          1200 AM
 LOWEST     46           400 PM
 AVERAGE    65

..........................................................


THE NEW BERN NC CLIMATE NORMALS FOR TODAY
                         NORMAL    RECORD    YEAR
 MAXIMUM TEMPERATURE (F)   68        84      2007
 MINIMUM TEMPERATURE (F)   45        24      2014


SUNRISE AND SUNSET
MARCH 27 2015.........SUNRISE   702 AM EDT   SUNSET   725 PM EDT
MARCH 28 2015.........SUNRISE   701 AM EDT   SUNSET   726 PM EDT


-  INDICATES NEGATIVE NUMBERS.
R  INDICATES RECORD WAS SET OR TIED.
MM INDICATES DATA IS MISSING.
T  INDICATES TRACE AMOUNT.




$$
