000
CDUS42 KMHX 242141
CLIEWN


CLIMATE REPORT
NATIONAL WEATHER SERVICE NEWPORT/MOREHEAD CITY NC
540 PM EDT FRI OCT 24 2014


...................................

...THE NEW BERN NC CLIMATE SUMMARY FOR OCTOBER 24 2014...
VALID TODAY AS OF 0500 PM LOCAL TIME.

CLIMATE NORMAL PERIOD 1981 TO 2010
CLIMATE RECORD PERIOD 1948 TO 2014


WEATHER ITEM   OBSERVED TIME   RECORD YEAR NORMAL DEPARTURE LAST
                VALUE   (LST)  VALUE       VALUE  FROM      YEAR
                                                  NORMAL
..................................................................
TEMPERATURE (F)
 TODAY
  MAXIMUM         73    306 PM  88    2001  73      0       63
  MINIMUM         47    529 AM  35    2006  50     -3       42
  AVERAGE         60                        62     -2       53

PRECIPITATION (IN)
  TODAY            0.00          1.92 1982   0.09  -0.09     0.00
  MONTH TO DATE    2.13                      2.61  -0.48     3.21
  SINCE SEP 1      9.71                      8.50   1.21     6.46
  SINCE JAN 1     46.72                     45.30   1.42    35.83

SNOWFALL (IN)
  TODAY            0.0
  MONTH TO DATE    0.0
  SINCE NOV 1     14.0
  SINCE JUL 1      0.0
  SNOW DEPTH       0

DEGREE DAYS
 HEATING
  TODAY            5                         5      0       12
  MONTH TO DATE   36                        69    -33       23
  SINCE SEP 1     36                        76    -40       25
  SINCE JUL 1     36                        76    -40       25

 COOLING
  TODAY            0                         2     -2        0
  MONTH TO DATE  107                        74     33      105
  SINCE SEP 1    457                       348    109      373
  SINCE JAN 1   2168                      1877    291     1990
..................................................................


WIND (MPH)
  HIGHEST WIND SPEED    10   HIGHEST WIND DIRECTION     W (270)
  HIGHEST GUST SPEED    16   HIGHEST GUST DIRECTION    NW (310)
  AVERAGE WIND SPEED     3.6


SKY COVER
  POSSIBLE SUNSHINE  MM
  AVERAGE SKY COVER 0.0


WEATHER CONDITIONS
 THE FOLLOWING WEATHER WAS RECORDED TODAY.
  NO SIGNIFICANT WEATHER WAS OBSERVED.


RELATIVE HUMIDITY (PERCENT)
 HIGHEST    86           500 AM
 LOWEST     38           100 PM
 AVERAGE    62

..........................................................


THE NEW BERN NC CLIMATE NORMALS FOR TOMORROW
                         NORMAL    RECORD    YEAR
 MAXIMUM TEMPERATURE (F)   72        86      2001
 MINIMUM TEMPERATURE (F)   50        32      1964


SUNRISE AND SUNSET
OCTOBER 24 2014.......SUNRISE   722 AM EDT   SUNSET   622 PM EDT
OCTOBER 25 2014.......SUNRISE   723 AM EDT   SUNSET   621 PM EDT


-  INDICATES NEGATIVE NUMBERS.
R  INDICATES RECORD WAS SET OR TIED.
MM INDICATES DATA IS MISSING.
T  INDICATES TRACE AMOUNT.




$$
