000
CDUS42 KMHX 130528
CLIEWN


CLIMATE REPORT
NATIONAL WEATHER SERVICE NEWPORT/MOREHEAD CITY NC
1227 AM EST SAT FEB 13 2016


...................................

...THE NEW BERN NC CLIMATE SUMMARY FOR FEBRUARY 12 2016...

CLIMATE NORMAL PERIOD 1981 TO 2010
CLIMATE RECORD PERIOD 1948 TO 2016


WEATHER ITEM   OBSERVED TIME   RECORD YEAR NORMAL DEPARTURE LAST
                VALUE   (LST)  VALUE       VALUE  FROM      YEAR
                                                  NORMAL
..................................................................
TEMPERATURE (F)
 YESTERDAY
  MAXIMUM         36   1037 AM  78    1965  57    -21       67
  MINIMUM         24    120 AM  13    1968  36    -12       28
  AVERAGE         30                        46    -16       48

PRECIPITATION (IN)
  YESTERDAY        0.25          1.55 1972   0.12   0.13      T
  MONTH TO DATE    6.21                      1.48   4.73     1.38
  SINCE DEC 1     16.34                      8.90   7.44    10.02
  SINCE JAN 1      9.92                      5.50   4.42     5.87

SNOWFALL (IN)
  YESTERDAY       MM
  MONTH TO DATE    0.0
  SINCE NOV 1      T
  SINCE JUL 1      T
  SNOW DEPTH       0

DEGREE DAYS
 HEATING
  YESTERDAY       35                        19     16       17
  MONTH TO DATE  231                       232     -1      232
  SINCE DEC 1   1125                      1445   -320     1307
  SINCE JUL 1   1408                      1872   -464     1752

 COOLING
  YESTERDAY        0                         0      0        0
  MONTH TO DATE    0                         0      0        0
  SINCE DEC 1     49                         4     45        7
  SINCE JAN 1      0                         1     -1        7
..................................................................


WIND (MPH)
  HIGHEST WIND SPEED    15   HIGHEST WIND DIRECTION    NE (50)
  HIGHEST GUST SPEED    19   HIGHEST GUST DIRECTION    NE (50)
  AVERAGE WIND SPEED     7.7


SKY COVER
  POSSIBLE SUNSHINE  MM
  AVERAGE SKY COVER 0.6


WEATHER CONDITIONS
 THE FOLLOWING WEATHER WAS RECORDED YESTERDAY.
  RAIN
  LIGHT RAIN
  FREEZING RAIN
  FOG


RELATIVE HUMIDITY (PERCENT)
 HIGHEST    92           400 PM
 LOWEST     50           300 AM
 AVERAGE    71

..........................................................


THE NEW BERN NC CLIMATE NORMALS FOR TODAY
                         NORMAL    RECORD    YEAR
 MAXIMUM TEMPERATURE (F)   58        76      1976
 MINIMUM TEMPERATURE (F)   36         6      1973


SUNRISE AND SUNSET
FEBRUARY 13 2016......SUNRISE   657 AM EST   SUNSET   548 PM EST
FEBRUARY 14 2016......SUNRISE   656 AM EST   SUNSET   549 PM EST


-  INDICATES NEGATIVE NUMBERS.
R  INDICATES RECORD WAS SET OR TIED.
MM INDICATES DATA IS MISSING.
T  INDICATES TRACE AMOUNT.




$$
