000
CXUS52 KMHX 040144
CLMEWN


CLIMATE REPORT
NATIONAL WEATHER SERVICE NEWPORT/MOREHEAD CITY NC
944 PM EDT FRI JUL 3 2015

...................................

...THE NEW BERN NC CLIMATE SUMMARY FOR THE MONTH OF JUNE 2015...

CLIMATE NORMAL PERIOD 1981 TO 2010
CLIMATE RECORD PERIOD 1948 TO 2015

WEATHER         OBSERVED          NORMAL  DEPART  LAST YEAR`S
                 VALUE   DATE(S)  VALUE   FROM    VALUE  DATE(S)
                                          NORMAL
................................................................
TEMPERATURE (F)
RECORD
 HIGH             105   MM
 LOW               54   06/02/2014
                        06/07/2012
                        06/04/2011
HIGHEST           100   06/16                         97  06/19
LOWEST             58   06/08                         54  06/02
AVG. MAXIMUM     90.1              86.8     3.3     89.1
AVG. MINIMUM     71.0              67.5     3.5     68.6
MEAN             80.6              77.2     3.4     78.8
DAYS MAX >= 90     19               9.3     9.7       13
DAYS MAX <= 32      0               0.0     0.0        0
DAYS MIN <= 32      0               0.0     0.0        0
DAYS MIN <= 0       0               0.0     0.0        0

PRECIPITATION (INCHES)
RECORD
 MAXIMUM        16.69   1962
 MINIMUM         0.94   2008
TOTALS           7.78              4.59    3.19     3.49
DAILY AVG.       0.26              0.15    0.11     0.12
DAYS >= .01        14              10.4     3.6       12
DAYS >= .10        13               7.6     5.4        7
DAYS >= .50         5               3.1     1.9        2
DAYS >= 1.00        1               1.3    -0.3        1
GREATEST
 24 HR. TOTAL    3.08   06/03 TO 06/04

DEGREE_DAYS
COOLING TOTAL     476               365     111      421
 SINCE 1/1        774               608     166      782
.................................................................

WIND (MPH)
AVERAGE WIND SPEED              5.9
RESULTANT WIND SPEED/DIRECTION   3/208
HIGHEST WIND SPEED/DIRECTION    26/030    DATE  06/06
HIGHEST GUST SPEED/DIRECTION    37/230    DATE  06/20

SKY COVER
POSSIBLE SUNSHINE (PERCENT)   MM
AVERAGE SKY COVER           0.20
NUMBER OF DAYS FAIR           25
NUMBER OF DAYS PC              4
NUMBER OF DAYS CLOUDY          1

AVERAGE RH (PERCENT)     73

WEATHER CONDITIONS. NUMBER OF DAYS WITH
THUNDERSTORM             15     MIXED PRECIP               0
HEAVY RAIN               12     RAIN                       9
LIGHT RAIN               15     FREEZING RAIN              0
LT FREEZING RAIN          0     HAIL                       0
HEAVY SNOW                0     SNOW                       0
LIGHT SNOW                0     SLEET                      0
FOG                      19     FOG W/VIS <= 1/4 MILE      0
HAZE                      3

-  INDICATES NEGATIVE NUMBERS.
R  INDICATES RECORD WAS SET OR TIED.
MM INDICATES DATA IS MISSING.
T  INDICATES TRACE AMOUNT.

$$
