000
CXUS52 KMHX 011240
CLMEWN


CLIMATE REPORT
NATIONAL WEATHER SERVICE NEWPORT/MOREHEAD CITY NC
840 AM EDT WED JUN 1 2016

...................................

...THE NEW BERN NC CLIMATE SUMMARY FOR THE MONTH OF MAY 2016...

CLIMATE NORMAL PERIOD 1981 TO 2010
CLIMATE RECORD PERIOD 1948 TO 2016

WEATHER         OBSERVED          NORMAL  DEPART  LAST YEAR`S
                 VALUE   DATE(S)  VALUE   FROM    VALUE  DATE(S)
                                          NORMAL
................................................................
TEMPERATURE (F)
RECORD
 HIGH             100   MM
 LOW               43   05/10/2010
HIGHEST            88   05/25                         91  05/19
                        05/09
LOWEST             46   05/16                         44  05/02
AVG. MAXIMUM     78.7              80.3    -1.6     82.1
AVG. MINIMUM     59.6              58.7     0.9     59.4
MEAN             69.1              69.5    -0.4     70.7
DAYS MAX >= 90      0               2.0    -2.0        3
DAYS MAX <= 32      0               0.0     0.0        0
DAYS MIN <= 32      0               0.0     0.0        0
DAYS MIN <= 0       0               0.0     0.0        0

PRECIPITATION (INCHES)
RECORD
 MAXIMUM        10.10   2003
 MINIMUM         0.47   2011
TOTALS           6.68              4.15    2.53     2.83
DAILY AVG.       0.22              0.13    0.09     0.09
DAYS >= .01        14              10.4     3.6        7
DAYS >= .10        11               6.8     4.2        5
DAYS >= .50         5               2.8     2.2        2
DAYS >= 1.00        2               1.2     0.8        1
GREATEST
 24 HR. TOTAL    1.44   05/30 TO 05/31

DEGREE_DAYS
COOLING TOTAL     169               173      -4      203
 SINCE 1/1        270               243      27      298
.................................................................

WIND (MPH)
AVERAGE WIND SPEED              6.4
RESULTANT WIND SPEED/DIRECTION   1/222
HIGHEST WIND SPEED/DIRECTION    22/190    DATE  05/13
HIGHEST GUST SPEED/DIRECTION    30/290    DATE  05/03

SKY COVER
POSSIBLE SUNSHINE (PERCENT)   MM
AVERAGE SKY COVER           0.40
NUMBER OF DAYS FAIR           14
NUMBER OF DAYS PC             12
NUMBER OF DAYS CLOUDY          5

AVERAGE RH (PERCENT)     74

WEATHER CONDITIONS. NUMBER OF DAYS WITH
THUNDERSTORM              0     MIXED PRECIP               0
HEAVY RAIN                7     RAIN                       9
LIGHT RAIN               16     FREEZING RAIN              0
LT FREEZING RAIN          0     HAIL                       0
HEAVY SNOW                0     SNOW                       0
LIGHT SNOW                0     SLEET                      0
FOG                      21     FOG W/VIS <= 1/4 MILE      5
HAZE                      1

-  INDICATES NEGATIVE NUMBERS.
R  INDICATES RECORD WAS SET OR TIED.
MM INDICATES DATA IS MISSING.
T  INDICATES TRACE AMOUNT.

$$
