000
CXUS52 KMHX 030151
CLMEWN


CLIMATE REPORT
NATIONAL WEATHER SERVICE NEWPORT/MOREHEAD CITY NC
950 PM EDT TUE SEP 2 2014

...................................

...THE NEW BERN NC CLIMATE SUMMARY FOR THE MONTH OF AUGUST 2014...

CLIMATE NORMAL PERIOD 1981 TO 2010
CLIMATE RECORD PERIOD 1948 TO 2014

WEATHER         OBSERVED          NORMAL  DEPART  LAST YEAR`S
                 VALUE   DATE(S)  VALUE   FROM    VALUE  DATE(S)
                                          NORMAL
................................................................
TEMPERATURE (F)
RECORD
 HIGH             103   08/05/1954
 LOW               50   08/30/1965
HIGHEST            95   08/22                         95  08/12
                        08/18                             08/11
                                                          08/10
LOWEST             63   08/15                         62  08/26
AVG. MAXIMUM     87.6              87.9    -0.3     87.0
AVG. MINIMUM     70.8              70.4     0.4     70.6
MEAN             79.2              79.1     0.1     78.8
DAYS MAX >= 90     14              10.8     3.2       11
DAYS MAX <= 32      0               0.0     0.0        0
DAYS MIN <= 32      0               0.0     0.0        0
DAYS MIN <= 0       0               0.0     0.0        0

PRECIPITATION (INCHES)
RECORD
 MAXIMUM        24.23   1955
 MINIMUM         1.19   2005
TOTALS           9.13              6.65    2.48     5.85
DAILY AVG.       0.29              0.21    0.08     0.19
DAYS >= .01         9              12.7    -3.7       16
DAYS >= .10         7               8.8    -1.8        9
DAYS >= .50         4               4.3    -0.3        4
DAYS >= 1.00        4               2.2     1.8        3
GREATEST
 24 HR. TOTAL    3.62   08/18 TO 08/19

DEGREE_DAYS
COOLING TOTAL     446               439       7      435
 SINCE 1/1       1711              1529     182     1617
.................................................................

WIND (MPH)
AVERAGE WIND SPEED              4.7
RESULTANT WIND SPEED/DIRECTION   1/036
HIGHEST WIND SPEED/DIRECTION    26/030    DATE  08/18
HIGHEST GUST SPEED/DIRECTION    46/090    DATE  08/01

SKY COVER
POSSIBLE SUNSHINE (PERCENT)   MM
AVERAGE SKY COVER           0.30
NUMBER OF DAYS FAIR           19
NUMBER OF DAYS PC              8
NUMBER OF DAYS CLOUDY          4

AVERAGE RH (PERCENT)     72

WEATHER CONDITIONS. NUMBER OF DAYS WITH
THUNDERSTORM              3     MIXED PRECIP               0
HEAVY RAIN                6     RAIN                       8
LIGHT RAIN               15     FREEZING RAIN              0
LT FREEZING RAIN          0     HAIL                       0
HEAVY SNOW                0     SNOW                       0
LIGHT SNOW                0     SLEET                      0
FOG                      18     FOG W/VIS <= 1/4 MILE      5
HAZE                      6

-  INDICATES NEGATIVE NUMBERS.
R  INDICATES RECORD WAS SET OR TIED.
MM INDICATES DATA IS MISSING.
T  INDICATES TRACE AMOUNT.

$$
