000
CXUS52 KMHX 041441
CLMEWN


CLIMATE REPORT
NATIONAL WEATHER SERVICE NEWPORT/MOREHEAD CITY NC
1040 AM EDT TUE AUG 4 2015

...................................

...THE NEW BERN NC CLIMATE SUMMARY FOR THE MONTH OF JULY 2015...

CLIMATE NORMAL PERIOD 1981 TO 2010
CLIMATE RECORD PERIOD 1948 TO 2015

WEATHER         OBSERVED          NORMAL  DEPART  LAST YEAR`S
                 VALUE   DATE(S)  VALUE   FROM    VALUE  DATE(S)
                                          NORMAL
................................................................
TEMPERATURE (F)
RECORD
 HIGH             106   07/22/1952
 LOW               55   07/02/1975
HIGHEST            97   07/10                         95  07/09
                                                          07/08
LOWEST             62   07/26                         61  07/06
AVG. MAXIMUM     90.1              89.5     0.6     88.9
AVG. MINIMUM     72.6              71.6     1.0     71.6
MEAN             81.4              80.5     0.9     80.3
DAYS MAX >= 90     18              14.7     3.3       17
DAYS MAX <= 32      0               0.0     0.0        0
DAYS MIN <= 32      0               0.0     0.0        0
DAYS MIN <= 0       0               0.0     0.0        0

PRECIPITATION (INCHES)
RECORD
 MAXIMUM        16.04   1950
 MINIMUM         0.28   1953
TOTALS           7.85              6.17    1.68     6.51
DAILY AVG.       0.25              0.20    0.05     0.21
DAYS >= .01        10              13.3    -3.3       13
DAYS >= .10         7               9.8    -2.8        9
DAYS >= .50         3               4.6    -1.6        6
DAYS >= 1.00        2               2.0     0.0        1
GREATEST
 24 HR. TOTAL    4.76   07/23 TO 07/23

DEGREE_DAYS
COOLING TOTAL     515               482      33      483
 SINCE 1/1       1289              1090     199     1265
.................................................................

WIND (MPH)
AVERAGE WIND SPEED              6.0
RESULTANT WIND SPEED/DIRECTION   2/204
HIGHEST WIND SPEED/DIRECTION    29/170    DATE  07/11
HIGHEST GUST SPEED/DIRECTION    38/330    DATE  07/21

SKY COVER
POSSIBLE SUNSHINE (PERCENT)   MM
AVERAGE SKY COVER           0.20
NUMBER OF DAYS FAIR           25
NUMBER OF DAYS PC              6
NUMBER OF DAYS CLOUDY          0

AVERAGE RH (PERCENT)     73

WEATHER CONDITIONS. NUMBER OF DAYS WITH
THUNDERSTORM              0     MIXED PRECIP               0
HEAVY RAIN                7     RAIN                       7
LIGHT RAIN               14     FREEZING RAIN              0
LT FREEZING RAIN          0     HAIL                       0
HEAVY SNOW                0     SNOW                       0
LIGHT SNOW                0     SLEET                      0
FOG                      19     FOG W/VIS <= 1/4 MILE      3
HAZE                      8

-  INDICATES NEGATIVE NUMBERS.
R  INDICATES RECORD WAS SET OR TIED.
MM INDICATES DATA IS MISSING.
T  INDICATES TRACE AMOUNT.

$$
