495
CXUS51 KOKX 011010
CF6EWR
PRELIMINARY LOCAL CLIMATOLOGICAL DATA (WS FORM: F-6)
STATION: NEWARK NJ
MONTH: DECEMBER
YEAR: 2020
LATITUDE: 40 42 N
LONGITUDE: 74 10 W
TEMPERATURE IN F: :PCPN: SNOW: WIND :SUNSHINE: SKY :PK WND
================================================================================
1 2 3 4 5 6A 6B 7 8 9 10 11 12 13 14 15 16 17 18
12Z AVG MX 2MIN
DY MAX MIN AVG DEP HDD CDD WTR SNW DPTH SPD SPD DIR MIN PSBL S-S WX SPD DR
================================================================================
1 59 37 48 7 17 0 T 0.0 0 15.0 30 230 M M 7 38 240
2 44 34 39 -2 26 0 0.00 0.0 0 14.9 25 280 M M 6 34 250
3 50 30 40 -1 25 0 T 0.0 0 10.2 18 230 M M 5 23 250
4 52 38 45 5 20 0 0.12 0.0 0 8.0 17 220 M M 8 1 23 190
5 48 38 43 3 22 0 0.97 0.0 0 16.6 30 310 M M 8 1 37 300
6 42 32 37 -3 28 0 0.00 0.0 0 15.5 30 290 M M 4 37 320
7 42 26 34 -5 31 0 0.00 0.0 0 7.8 17 360 M M 4 22 360
8 39 30 35 -4 30 0 T T 0 11.6 22 330 M M 7 29 310
9 38 27 33 -5 32 0 0.06 0.5 0 10.0 21 230 M M 8 18 25 240
10 50 33 42 4 23 0 0.00 0.0 T 9.1 25 300 M M 2 18 30 310
11 58 32 45 7 20 0 0.00 0.0 0 5.0 14 200 M M 6 8 19 190
12 53 39 46 8 19 0 0.00 0.0 0 3.2 9 10 M M 8 18 10 30
13 62 42 52 15 13 0 0.00 0.0 0 7.9 23 260 M M 7 30 260
14 46 35 41 4 24 0 0.28 0.0 0 8.3 25 300 M M 8 1 33 310
15 41 28 35 -2 30 0 0.00 0.0 0 11.9 21 330 M M 5 25 300
16 32 24 28 -8 37 0 0.39 5.5 0 16.2 28 40 M M 9 149 35 50
17 33 24 29 -7 36 0 0.58 5.9 11 17.4 38 360 M M 7 49 47 360
18 33 20 27 -9 38 0 0.00 0.0 7 9.7 16 350 M M 6 22 330
19 32 16 24 -11 41 0 0.00 0.0 7 5.3 13 340 M M 6 16 360
20 38 28 33 -2 32 0 0.01 T 7 1.3 7 130 M M 10 1 11 150
21 47 36 42 7 23 0 0.00 0.0 5 5.2 16 230 M M 9 18 21 250
22 47 35 41 6 24 0 T 0.0 2 10.9 28 290 M M 8 18 35 280
23 44 35 40 6 25 0 0.00 0.0 T 6.9 21 280 M M 6 26 300
24 60 37 49 15 16 0 0.43 0.0 0 11.9 32 140 M M 9 1 46 130
25 62 28 45 11 20 0 0.66 0.0 0 18.4 35 160 M M 10 1 51 150
26 33 24 29 -5 36 0 0.00 0.0 0 16.4 25 260 M M 4 32 270
27 39 23 31 -2 34 0 0.00 0.0 0 6.0 12 240 M M 4 14 260
28 52 32 42 9 23 0 T 0.0 0 7.4 16 230 M M 6 20 230
29 41 29 35 2 30 0 0.00 0.0 0 12.0 26 320 M M 4 34 330
30 42 26 34 1 31 0 0.00 0.0 0 7.9 20 200 M M 8 26 220
31 48 32 40 7 25 0 0.60 0.0 0 9.5 21 220 M M 9 1 26 220
================================================================================
SM 1407 950 831 0 4.10 11.9 317.4 M 208
================================================================================
AV 45.4 30.6 10.2 FASTST M M 7 MAX(MPH)
MISC ----> 38 360 51 150
================================================================================
NOTES:
# LAST OF SEVERAL OCCURRENCES
COLUMN 17 PEAK WIND IN M.P.H.
PRELIMINARY LOCAL CLIMATOLOGICAL DATA (WS FORM: F-6) , PAGE 2
STATION: NEWARK NJ
MONTH: DECEMBER
YEAR: 2020
LATITUDE: 40 42 N
LONGITUDE: 74 10 W
[TEMPERATURE DATA] [PRECIPITATION DATA] SYMBOLS USED IN COLUMN 16
AVERAGE MONTHLY: 38.0 TOTAL FOR MONTH: 4.10 1 = FOG OR MIST
DPTR FM NORMAL: 1.5 DPTR FM NORMAL: 0.29 2 = FOG REDUCING VISIBILITY
HIGHEST: 62 ON 25,13 GRTST 24HR 1.09 ON 4- 5 TO 1/4 MILE OR LESS
LOWEST: 16 ON 19 3 = THUNDER
SNOW, ICE PELLETS, HAIL 4 = ICE PELLETS
TOTAL MONTH: 11.9 INCHES 5 = HAIL
GRTST 24HR 5.9 ON 17-17 6 = FREEZING RAIN OR DRIZZLE
GRTST DEPTH: 11 ON 17 7 = DUSTSTORM OR SANDSTORM:
VSBY 1/2 MILE OR LESS
8 = SMOKE OR HAZE
[NO. OF DAYS WITH] [WEATHER - DAYS WITH] 9 = BLOWING SNOW
X = TORNADO
MAX 32 OR BELOW: 2 0.01 INCH OR MORE: 10
MAX 90 OR ABOVE: 0 0.10 INCH OR MORE: 8
MIN 32 OR BELOW: 19 0.50 INCH OR MORE: 4
MIN 0 OR BELOW: 0 1.00 INCH OR MORE: 0
[HDD (BASE 65) ]
TOTAL THIS MO. 831 CLEAR (SCALE 0-3) 1
DPTR FM NORMAL -51 PTCLDY (SCALE 4-7) 22
TOTAL FM JUL 1 1483 CLOUDY (SCALE 8-10) 8
DPTR FM NORMAL -266
[CDD (BASE 65) ]
TOTAL THIS MO. 0
DPTR FM NORMAL 0 [PRESSURE DATA]
TOTAL FM JAN 1 1420 HIGHEST SLP M ON M
DPTR FM NORMAL 228 LOWEST SLP 29.40 ON 25
[REMARKS]
#FINAL-12-20#