000
CXUS51 KOKX 011810
CLAEWR

NYCCLMEWR 000
TTAA00 KOKX 011758


CLIMATE REPORT
NATIONAL WEATHER SERVICE NEW YORK NY
108 PM EST THU JAN 1 2015

...................................

...THE NEWARK NJ CLIMATE SUMMARY FOR THE YEAR OF 2014...

CLIMATE NORMAL PERIOD 1981 TO 2010
CLIMATE RECORD PERIOD 1929 TO 2014

WEATHER         OBSERVED          NORMAL  DEPART  LAST YEAR`S
                 VALUE   DATE(S)  VALUE   FROM    VALUE  DATE(S)
                                          NORMAL
................................................................
TEMPERATURE (F)
RECORD
 HIGH             108   07/22/2011
 LOW              -14   02/09/1934
HIGHEST            96   07/02        MM      MM      101  07/18
LOWEST              3   01/07        MM      MM       11  01/24
                                                          01/23
AVG. MAXIMUM     62.4              63.2    -0.8     63.5
AVG. MINIMUM     45.7              46.6    -0.9     47.0
MEAN             54.0              54.9    -0.9     55.3
DAYS MAX >= 90     15              20.9    -5.9       25
DAYS MAX <= 32     25              15.6     9.4       15
DAYS MIN <= 32     96              81.9    14.1       95
DAYS MIN <= 0       0               0.4    -0.4        0

PRECIPITATION (INCHES)
RECORD
 MAXIMUM        69.91   2011
 MINIMUM        26.09   1965
TOTALS          49.33             46.25    3.08    42.94
DAILY AVG.       0.14              0.13    0.01     0.12
DAYS >= .01       118             122.2    -4.2      113
DAYS >= .10        78              75.7     2.3       71
DAYS >= .50        32              32.0     0.0       35
DAYS >= 1.00       15              12.5     2.5       10
GREATEST
 24 HR. TOTAL    5.24   MM                       12/31 TO 12/31

 STORM TOTAL       MM                                 MM
 (MM/DD(HH))            MM

SNOWFALL (INCHES)
RECORDS
 TOTAL           65.8   1978
 24 HR TOTAL     18.8   MM
 SNOW DEPTH        24   12/27/2010
TOTALS           53.4              28.5    24.9     30.4
 LIQUID EQUIV    5.34              2.80    2.54     3.04
SINCE 7/1         1.7               5.8    -4.1      9.4
 LIQUID 7/1      0.17              0.60   -0.43     0.94
SNOWDEPTH AVG.      1                MM      MM        0
DAYS >= TRACE      38              14.5    23.5       39
DAYS >= 1.0        12               6.8     5.2        7
GREATEST
 SNOW DEPTH        18   02/14                          8  02/09
 24 HR TOTAL     10.0   MM                       12/31 TO 12/31

 STORM TOTAL       MM                                 MM
 (MM/DD(HH))            MM

DEGREE_DAYS
HEATING TOTAL    5031              4870     161     4764
 SINCE 7/1         MM              1750      MM       MM
COOLING TOTAL    1175              1190     -15     1337
 SINCE 1/1       1175              1192     -17     1337
..................................................

WIND (MPH)
AVERAGE WIND SPEED              9.2
RESULTANT WIND SPEED/DIRECTION   3/291
HIGHEST WIND SPEED/DIRECTION    38/270    DATE  01/06
HIGHEST GUST SPEED/DIRECTION    51/280    DATE  01/06

SKY COVER
POSSIBLE SUNSHINE (PERCENT)   MM
AVERAGE SKY COVER           0.70
NUMBER OF DAYS FAIR           42
NUMBER OF DAYS PC            174
NUMBER OF DAYS CLOUDY        149

AVERAGE RH (PERCENT)     62

WEATHER CONDITIONS. NUMBER OF DAYS WITH
THUNDERSTORM              0     MIXED PRECIP               3
HEAVY RAIN               35     RAIN                      64
LIGHT RAIN              147     FREEZING RAIN              1
LT FREEZING RAIN          7     HAIL                       1
HEAVY SNOW                5     SNOW                      18
LIGHT SNOW               32     SLEET                     12
FOG                     116     FOG W/VIS <= 1/4 MILE     17
HAZE                     36

-  INDICATES NEGATIVE NUMBERS.
R  INDICATES RECORD WAS SET OR TIED.
MM INDICATES DATA IS MISSING.
T  INDICATES TRACE AMOUNT.

$$
