000
CXUS51 KOKX 012210
CLAEWR

NYCCLMEWR 000
TTAA00 KOKX 012202


CLIMATE REPORT
NATIONAL WEATHER SERVICE NEW YORK NY
509 PM EST FRI JAN 1 2016

...................................

...THE NEWARK NJ CLIMATE SUMMARY FOR THE YEAR OF 2015...

CLIMATE NORMAL PERIOD 1981 TO 2010
CLIMATE RECORD PERIOD 1929 TO 2015

WEATHER         OBSERVED          NORMAL  DEPART  LAST YEAR`S
                 VALUE   DATE(S)  VALUE   FROM    VALUE  DATE(S)
                                          NORMAL
................................................................
TEMPERATURE (F)
RECORD
 HIGH             108   07/22/2011
 LOW              -14   02/09/1934
HIGHEST            98   09/08        MM      MM       96  07/02
                        07/19
LOWEST              1   02/20        MM      MM        3  01/07
AVG. MAXIMUM     64.8              63.2     1.6     62.4
AVG. MINIMUM     47.3              46.6     0.7     45.7
MEAN             56.1              54.9     1.2     54.0
DAYS MAX >= 90     35              20.9    14.1       15
DAYS MAX <= 32     28              15.6    12.4       25
DAYS MIN <= 32     80              81.9    -1.9       96
DAYS MIN <= 0       0               0.4    -0.4        0

PRECIPITATION (INCHES)
RECORD
 MAXIMUM        69.91   2011
 MINIMUM        26.09   1965
TOTALS          38.98             46.25   -7.27    49.33
DAILY AVG.       0.11              0.13   -0.02     0.14
DAYS >= .01       106             122.2   -16.2      118
DAYS >= .10        64              75.7   -11.7       78
DAYS >= .50        26              32.0    -6.0       32
DAYS >= 1.00       11              12.5    -1.5       15
GREATEST
 24 HR. TOTAL    5.01   MM                       12/31 TO 12/31
                                                          12/31 TO 12/31
                                                          12/31 TO 12/31
 STORM TOTAL       MM                                 MM
 (MM/DD(HH))            MM                    12/31(00) TO 12/31(00)
                                                 12/31(00) TO 12/31(00)1
                                                 12/31(00) TO 12/31(00)1

SNOWFALL (INCHES)
RECORDS
 TOTAL           65.8   1978
 24 HR TOTAL     18.8   MM
 SNOW DEPTH        30   01/08/1996
TOTALS           45.0              28.5    16.5     53.4
 LIQUID EQUIV    4.50              2.80    1.70     5.34
SINCE 7/1         0.3               5.8    -5.5      1.7
 LIQUID 7/1      0.03              0.60   -0.57     0.17
SNOWDEPTH AVG.      1                MM      MM        1
DAYS >= TRACE      40              14.5    25.5       38
DAYS >= 1.0        11               6.8     4.2       12
GREATEST
 SNOW DEPTH         8   03/07                         18  02/14
                        03/06
                        02/22
 24 HR TOTAL      6.7   MM                       12/31 TO 12/31
                                                          12/31 TO 12/31
                                                          12/31 TO 12/31
 STORM TOTAL       MM                                 MM
 (MM/DD(HH))            MM                    12/31(00) TO 12/31(00)
                                                 12/31(00) TO 12/31(00)1
                                                 12/31(00) TO 12/31(00)1

DEGREE_DAYS
HEATING TOTAL    4643              4870    -227     5031
 SINCE 7/1         MM              1750      MM       MM
COOLING TOTAL    1555              1190     365     1175
 SINCE 1/1       1555              1192     363     1175
..................................................

WIND (MPH)
AVERAGE WIND SPEED              9.0
RESULTANT WIND SPEED/DIRECTION   3/291
HIGHEST WIND SPEED/DIRECTION    40/240    DATE  07/01
HIGHEST GUST SPEED/DIRECTION    51/280    DATE  08/04

SKY COVER
POSSIBLE SUNSHINE (PERCENT)   MM
AVERAGE SKY COVER           0.60
NUMBER OF DAYS FAIR           58
NUMBER OF DAYS PC            170
NUMBER OF DAYS CLOUDY        137

AVERAGE RH (PERCENT)     61

WEATHER CONDITIONS. NUMBER OF DAYS WITH
THUNDERSTORM              0     MIXED PRECIP               0
HEAVY RAIN               26     RAIN                      44
LIGHT RAIN              119     FREEZING RAIN              3
LT FREEZING RAIN          8     HAIL                       2
HEAVY SNOW                2     SNOW                      15
LIGHT SNOW               35     SLEET                     11
FOG                     113     FOG W/VIS <= 1/4 MILE     17
HAZE                     29

-  INDICATES NEGATIVE NUMBERS.
R  INDICATES RECORD WAS SET OR TIED.
MM INDICATES DATA IS MISSING.
T  INDICATES TRACE AMOUNT.

$$
