000
CXUS51 KOKX 012225 CCA
CLAEWR

NYCCLMEWR 000
TTAA00 KOKX 012211


CLIMATE REPORT
NATIONAL WEATHER SERVICE NEW YORK NY
523 PM EST SUN JAN 1 2012

...................................

...THE NEWARK NJ CLIMATE SUMMARY FOR THE YEAR OF 2011...

CLIMATE NORMAL PERIOD 1981 TO 2010
CLIMATE RECORD PERIOD 1929 TO 2011

WEATHER         OBSERVED          NORMAL  DEPART  LAST YEAR`S
                 VALUE   DATE(S)  VALUE   FROM    VALUE  DATE(S)
                                          NORMAL
................................................................
TEMPERATURE (F)
RECORD
 HIGH             108   07/22/2011
 LOW              -14   02/09/1934
HIGHEST           108R  07/22        MM      MM      103  07/06
LOWEST              5   01/24        MM      MM       14  01/31
                                                          01/10
                                                          01/30
AVG. MAXIMUM     65.7              63.2     2.5     65.5
AVG. MINIMUM     48.9              46.6     2.3     48.5
MEAN             57.3              54.9     2.4     57.0
DAYS MAX >= 90     31              20.9    10.1       54
DAYS MAX <= 32     11              15.6    -4.6       14
DAYS MIN <= 32     77              81.9    -4.9       81
DAYS MIN <= 0       0               0.4    -0.4        0

PRECIPITATION (INCHES)
RECORD
 MAXIMUM        69.91   2011
 MINIMUM        26.09   1965
TOTALS          69.91R            46.25   23.66    43.48
DAILY AVG.       0.19              0.13    0.06     0.12
DAYS >= .01       127             122.2     4.8      106
DAYS >= .10        82              75.7     6.3       60
DAYS >= .50        41              32.0     9.0       29
DAYS >= 1.00       19              12.5     6.5       15
GREATEST
 24 HR. TOTAL    8.92   MM

 STORM TOTAL       MM                                 MM
 (MM/DD(HH))            MM

SNOWFALL (INCHES)
RECORDS
 TOTAL           65.8   1978
 24 HR TOTAL     18.8   MM
 SNOW DEPTH        24   12/27/2010
TOTALS           48.9              28.6    20.3     59.1
 LIQUID EQUIV    4.89              2.90    1.99     5.91
SINCE 7/1         5.2               5.8    -0.6     24.5
 LIQUID 7/1      0.52              0.60   -0.08     2.45
SNOWDEPTH AVG.      1                MM      MM        1
DAYS >= TRACE      32              14.5    17.5       31
DAYS >= 1.0        10               6.8     3.2        8
GREATEST
 SNOW DEPTH        22   01/27                         24  12/27
 24 HR TOTAL     11.0   MM

 STORM TOTAL       MM                                 MM
 (MM/DD(HH))            MM

DEGREE_DAYS
HEATING TOTAL    4275              4870    -595     4445
 SINCE 7/1         MM              1750      MM     1723
COOLING TOTAL    1585              1190     395     1671
 SINCE 1/1       1585              1192     393     1671
..................................................

WIND (MPH)
AVERAGE WIND SPEED              8.7
RESULTANT WIND SPEED/DIRECTION   3/278
HIGHEST WIND SPEED/DIRECTION    45/260    DATE  08/28
HIGHEST GUST SPEED/DIRECTION    61/260    DATE  08/28

SKY COVER
POSSIBLE SUNSHINE (PERCENT)   MM
AVERAGE SKY COVER           0.60
NUMBER OF DAYS FAIR           52
NUMBER OF DAYS PC            168
NUMBER OF DAYS CLOUDY        145

AVERAGE RH (PERCENT)     61

WEATHER CONDITIONS. NUMBER OF DAYS WITH
THUNDERSTORM              0     MIXED PRECIP               1
HEAVY RAIN               41     RAIN                      62
LIGHT RAIN              139     FREEZING RAIN              2
LT FREEZING RAIN          5     HAIL                       2
HEAVY SNOW                4     SNOW                      12
LIGHT SNOW               25     SLEET                      8
FOG                     137     FOG W/VIS <= 1/4 MILE     18
HAZE                     97

-  INDICATES NEGATIVE NUMBERS.
R  INDICATES RECORD WAS SET OR TIED.
MM INDICATES DATA IS MISSING.
T  INDICATES TRACE AMOUNT.

$$
