000
CXUS51 KOKX 032234
CLAEWR

CLIMATE REPORT
NATIONAL WEATHER SERVICE NEW YORK NY
535 PM EST MON JAN 3 2011

...................................

...THE NEWARK NJ CLIMATE SUMMARY FOR THE YEAR OF 2010...

CLIMATE NORMAL PERIOD 1971 TO 2000
CLIMATE RECORD PERIOD 1929 TO 2011

WEATHER         OBSERVED          NORMAL  DEPART  LAST YEAR`S
                 VALUE   DATE(S)  VALUE   FROM    VALUE  DATE(S)
                                          NORMAL
................................................................
TEMPERATURE (F)
RECORD
 HIGH             105   08/09/2001
                        07/10/1993
                        07/08/1993
 LOW              -14   02/09/1934
HIGHEST           103   07/06        MM      MM       95  08/17
                                                          08/10
LOWEST             14   01/31        MM      MM        5  01/17
                        01/10
                        01/30
AVG. MAXIMUM     65.5              63.4     2.1     62.5
AVG. MINIMUM     48.5              46.1     2.4     46.5
MEAN             57.0              54.7     2.3     54.5
DAYS MAX >= 90     54              25.0    29.0       14
DAYS MAX <= 32     14              18.6    -4.6       22
DAYS MIN <= 32     81              81.6    -0.6       87
DAYS MIN <= 0       0               0.8    -0.8        0

PRECIPITATION (INCHES)
RECORD
 MAXIMUM        65.50   1983
 MINIMUM        26.09   1965
TOTALS          43.47             46.25   -2.78    47.93
DAILY AVG.       0.12              0.13   -0.01     0.13
DAYS >= .01       106             121.6   -15.6      122
DAYS >= .10        60              77.2   -17.2       88
DAYS >= .50        29              31.6    -2.6       34
DAYS >= 1.00       15              11.8     3.2       11
GREATEST
 24 HR. TOTAL    3.99   03/13                       2.97  07/29
 STORM TOTAL       MM                                 MM
 (MM/DD(HH))

SNOWFALL (INCHES)
RECORDS
 TOTAL           65.8   1978
 24 HR TOTAL     25.9   12/26/1947
 SNOW DEPTH        31   01/11/1996
                        01/10/1996
                        01/09/1996
TOTALS           59.1              25.9    33.2     32.1
 LIQUID EQUIV    5.91                MM      MM     3.21
SINCE 7/1        24.5               3.5    21.0     13.3
 LIQUID 7/1      2.45                MM      MM     1.33
SNOWDEPTH AVG.      1                MM      MM        0
DAYS >= TRACE      31              14.4    16.6       26
DAYS >= 1.0         8               6.6     1.4       11
GREATEST
 SNOW DEPTH        24   12/27                          8  12/20
 24 HR TOTAL     17.7   12/26                        6.9  12/18
 STORM TOTAL       MM                                 MM
 (MM/DD(HH))

DEGREE_DAYS
HEATING TOTAL    4445              4871    -426     4755
 SINCE 7/1       1723              1733     -10     1655
COOLING TOTAL    1671              1220     451     1027
 SINCE 1/1       1671              1220     451     1027
.................................................................

WIND (MPH)
AVERAGE WIND SPEED              9.8
RESULTANT WIND SPEED/DIRECTION   4/299
HIGHEST WIND SPEED/DIRECTION    43/290    DATE  12/27
HIGHEST GUST SPEED/DIRECTION    55/280    DATE  05/08

SKY COVER
POSSIBLE SUNSHINE (PERCENT)   MM

NUMBER OF DAYS FAIR           64
NUMBER OF DAYS PC            180
NUMBER OF DAYS CLOUDY        121

AVERAGE RH (PERCENT)     57

WEATHER CONDITIONS. NUMBER OF DAYS WITH
THUNDERSTORM             29     MIXED PRECIP               1
HEAVY RAIN               35     RAIN                      50
LIGHT RAIN              128     FREEZING RAIN              0
LT FREEZING RAIN          1     HAIL                       1
HEAVY SNOW                4     SNOW                      10
LIGHT SNOW               28     SLEET                      4
FOG                      93     FOG W/VIS <= 1/4 MILE      8
HAZE                     92

-  INDICATES NEGATIVE NUMBERS.
R  INDICATES RECORD WAS SET OR TIED.
MM INDICATES DATA IS MISSING.
T  INDICATES TRACE AMOUNT.

$$
