000
CXUS51 KOKX 052038 CCA
CLAEWR

NYCCLMEWR 000
TTAA00 KOKX 022357


CLIMATE REPORT...CORRECTED
NATIONAL WEATHER SERVICE NEW YORK NY
338 PM EST TUE JAN 5 2010

...................................

...THE NEWARK NJ CLIMATE SUMMARY FOR THE YEAR OF 2009...

CLIMATE NORMAL PERIOD 1971 TO 2000
CLIMATE RECORD PERIOD 1929 TO 2010

WEATHER         OBSERVED          NORMAL  DEPART  LAST YEAR`S
                 VALUE   DATE(S)  VALUE   FROM    VALUE  DATE(S)
                                          NORMAL
................................................................
TEMPERATURE (F)
RECORD
 HIGH             105   08/09/2001
                        07/10/1993
                        07/08/1993
 LOW              -14   02/09/1934
HIGHEST            95   08/17        MM      MM       99  06/10
                        08/10                             06/09
LOWEST              5   01/17        MM      MM       10  02/11
AVG. MAXIMUM     62.5              63.4    -0.9     64.0
AVG. MINIMUM     46.5              46.1     0.4     46.9
MEAN             54.5              54.7    -0.2     55.4
DAYS MAX >= 90     14              25.0   -11.0       22
DAYS MAX <= 32     22              18.6     3.4        9
DAYS MIN <= 32     87              81.6     5.4       89
DAYS MIN <= 0       0               0.8    -0.8        0

PRECIPITATION (INCHES)
RECORD
 MAXIMUM        65.50   1983
 MINIMUM        26.09   1965
TOTALS          47.93             46.25    1.68    48.83
DAILY AVG.       0.13              0.13    0.00     0.13
DAYS >= .01       122             121.6     0.4      140
DAYS >= .10        88              77.2    10.8       80
DAYS >= .50        34              31.6     2.4       36
DAYS >= 1.00       11              11.8    -0.8       11
GREATEST
 24 HR. TOTAL    2.97   07/29 TO 07/29              3.75  09/05 TO 09/06
 STORM TOTAL       MM                                 MM
 (MM/DD(HH))

SNOWFALL (INCHES)
RECORDS
 TOTAL           65.8   1978
 24 HR TOTAL       MM   MM
 SNOW DEPTH        MM   MM
TOTALS           32.1              25.9     6.2     18.6
 LIQUID EQUIV    3.21                MM      MM     1.86
SINCE 7/1        13.3               3.5     9.8      8.3
 LIQUID 7/1      1.33                MM      MM     0.83
SNOWDEPTH AVG.      0                MM      MM        0
DAYS >= TRACE      26              14.4    11.6       29
DAYS >= 1.0        11               6.6     4.4        4
GREATEST
 SNOW DEPTH         8   12/20                          4  12/21
                                                          02/23
                                                          02/22
 24 HR TOTAL     11.2   12/19 TO 12/20               6.8  02/22 TO 02/22

 STORM TOTAL       MM   MM                            MM  MM
 (MM/DD(HH))


DEGREE_DAYS
HEATING TOTAL    4755              4871    -116     4646
 SINCE 7/1       1655              1733     -78     1749
COOLING TOTAL    1027              1220    -193     1255
 SINCE 1/1       1027              1220    -193     1255

FREEZE DATES
RECORD
 EARLIEST     MM
 LATEST       MM
EARLIEST                        MM
LATEST                          MM
.................................................................

WIND (MPH)
AVERAGE WIND SPEED              9.3
RESULTANT WIND SPEED/DIRECTION   3/306
HIGHEST WIND SPEED/DIRECTION    49/270    DATE  02/12
HIGHEST GUST SPEED/DIRECTION    60/270    DATE  02/12

SKY COVER
POSSIBLE SUNSHINE (PERCENT)   MM

NUMBER OF DAYS FAIR           58
NUMBER OF DAYS PC            158
NUMBER OF DAYS CLOUDY        149

AVERAGE RH (PERCENT)     58

WEATHER CONDITIONS. NUMBER OF DAYS WITH
THUNDERSTORM             31     MIXED PRECIP               0
HEAVY RAIN               42     RAIN                      71
LIGHT RAIN              147     FREEZING RAIN              3
LT FREEZING RAIN          6     HAIL                       3
HEAVY SNOW                3     SNOW                      11
LIGHT SNOW               22     SLEET                      3
FOG                     118     FOG W/VIS <= 1/4 MILE     13
HAZE                    122

-  INDICATES NEGATIVE NUMBERS.
R  INDICATES RECORD WAS SET OR TIED.
MM INDICATES DATA IS MISSING.
T  INDICATES TRACE AMOUNT.

$$
