460
CXUS51 KOKX 181251
CLAEWR

CLIMATE REPORT...CORRECTED
NATIONAL WEATHER SERVICE NEW YORK NY
242 PM EST SUN JAN 1 2017

...................................

...THE NEWARK NJ CLIMATE SUMMARY FOR THE YEAR OF 2016...

CLIMATE NORMAL PERIOD 1981 TO 2010
CLIMATE RECORD PERIOD 1929 TO 2016

WEATHER         OBSERVED          NORMAL  DEPART  LAST YEAR`S
                 VALUE   DATE(S)  VALUE   FROM    VALUE  DATE(S)
                                          NORMAL
................................................................
TEMPERATURE (F)
RECORD
 HIGH             108   07/22/2011
 LOW              -14   02/09/1934
HIGHEST            99   07/25        MM      MM       98  09/08
                                                          07/19
LOWEST              0   02/14        MM      MM        1  02/20
AVG. MAXIMUM     65.9              63.2     2.7     64.8
AVG. MINIMUM     48.3              46.6     1.7     47.3
MEAN             57.2              54.9     2.3     56.1
DAYS MAX >= 90     40              20.9    19.1       35
DAYS MAX <= 32     13              15.6    -2.6       28
DAYS MIN <= 32     74              81.9    -7.9       80
DAYS MIN <= 0       1               0.4     0.6        0

PRECIPITATION (INCHES)
RECORD
 MAXIMUM        69.91   2011
 MINIMUM        26.09   1965
TOTALS          38.41             46.25   -7.84    38.98
DAILY AVG.       0.10              0.13   -0.03     0.11
DAYS >= .01       119             122.2    -3.2      106
DAYS >= .10        72              75.7    -3.7       64
DAYS >= .50        24              32.0    -8.0       26
DAYS >= 1.00        9              12.5    -3.5       11
GREATEST
 24 HR. TOTAL    7.12   MM                       12/31 TO 12/31
                                                          12/31 TO 12/31
                                                          12/31 TO 12/31
 STORM TOTAL       MM                                 MM
 (MM/DD(HH))            MM                    12/31(00) TO 12/31(00)
                                                 12/31(00) TO 12/31(00)1
                                                 12/31(00) TO 12/31(00)1

SNOWFALL (INCHES)
RECORDS
 TOTAL           65.8   1978
 24 HR TOTAL     18.8   MM
 SNOW DEPTH        30   01/08/1996
TOTALS           39.4              28.5    10.9     45.0
 LIQUID EQUIV    3.94              2.80    1.14     4.50
SINCE 7/1         3.4               5.8    -2.4      0.3
 LIQUID 7/1      0.34              0.60   -0.26     0.03
SNOWDEPTH AVG.      0                MM      MM        1
DAYS >= TRACE      33              14.5    18.5       40
DAYS >= 1.0         5               6.8    -1.8       11
GREATEST
 SNOW DEPTH        20   01/24                          8  03/07
                                                          03/06
                                                          02/22
 24 HR TOTAL     27.5R  MM                       12/31 TO 12/31
                                                          12/31 TO 12/31
                                                          12/31 TO 12/31
 STORM TOTAL       MM                                 MM
 (MM/DD(HH))            MM                    12/31(00) TO 12/31(00)
                                                 12/31(00) TO 12/31(00)1
                                                 12/31(00) TO 12/31(00)1

DEGREE_DAYS
HEATING TOTAL    4327              4870    -543     4643
 SINCE 7/1         MM              1750      MM       MM
COOLING TOTAL    1565              1190     375     1555
 SINCE 1/1       1565              1192     373     1555
..................................................

WIND (MPH)
AVERAGE WIND SPEED              9.4
RESULTANT WIND SPEED/DIRECTION   3/288
HIGHEST WIND SPEED/DIRECTION    48/240    DATE  07/18
HIGHEST GUST SPEED/DIRECTION    66/240    DATE  07/18

SKY COVER
POSSIBLE SUNSHINE (PERCENT)   MM
AVERAGE SKY COVER           0.60
NUMBER OF DAYS FAIR           51
NUMBER OF DAYS PC            189
NUMBER OF DAYS CLOUDY        126

AVERAGE RH (PERCENT)     60

WEATHER CONDITIONS. NUMBER OF DAYS WITH
THUNDERSTORM              0     MIXED PRECIP               0
HEAVY RAIN               37     RAIN                      67
LIGHT RAIN              144     FREEZING RAIN              2
LT FREEZING RAIN          5     HAIL                       0
HEAVY SNOW                1     SNOW                      12
LIGHT SNOW               28     SLEET                      7
FOG                     108     FOG W/VIS <= 1/4 MILE      5
HAZE                     21

-  INDICATES NEGATIVE NUMBERS.
R  INDICATES RECORD WAS SET OR TIED.
MM INDICATES DATA IS MISSING.
T  INDICATES TRACE AMOUNT.

$$
