000
CDUS41 KOKX 101239
CLIEWR


CLIMATE REPORT
NATIONAL WEATHER SERVICE NEW YORK NY
839 AM EDT SUN APR 10 2016


...................................

...THE NEWARK NJ CLIMATE SUMMARY FOR APRIL 9 2016...

CLIMATE NORMAL PERIOD 1981 TO 2010
CLIMATE RECORD PERIOD 1929 TO 2016


WEATHER ITEM   OBSERVED TIME   RECORD YEAR NORMAL DEPARTURE LAST
                VALUE   (LST)  VALUE       VALUE  FROM      YEAR
                                                  NORMAL
..................................................................
TEMPERATURE (F)
 YESTERDAY
  MAXIMUM         44   1052 AM  85    2013  60    -16       43
  MINIMUM         32    551 AM  26    1977  42    -10       38
  AVERAGE         38                        51    -13       41

PRECIPITATION (IN)
  YESTERDAY        0.09          2.39 1980   0.15  -0.06     0.02
  MONTH TO DATE    0.81                      1.32  -0.51     0.20
  SINCE MAR 1      2.19                      5.50  -3.31     4.83
  SINCE JAN 1     10.24                     11.92  -1.68    11.31

SNOWFALL (IN)
  YESTERDAY       MM             1.0  1982   0.1   MM        0.0
  MONTH TO DATE    T                         0.5   -0.5      0.0
  SINCE OCT 1     36.4                      28.1    8.3     46.4
  SINCE JUL 1     36.4                      28.1    8.3     46.4
  SNOW DEPTH       0

DEGREE DAYS
 HEATING
  YESTERDAY       27                        15     12       24
  MONTH TO DATE  181                       145     36      138
  SINCE MAR 1    675                       854   -179      977
  SINCE JUL 1   3548                      4489   -941     4880

 COOLING
  YESTERDAY        0                         0      0        0
  MONTH TO DATE    6                         0      6        0
  SINCE MAR 1     11                         1     10        0
  SINCE JAN 1     11                         1     10        0
..................................................................


WIND (MPH)
  HIGHEST WIND SPEED    24   HIGHEST WIND DIRECTION    NW (320)
  HIGHEST GUST SPEED    29   HIGHEST GUST DIRECTION    NW (320)
  AVERAGE WIND SPEED    10.7


SKY COVER
  AVERAGE SKY COVER 0.8


WEATHER CONDITIONS
 THE FOLLOWING WEATHER WAS RECORDED YESTERDAY.
  LIGHT RAIN
  FOG


RELATIVE HUMIDITY (PERCENT)
 HIGHEST    92           200 PM
 LOWEST     43           900 AM
 AVERAGE    68

..........................................................


THE NEWARK NJ CLIMATE NORMALS FOR TODAY
                         NORMAL    RECORD    YEAR
 MAXIMUM TEMPERATURE (F)   60        82      1955
 MINIMUM TEMPERATURE (F)   42        28      1997


SUNRISE AND SUNSET
APRIL 10 2016.........SUNRISE   625 AM EDT   SUNSET   731 PM EDT
APRIL 11 2016.........SUNRISE   623 AM EDT   SUNSET   732 PM EDT


-  INDICATES NEGATIVE NUMBERS.
R  INDICATES RECORD WAS SET OR TIED.
MM INDICATES DATA IS MISSING.
T  INDICATES TRACE AMOUNT.




$$
