000
CDUS41 KOKX 080617
CLIEWR


CLIMATE REPORT
NATIONAL WEATHER SERVICE NEW YORK NY
117 AM EST MON DEC 8 2014


...................................

...THE NEWARK NJ CLIMATE SUMMARY FOR DECEMBER 7 2014...

CLIMATE NORMAL PERIOD 1981 TO 2010
CLIMATE RECORD PERIOD 1929 TO 2014


WEATHER ITEM   OBSERVED TIME   RECORD YEAR NORMAL DEPARTURE LAST
                VALUE   (LST)  VALUE       VALUE  FROM      YEAR
                                                  NORMAL
..................................................................
TEMPERATURE (F)
 YESTERDAY
  MAXIMUM         42    152 PM  76    1998  46     -4       42
  MINIMUM         28   1159 PM  16    1954  32     -4       31
  AVERAGE         35                        39     -4       37

PRECIPITATION (IN)
  YESTERDAY        0.03          1.90 2011   0.13  -0.10     0.15
  MONTH TO DATE    1.77                      0.92   0.85     0.96
  SINCE DEC 1      1.77                      0.92   0.85     0.96
  SINCE JAN 1     46.19                     43.36   2.83    39.28

SNOWFALL (IN)
  YESTERDAY        0.0           1.7  1959   0.1   -0.1      0.0
  MONTH TO DATE    T                         0.7   -0.7      0.0
  SINCE OCT 1      1.4                       1.1    0.3       T
  SINCE JUL 1      1.4                       1.1    0.3       T
  SNOW DEPTH       0

DEGREE DAYS
 HEATING
  YESTERDAY       30                        26      4       28
  MONTH TO DATE  165                       173     -8      138
  SINCE DEC 1    165                       173     -8      138
  SINCE JUL 1    997                      1041    -44     1008

 COOLING
  YESTERDAY        0                         0      0        0
  MONTH TO DATE    0                         0      0        0
  SINCE DEC 1      0                         0      0        0
  SINCE JAN 1   1175                      1192    -17     1337
..................................................................


WIND (MPH)
  HIGHEST WIND SPEED    32   HIGHEST WIND DIRECTION     N (360)
  HIGHEST GUST SPEED    39   HIGHEST GUST DIRECTION     N (360)
  AVERAGE WIND SPEED    21.0


SKY COVER
  AVERAGE SKY COVER 0.5


WEATHER CONDITIONS
 THE FOLLOWING WEATHER WAS RECORDED YESTERDAY.
  LIGHT RAIN


RELATIVE HUMIDITY (PERCENT)
 HIGHEST    92          1200 AM
 LOWEST     29           500 PM
 AVERAGE    61

..........................................................


THE NEWARK NJ CLIMATE NORMALS FOR TODAY
                         NORMAL    RECORD    YEAR
 MAXIMUM TEMPERATURE (F)   46        66      1980
 MINIMUM TEMPERATURE (F)   32        14      1934


SUNRISE AND SUNSET
DECEMBER  8 2014......SUNRISE   708 AM EST   SUNSET   429 PM EST
DECEMBER  9 2014......SUNRISE   709 AM EST   SUNSET   429 PM EST


-  INDICATES NEGATIVE NUMBERS.
R  INDICATES RECORD WAS SET OR TIED.
MM INDICATES DATA IS MISSING.
T  INDICATES TRACE AMOUNT.




$$
