686
CDUS41 KOKX 170630
CLIEWR


CLIMATE REPORT
NATIONAL WEATHER SERVICE NEW YORK NY
230 AM EDT TUE MAY 17 2016


...................................

...THE NEWARK NJ CLIMATE SUMMARY FOR MAY 16 2016...

CLIMATE NORMAL PERIOD 1981 TO 2010
CLIMATE RECORD PERIOD 1929 TO 2016


WEATHER ITEM   OBSERVED TIME   RECORD YEAR NORMAL DEPARTURE LAST
                VALUE   (LST)  VALUE       VALUE  FROM      YEAR
                                                  NORMAL
..................................................................
TEMPERATURE (F)
 YESTERDAY
  MAXIMUM         69    442 PM  92    1951  72     -3       79
  MINIMUM         40R   453 AM  40    1937  53    -13       60
  AVERAGE         55                        63     -8       70

PRECIPITATION (IN)
  YESTERDAY        0.00          2.11 1989   0.13  -0.13     0.73
  MONTH TO DATE    2.07                      1.99   0.08     0.90
  SINCE MAR 1      4.57                     10.37  -5.80     7.20
  SINCE JAN 1     12.62                     16.79  -4.17    13.68

SNOWFALL (IN)
  YESTERDAY        0.0           0.0  2002   0.0    0.0      0.0
                                      2001
  MONTH TO DATE    0.0                       0.0    0.0      0.0
  SINCE OCT 1     36.4                      28.5    7.9     46.4
  SINCE JUL 1     36.4                      28.5    7.9     46.4
  SNOW DEPTH       0

DEGREE DAYS
 HEATING
  YESTERDAY       10                         4      6        0
  MONTH TO DATE  145                        93     52       31
  SINCE MAR 1   1001                      1178   -177     1194
  SINCE JUL 1   3874                      4813   -939     5097

 COOLING
  YESTERDAY        0                         2     -2        5
  MONTH TO DATE    2                        19    -17       55
  SINCE MAR 1     20                        31    -11       58
  SINCE JAN 1     20                        31    -11       58
..................................................................


WIND (MPH)
  HIGHEST WIND SPEED    30   HIGHEST WIND DIRECTION     W (260)
  HIGHEST GUST SPEED    41   HIGHEST GUST DIRECTION     W (270)
  AVERAGE WIND SPEED    15.5


SKY COVER
  AVERAGE SKY COVER 0.3


WEATHER CONDITIONS
 THE FOLLOWING WEATHER WAS RECORDED YESTERDAY.
  NO SIGNIFICANT WEATHER WAS OBSERVED.


RELATIVE HUMIDITY (PERCENT)
 HIGHEST    64           500 AM
 LOWEST     20           400 PM
 AVERAGE    42

..........................................................


THE NEWARK NJ CLIMATE NORMALS FOR TODAY
                         NORMAL    RECORD    YEAR
 MAXIMUM TEMPERATURE (F)   72        94      1974
 MINIMUM TEMPERATURE (F)   54        39      1956


SUNRISE AND SUNSET
MAY 17 2016...........SUNRISE   537 AM EDT   SUNSET   809 PM EDT
MAY 18 2016...........SUNRISE   537 AM EDT   SUNSET   810 PM EDT


-  INDICATES NEGATIVE NUMBERS.
R  INDICATES RECORD WAS SET OR TIED.
MM INDICATES DATA IS MISSING.
T  INDICATES TRACE AMOUNT.




$$
