000
CDUS41 KOKX 012138
CLIEWR


CLIMATE REPORT
NATIONAL WEATHER SERVICE NEW YORK NY
438 PM EST WED FEB 1 2017


...................................

...THE NEWARK NJ CLIMATE SUMMARY FOR FEBRUARY 1 2017...
VALID TODAY AS OF 0400 PM LOCAL TIME.

CLIMATE NORMAL PERIOD 1981 TO 2010
CLIMATE RECORD PERIOD 1929 TO 2017


WEATHER ITEM   OBSERVED TIME   RECORD YEAR NORMAL DEPARTURE LAST
                VALUE   (LST)  VALUE       VALUE  FROM      YEAR
                                                  NORMAL
..................................................................
TEMPERATURE (F)
 TODAY
  MAXIMUM         49    212 PM  68    1989  40      9       58
  MINIMUM         29    209 AM   1    1935  25      4       36
  AVERAGE         39                        32      7       47

PRECIPITATION (IN)
  TODAY            0.00          1.81 2008   0.10  -0.10     0.02
  MONTH TO DATE    0.00                      0.10  -0.10     0.02
  SINCE DEC 1      7.56                      7.45   0.11     8.43
  SINCE JAN 1      4.65                      3.64   1.01     4.03

SNOWFALL (IN)
  TODAY            0.0           7.5  1957   0.3   -0.3      0.0
  MONTH TO DATE    0.0                       0.3   -0.3      0.0
  SINCE OCT 1     12.7                      14.0   -1.3     26.0
  SINCE JUL 1     12.7                      14.0   -1.3     26.0
  SNOW DEPTH       0

DEGREE DAYS
 HEATING
  TODAY           26                        33     -7       18
  MONTH TO DATE   26                        33     -7       18
  SINCE DEC 1   1699                      1949   -250     1459
  SINCE JUL 1   2382                      2817   -435     2091

 COOLING
  TODAY            0                         0      0        0
  MONTH TO DATE    0                         0      0        0
  SINCE DEC 1      0                         0      0        0
  SINCE JAN 1      0                         0      0        0
..................................................................


WIND (MPH)
  HIGHEST WIND SPEED    26   HIGHEST WIND DIRECTION     W (270)
  HIGHEST GUST SPEED    33   HIGHEST GUST DIRECTION     W (270)
  AVERAGE WIND SPEED    11.5


SKY COVER
  AVERAGE SKY COVER 0.8


WEATHER CONDITIONS
 THE FOLLOWING WEATHER WAS RECORDED TODAY.
  FOG


RELATIVE HUMIDITY (PERCENT)
 HIGHEST    92           300 AM
 LOWEST     39          1200 PM
 AVERAGE    66

..........................................................


THE NEWARK NJ CLIMATE NORMALS FOR TOMORROW
                         NORMAL    RECORD    YEAR
 MAXIMUM TEMPERATURE (F)   40        62      1973
 MINIMUM TEMPERATURE (F)   25        -2      1961


SUNRISE AND SUNSET
FEBRUARY  1 2017......SUNRISE   706 AM EST   SUNSET   515 PM EST
FEBRUARY  2 2017......SUNRISE   705 AM EST   SUNSET   516 PM EST


-  INDICATES NEGATIVE NUMBERS.
R  INDICATES RECORD WAS SET OR TIED.
MM INDICATES DATA IS MISSING.
T  INDICATES TRACE AMOUNT.




$$
